INSERT INTO `reseller_payment_transaction_details` (`id`, `reseller_payment_transaction_id`, `order_id`, `created_at`, `updated_at`) VALUES
(35021, 3691, 43273, '2024-11-03 15:56:17', '2024-11-03 15:56:17'),
(35022, 3691, 43274, '2024-11-03 15:56:17', '2024-11-03 15:56:17'),
(35023, 3691, 43276, '2024-11-03 15:56:17', '2024-11-03 15:56:17'),
(35024, 3691, 43278, '2024-11-03 15:56:17', '2024-11-03 15:56:17'),
(35025, 3691, 43356, '2024-11-03 15:56:17', '2024-11-03 15:56:17'),
(35026, 3691, 43357, '2024-11-03 15:56:17', '2024-11-03 15:56:17'),
(35027, 3691, 43358, '2024-11-03 15:56:17', '2024-11-03 15:56:17'),
(35028, 3691, 43359, '2024-11-03 15:56:17', '2024-11-03 15:56:17'),
(35029, 3691, 43360, '2024-11-03 15:56:17', '2024-11-03 15:56:17'),
(35030, 3691, 43362, '2024-11-03 15:56:17', '2024-11-03 15:56:17'),
(35031, 3691, 43363, '2024-11-03 15:56:17', '2024-11-03 15:56:17'),
(35032, 3691, 43364, '2024-11-03 15:56:17', '2024-11-03 15:56:17'),
(35033, 3691, 43389, '2024-11-03 15:56:17', '2024-11-03 15:56:17'),
(35034, 3691, 43390, '2024-11-03 15:56:17', '2024-11-03 15:56:17'),
(35035, 3691, 43392, '2024-11-03 15:56:17', '2024-11-03 15:56:17'),
(35036, 3691, 43393, '2024-11-03 15:56:17', '2024-11-03 15:56:17'),
(35037, 3691, 43406, '2024-11-03 15:56:17', '2024-11-03 15:56:17'),
(35038, 3691, 43407, '2024-11-03 15:56:17', '2024-11-03 15:56:17'),
(35039, 3691, 43408, '2024-11-03 15:56:17', '2024-11-03 15:56:17'),
(35040, 3691, 43472, '2024-11-03 15:56:17', '2024-11-03 15:56:17'),
(35041, 3691, 43474, '2024-11-03 15:56:17', '2024-11-03 15:56:17'),
(35042, 3691, 43475, '2024-11-03 15:56:17', '2024-11-03 15:56:17'),
(35043, 3691, 43476, '2024-11-03 15:56:17', '2024-11-03 15:56:17'),
(35044, 3691, 43477, '2024-11-03 15:56:17', '2024-11-03 15:56:17'),
(35045, 3691, 43478, '2024-11-03 15:56:17', '2024-11-03 15:56:17'),
(35046, 3691, 43479, '2024-11-03 15:56:17', '2024-11-03 15:56:17'),
(35047, 3691, 43480, '2024-11-03 15:56:17', '2024-11-03 15:56:17'),
(35048, 3691, 43481, '2024-11-03 15:56:17', '2024-11-03 15:56:17'),
(35049, 3691, 43482, '2024-11-03 15:56:17', '2024-11-03 15:56:17'),
(35050, 3691, 43483, '2024-11-03 15:56:17', '2024-11-03 15:56:17'),
(35051, 3691, 43484, '2024-11-03 15:56:17', '2024-11-03 15:56:17'),
(35052, 3691, 43485, '2024-11-03 15:56:17', '2024-11-03 15:56:17'),
(35053, 3691, 43486, '2024-11-03 15:56:17', '2024-11-03 15:56:17'),
(35054, 3691, 43487, '2024-11-03 15:56:17', '2024-11-03 15:56:17'),
(35055, 3691, 43489, '2024-11-03 15:56:17', '2024-11-03 15:56:17'),
(35056, 3691, 43531, '2024-11-03 15:56:17', '2024-11-03 15:56:17'),
(35057, 3691, 43638, '2024-11-03 15:56:17', '2024-11-03 15:56:17'),
(35058, 3691, 43639, '2024-11-03 15:56:17', '2024-11-03 15:56:17'),
(35059, 3691, 43640, '2024-11-03 15:56:17', '2024-11-03 15:56:17'),
(35060, 3691, 43641, '2024-11-03 15:56:17', '2024-11-03 15:56:17'),
(35061, 3691, 43642, '2024-11-03 15:56:17', '2024-11-03 15:56:17'),
(35062, 3691, 43643, '2024-11-03 15:56:17', '2024-11-03 15:56:17'),
(35063, 3691, 43644, '2024-11-03 15:56:17', '2024-11-03 15:56:17'),
(35064, 3691, 43645, '2024-11-03 15:56:17', '2024-11-03 15:56:17'),
(35065, 3691, 43646, '2024-11-03 15:56:17', '2024-11-03 15:56:17'),
(35066, 3691, 43647, '2024-11-03 15:56:17', '2024-11-03 15:56:17'),
(35067, 3691, 43648, '2024-11-03 15:56:17', '2024-11-03 15:56:17'),
(35068, 3691, 43651, '2024-11-03 15:56:17', '2024-11-03 15:56:17'),
(35069, 3691, 43653, '2024-11-03 15:56:17', '2024-11-03 15:56:17'),
(35070, 3691, 43654, '2024-11-03 15:56:17', '2024-11-03 15:56:17'),
(35071, 3691, 43656, '2024-11-03 15:56:17', '2024-11-03 15:56:17'),
(35072, 3691, 43658, '2024-11-03 15:56:17', '2024-11-03 15:56:17'),
(35073, 3691, 43659, '2024-11-03 15:56:17', '2024-11-03 15:56:17'),
(35074, 3691, 43660, '2024-11-03 15:56:17', '2024-11-03 15:56:17'),
(35075, 3691, 43661, '2024-11-03 15:56:17', '2024-11-03 15:56:17'),
(35076, 3691, 43663, '2024-11-03 15:56:17', '2024-11-03 15:56:17'),
(35077, 3691, 43664, '2024-11-03 15:56:17', '2024-11-03 15:56:17'),
(35078, 3691, 43665, '2024-11-03 15:56:17', '2024-11-03 15:56:17'),
(35079, 3691, 43666, '2024-11-03 15:56:17', '2024-11-03 15:56:17'),
(35080, 3691, 43667, '2024-11-03 15:56:17', '2024-11-03 15:56:17'),
(35081, 3691, 43668, '2024-11-03 15:56:17', '2024-11-03 15:56:17'),
(35082, 3691, 43669, '2024-11-03 15:56:17', '2024-11-03 15:56:17'),
(35083, 3691, 43670, '2024-11-03 15:56:17', '2024-11-03 15:56:17'),
(35084, 3691, 43671, '2024-11-03 15:56:17', '2024-11-03 15:56:17'),
(35085, 3691, 43673, '2024-11-03 15:56:17', '2024-11-03 15:56:17'),
(35086, 3691, 43674, '2024-11-03 15:56:17', '2024-11-03 15:56:17'),
(35087, 3691, 43675, '2024-11-03 15:56:17', '2024-11-03 15:56:17'),
(35088, 3691, 43676, '2024-11-03 15:56:17', '2024-11-03 15:56:17'),
(35089, 3691, 43677, '2024-11-03 15:56:17', '2024-11-03 15:56:17'),
(35090, 3691, 43680, '2024-11-03 15:56:17', '2024-11-03 15:56:17'),
(35091, 3691, 43800, '2024-11-03 15:56:17', '2024-11-03 15:56:17'),
(35092, 3691, 43801, '2024-11-03 15:56:17', '2024-11-03 15:56:17'),
(35093, 3691, 43802, '2024-11-03 15:56:17', '2024-11-03 15:56:17'),
(35094, 3691, 43803, '2024-11-03 15:56:17', '2024-11-03 15:56:17'),
(35095, 3691, 43804, '2024-11-03 15:56:17', '2024-11-03 15:56:17'),
(35096, 3691, 43805, '2024-11-03 15:56:17', '2024-11-03 15:56:17'),
(35097, 3691, 43806, '2024-11-03 15:56:17', '2024-11-03 15:56:17'),
(35098, 3691, 43807, '2024-11-03 15:56:17', '2024-11-03 15:56:17'),
(35099, 3691, 43808, '2024-11-03 15:56:17', '2024-11-03 15:56:17'),
(35100, 3691, 43810, '2024-11-03 15:56:17', '2024-11-03 15:56:17'),
(35101, 3691, 43811, '2024-11-03 15:56:17', '2024-11-03 15:56:17'),
(35102, 3691, 43813, '2024-11-03 15:56:17', '2024-11-03 15:56:17'),
(35103, 3691, 43823, '2024-11-03 15:56:17', '2024-11-03 15:56:17'),
(35104, 3691, 43833, '2024-11-03 15:56:17', '2024-11-03 15:56:17'),
(35105, 3691, 43834, '2024-11-03 15:56:17', '2024-11-03 15:56:17'),
(35106, 3691, 43835, '2024-11-03 15:56:17', '2024-11-03 15:56:17'),
(35107, 3691, 43836, '2024-11-03 15:56:17', '2024-11-03 15:56:17'),
(35108, 3691, 43838, '2024-11-03 15:56:17', '2024-11-03 15:56:17'),
(35109, 3691, 43840, '2024-11-03 15:56:17', '2024-11-03 15:56:17'),
(35110, 3691, 43841, '2024-11-03 15:56:17', '2024-11-03 15:56:17'),
(35111, 3691, 43842, '2024-11-03 15:56:17', '2024-11-03 15:56:17'),
(35112, 3691, 43844, '2024-11-03 15:56:17', '2024-11-03 15:56:17'),
(35113, 3691, 43845, '2024-11-03 15:56:17', '2024-11-03 15:56:17'),
(35114, 3691, 43846, '2024-11-03 15:56:17', '2024-11-03 15:56:17'),
(35115, 3691, 43847, '2024-11-03 15:56:17', '2024-11-03 15:56:17'),
(35116, 3691, 43849, '2024-11-03 15:56:17', '2024-11-03 15:56:17'),
(35117, 3691, 43850, '2024-11-03 15:56:17', '2024-11-03 15:56:17'),
(35118, 3691, 43851, '2024-11-03 15:56:17', '2024-11-03 15:56:17'),
(35119, 3691, 43852, '2024-11-03 15:56:17', '2024-11-03 15:56:17'),
(35120, 3691, 43853, '2024-11-03 15:56:17', '2024-11-03 15:56:17'),
(35121, 3691, 43854, '2024-11-03 15:56:17', '2024-11-03 15:56:17'),
(35122, 3691, 43855, '2024-11-03 15:56:17', '2024-11-03 15:56:17'),
(35123, 3691, 43856, '2024-11-03 15:56:17', '2024-11-03 15:56:17'),
(35124, 3691, 43857, '2024-11-03 15:56:17', '2024-11-03 15:56:17'),
(35125, 3691, 43858, '2024-11-03 15:56:17', '2024-11-03 15:56:17'),
(35126, 3691, 43859, '2024-11-03 15:56:17', '2024-11-03 15:56:17'),
(35127, 3691, 44051, '2024-11-03 15:56:17', '2024-11-03 15:56:17'),
(35128, 3691, 44053, '2024-11-03 15:56:17', '2024-11-03 15:56:17'),
(35129, 3691, 44132, '2024-11-03 15:56:17', '2024-11-03 15:56:17'),
(35130, 3691, 44152, '2024-11-03 15:56:17', '2024-11-03 15:56:17'),
(35131, 3691, 44154, '2024-11-03 15:56:17', '2024-11-03 15:56:17'),
(35132, 3691, 44155, '2024-11-03 15:56:17', '2024-11-03 15:56:17'),
(35133, 3691, 44156, '2024-11-03 15:56:17', '2024-11-03 15:56:17'),
(35134, 3691, 44157, '2024-11-03 15:56:17', '2024-11-03 15:56:17'),
(35135, 3691, 44158, '2024-11-03 15:56:17', '2024-11-03 15:56:17'),
(35136, 3691, 44159, '2024-11-03 15:56:17', '2024-11-03 15:56:17'),
(35137, 3691, 44160, '2024-11-03 15:56:17', '2024-11-03 15:56:17'),
(35138, 3691, 44161, '2024-11-03 15:56:17', '2024-11-03 15:56:17'),
(35139, 3691, 44162, '2024-11-03 15:56:17', '2024-11-03 15:56:17'),
(35140, 3691, 44165, '2024-11-03 15:56:17', '2024-11-03 15:56:17'),
(35141, 3691, 44166, '2024-11-03 15:56:17', '2024-11-03 15:56:17'),
(35142, 3691, 44168, '2024-11-03 15:56:17', '2024-11-03 15:56:17'),
(35143, 3691, 44173, '2024-11-03 15:56:17', '2024-11-03 15:56:17'),
(35144, 3691, 44176, '2024-11-03 15:56:17', '2024-11-03 15:56:17'),
(35145, 3691, 44180, '2024-11-03 15:56:17', '2024-11-03 15:56:17'),
(35146, 3691, 44188, '2024-11-03 15:56:17', '2024-11-03 15:56:17'),
(35147, 3691, 44194, '2024-11-03 15:56:17', '2024-11-03 15:56:17'),
(35148, 3691, 44198, '2024-11-03 15:56:17', '2024-11-03 15:56:17'),
(35149, 3691, 44200, '2024-11-03 15:56:17', '2024-11-03 15:56:17'),
(35150, 3691, 44305, '2024-11-03 15:56:17', '2024-11-03 15:56:17'),
(35151, 3691, 44306, '2024-11-03 15:56:17', '2024-11-03 15:56:17'),
(35152, 3691, 44307, '2024-11-03 15:56:17', '2024-11-03 15:56:17'),
(35153, 3691, 44308, '2024-11-03 15:56:17', '2024-11-03 15:56:17'),
(35154, 3691, 44309, '2024-11-03 15:56:17', '2024-11-03 15:56:17'),
(35155, 3691, 44311, '2024-11-03 15:56:17', '2024-11-03 15:56:17'),
(35156, 3691, 44312, '2024-11-03 15:56:17', '2024-11-03 15:56:17'),
(35157, 3691, 44313, '2024-11-03 15:56:17', '2024-11-03 15:56:17'),
(35158, 3691, 44451, '2024-11-03 15:56:17', '2024-11-03 15:56:17'),
(35159, 3691, 44452, '2024-11-03 15:56:17', '2024-11-03 15:56:17'),
(35160, 3691, 44453, '2024-11-03 15:56:17', '2024-11-03 15:56:17'),
(35161, 3691, 44596, '2024-11-03 15:56:17', '2024-11-03 15:56:17'),
(35162, 3691, 44598, '2024-11-03 15:56:17', '2024-11-03 15:56:17'),
(35163, 3691, 44819, '2024-11-03 15:56:17', '2024-11-03 15:56:17'),
(35164, 3691, 44820, '2024-11-03 15:56:17', '2024-11-03 15:56:17'),
(35165, 3691, 44991, '2024-11-03 15:56:17', '2024-11-03 15:56:17'),
(35166, 3691, 44996, '2024-11-03 15:56:17', '2024-11-03 15:56:17'),
(35167, 3691, 44998, '2024-11-03 15:56:17', '2024-11-03 15:56:17'),
(35168, 3691, 45078, '2024-11-03 15:56:17', '2024-11-03 15:56:17'),
(35169, 3691, 45079, '2024-11-03 15:56:17', '2024-11-03 15:56:17'),
(35170, 3691, 45080, '2024-11-03 15:56:17', '2024-11-03 15:56:17'),
(35171, 3691, 45136, '2024-11-03 15:56:17', '2024-11-03 15:56:17'),
(35172, 3691, 45238, '2024-11-03 15:56:17', '2024-11-03 15:56:17'),
(35173, 3691, 45239, '2024-11-03 15:56:17', '2024-11-03 15:56:17'),
(35174, 3691, 45240, '2024-11-03 15:56:17', '2024-11-03 15:56:17'),
(35175, 3691, 45241, '2024-11-03 15:56:17', '2024-11-03 15:56:17'),
(35176, 3691, 45242, '2024-11-03 15:56:17', '2024-11-03 15:56:17'),
(35177, 3691, 45244, '2024-11-03 15:56:17', '2024-11-03 15:56:17'),
(35178, 3691, 45375, '2024-11-03 15:56:17', '2024-11-03 15:56:17'),
(35179, 3691, 45381, '2024-11-03 15:56:17', '2024-11-03 15:56:17'),
(35180, 3691, 45382, '2024-11-03 15:56:17', '2024-11-03 15:56:17'),
(35181, 3691, 45383, '2024-11-03 15:56:17', '2024-11-03 15:56:17'),
(35182, 3691, 45384, '2024-11-03 15:56:17', '2024-11-03 15:56:17'),
(35183, 3691, 45494, '2024-11-03 15:56:17', '2024-11-03 15:56:17'),
(35184, 3691, 45543, '2024-11-03 15:56:17', '2024-11-03 15:56:17'),
(35185, 3691, 45851, '2024-11-03 15:56:17', '2024-11-03 15:56:17'),
(35186, 3691, 45853, '2024-11-03 15:56:17', '2024-11-03 15:56:17'),
(35187, 3691, 46017, '2024-11-03 15:56:17', '2024-11-03 15:56:17'),
(35188, 3691, 46192, '2024-11-03 15:56:17', '2024-11-03 15:56:17'),
(35189, 3692, 45260, '2024-11-04 01:06:34', '2024-11-04 01:06:34'),
(35190, 3693, 44960, '2024-11-04 05:01:20', '2024-11-04 05:01:20'),
(35191, 3694, 42662, '2024-11-04 05:20:04', '2024-11-04 05:20:04'),
(35192, 3694, 43052, '2024-11-04 05:20:04', '2024-11-04 05:20:04'),
(35193, 3694, 43454, '2024-11-04 05:20:04', '2024-11-04 05:20:04'),
(35194, 3694, 45007, '2024-11-04 05:20:04', '2024-11-04 05:20:04'),
(35195, 3694, 46279, '2024-11-04 05:20:04', '2024-11-04 05:20:04'),
(35196, 3695, 39453, '2024-11-04 05:55:00', '2024-11-04 05:55:00'),
(35197, 3695, 39581, '2024-11-04 05:55:00', '2024-11-04 05:55:00'),
(35198, 3695, 39729, '2024-11-04 05:55:00', '2024-11-04 05:55:00'),
(35199, 3695, 39730, '2024-11-04 05:55:00', '2024-11-04 05:55:00'),
(35200, 3695, 39937, '2024-11-04 05:55:00', '2024-11-04 05:55:00'),
(35201, 3695, 40042, '2024-11-04 05:55:00', '2024-11-04 05:55:00'),
(35202, 3695, 40043, '2024-11-04 05:55:00', '2024-11-04 05:55:00'),
(35203, 3695, 40045, '2024-11-04 05:55:00', '2024-11-04 05:55:00'),
(35204, 3695, 40046, '2024-11-04 05:55:00', '2024-11-04 05:55:00'),
(35205, 3695, 40059, '2024-11-04 05:55:00', '2024-11-04 05:55:00'),
(35206, 3695, 40072, '2024-11-04 05:55:00', '2024-11-04 05:55:00'),
(35207, 3695, 40211, '2024-11-04 05:55:00', '2024-11-04 05:55:00'),
(35208, 3695, 40369, '2024-11-04 05:55:00', '2024-11-04 05:55:00'),
(35209, 3695, 40373, '2024-11-04 05:55:00', '2024-11-04 05:55:00'),
(35210, 3695, 40435, '2024-11-04 05:55:00', '2024-11-04 05:55:00'),
(35211, 3695, 40436, '2024-11-04 05:55:00', '2024-11-04 05:55:00'),
(35212, 3695, 40437, '2024-11-04 05:55:00', '2024-11-04 05:55:00'),
(35213, 3695, 40438, '2024-11-04 05:55:00', '2024-11-04 05:55:00'),
(35214, 3695, 40439, '2024-11-04 05:55:00', '2024-11-04 05:55:00'),
(35215, 3695, 40440, '2024-11-04 05:55:00', '2024-11-04 05:55:00'),
(35216, 3695, 40590, '2024-11-04 05:55:00', '2024-11-04 05:55:00'),
(35217, 3695, 40593, '2024-11-04 05:55:00', '2024-11-04 05:55:00'),
(35218, 3695, 40594, '2024-11-04 05:55:00', '2024-11-04 05:55:00'),
(35219, 3695, 40602, '2024-11-04 05:55:00', '2024-11-04 05:55:00'),
(35220, 3695, 40613, '2024-11-04 05:55:00', '2024-11-04 05:55:00'),
(35221, 3695, 40615, '2024-11-04 05:55:00', '2024-11-04 05:55:00'),
(35222, 3695, 40630, '2024-11-04 05:55:00', '2024-11-04 05:55:00'),
(35223, 3695, 40737, '2024-11-04 05:55:00', '2024-11-04 05:55:00'),
(35224, 3695, 40810, '2024-11-04 05:55:00', '2024-11-04 05:55:00'),
(35225, 3695, 41023, '2024-11-04 05:55:00', '2024-11-04 05:55:00'),
(35226, 3695, 41024, '2024-11-04 05:55:00', '2024-11-04 05:55:00'),
(35227, 3695, 41028, '2024-11-04 05:55:00', '2024-11-04 05:55:00'),
(35228, 3695, 41029, '2024-11-04 05:55:00', '2024-11-04 05:55:00'),
(35229, 3695, 41030, '2024-11-04 05:55:00', '2024-11-04 05:55:00'),
(35230, 3695, 41031, '2024-11-04 05:55:00', '2024-11-04 05:55:00'),
(35231, 3695, 41346, '2024-11-04 05:55:00', '2024-11-04 05:55:00'),
(35232, 3695, 41347, '2024-11-04 05:55:00', '2024-11-04 05:55:00'),
(35233, 3695, 41427, '2024-11-04 05:55:00', '2024-11-04 05:55:00'),
(35234, 3695, 41707, '2024-11-04 05:55:00', '2024-11-04 05:55:00'),
(35235, 3695, 41711, '2024-11-04 05:55:00', '2024-11-04 05:55:00'),
(35236, 3695, 41712, '2024-11-04 05:55:00', '2024-11-04 05:55:00'),
(35237, 3695, 41714, '2024-11-04 05:55:00', '2024-11-04 05:55:00'),
(35238, 3695, 41715, '2024-11-04 05:55:00', '2024-11-04 05:55:00'),
(35239, 3695, 41717, '2024-11-04 05:55:00', '2024-11-04 05:55:00'),
(35240, 3695, 41751, '2024-11-04 05:55:00', '2024-11-04 05:55:00'),
(35241, 3695, 41808, '2024-11-04 05:55:00', '2024-11-04 05:55:00'),
(35242, 3695, 41809, '2024-11-04 05:55:00', '2024-11-04 05:55:00'),
(35243, 3695, 41813, '2024-11-04 05:55:00', '2024-11-04 05:55:00'),
(35244, 3695, 41840, '2024-11-04 05:55:00', '2024-11-04 05:55:00'),
(35245, 3695, 41841, '2024-11-04 05:55:00', '2024-11-04 05:55:00'),
(35246, 3695, 41847, '2024-11-04 05:55:00', '2024-11-04 05:55:00'),
(35247, 3695, 42011, '2024-11-04 05:55:00', '2024-11-04 05:55:00'),
(35248, 3695, 42100, '2024-11-04 05:55:00', '2024-11-04 05:55:00'),
(35249, 3695, 42101, '2024-11-04 05:55:00', '2024-11-04 05:55:00'),
(35250, 3695, 42102, '2024-11-04 05:55:00', '2024-11-04 05:55:00'),
(35251, 3695, 42389, '2024-11-04 05:55:00', '2024-11-04 05:55:00'),
(35252, 3695, 42391, '2024-11-04 05:55:00', '2024-11-04 05:55:00'),
(35253, 3695, 42572, '2024-11-04 05:55:00', '2024-11-04 05:55:00'),
(35254, 3695, 42734, '2024-11-04 05:55:00', '2024-11-04 05:55:00'),
(35255, 3695, 42735, '2024-11-04 05:55:00', '2024-11-04 05:55:00'),
(35256, 3695, 42822, '2024-11-04 05:55:00', '2024-11-04 05:55:00'),
(35257, 3695, 42823, '2024-11-04 05:55:00', '2024-11-04 05:55:00'),
(35258, 3695, 42825, '2024-11-04 05:55:00', '2024-11-04 05:55:00'),
(35259, 3695, 42826, '2024-11-04 05:55:00', '2024-11-04 05:55:00'),
(35260, 3695, 42854, '2024-11-04 05:55:00', '2024-11-04 05:55:00'),
(35261, 3695, 42855, '2024-11-04 05:55:00', '2024-11-04 05:55:00'),
(35262, 3695, 43010, '2024-11-04 05:55:00', '2024-11-04 05:55:00'),
(35263, 3695, 43043, '2024-11-04 05:55:00', '2024-11-04 05:55:00'),
(35264, 3695, 43182, '2024-11-04 05:55:00', '2024-11-04 05:55:00'),
(35265, 3695, 43183, '2024-11-04 05:55:00', '2024-11-04 05:55:00'),
(35266, 3695, 43184, '2024-11-04 05:55:00', '2024-11-04 05:55:00'),
(35267, 3695, 43380, '2024-11-04 05:55:00', '2024-11-04 05:55:00'),
(35268, 3695, 43538, '2024-11-04 05:55:00', '2024-11-04 05:55:00'),
(35269, 3695, 43539, '2024-11-04 05:55:00', '2024-11-04 05:55:00'),
(35270, 3695, 43540, '2024-11-04 05:55:00', '2024-11-04 05:55:00'),
(35271, 3695, 43678, '2024-11-04 05:55:00', '2024-11-04 05:55:00'),
(35272, 3695, 43679, '2024-11-04 05:55:00', '2024-11-04 05:55:00'),
(35273, 3695, 43684, '2024-11-04 05:55:00', '2024-11-04 05:55:00'),
(35274, 3695, 43784, '2024-11-04 05:55:00', '2024-11-04 05:55:00'),
(35275, 3695, 43971, '2024-11-04 05:55:00', '2024-11-04 05:55:00'),
(35276, 3695, 43972, '2024-11-04 05:55:00', '2024-11-04 05:55:00'),
(35277, 3695, 44376, '2024-11-04 05:55:00', '2024-11-04 05:55:00'),
(35278, 3695, 44457, '2024-11-04 05:55:00', '2024-11-04 05:55:00'),
(35279, 3695, 44487, '2024-11-04 05:55:00', '2024-11-04 05:55:00'),
(35280, 3695, 44493, '2024-11-04 05:55:00', '2024-11-04 05:55:00'),
(35281, 3695, 44580, '2024-11-04 05:55:00', '2024-11-04 05:55:00'),
(35282, 3695, 44614, '2024-11-04 05:55:00', '2024-11-04 05:55:00'),
(35283, 3695, 44646, '2024-11-04 05:55:00', '2024-11-04 05:55:00'),
(35284, 3695, 44655, '2024-11-04 05:55:00', '2024-11-04 05:55:00'),
(35285, 3695, 44805, '2024-11-04 05:55:00', '2024-11-04 05:55:00'),
(35286, 3695, 44806, '2024-11-04 05:55:00', '2024-11-04 05:55:00'),
(35287, 3695, 44989, '2024-11-04 05:55:00', '2024-11-04 05:55:00'),
(35288, 3695, 45065, '2024-11-04 05:55:00', '2024-11-04 05:55:00'),
(35289, 3695, 45066, '2024-11-04 05:55:00', '2024-11-04 05:55:00'),
(35290, 3695, 45112, '2024-11-04 05:55:00', '2024-11-04 05:55:00'),
(35291, 3695, 45113, '2024-11-04 05:55:00', '2024-11-04 05:55:00'),
(35292, 3695, 45125, '2024-11-04 05:55:00', '2024-11-04 05:55:00'),
(35293, 3695, 45409, '2024-11-04 05:55:00', '2024-11-04 05:55:00'),
(35294, 3695, 45776, '2024-11-04 05:55:00', '2024-11-04 05:55:00'),
(35295, 2, 81, '2025-01-14 07:09:45', '2025-01-14 07:09:45'),
(35296, 2, 89, '2025-01-14 07:09:45', '2025-01-14 07:09:45'),
(35297, 2, 94, '2025-01-14 07:09:45', '2025-01-14 07:09:45'),
(35298, 2, 268, '2025-01-14 07:09:45', '2025-01-14 07:09:45'),
(35299, 2, 273, '2025-01-14 07:09:45', '2025-01-14 07:09:45'),
(35300, 3, 339, '2025-01-14 08:30:27', '2025-01-14 08:30:27');

-- --------------------------------------------------------

--
-- Table structure for table `reseller_product_prices`
--

CREATE TABLE `reseller_product_prices` (
  `id` int(11) NOT NULL,
  `reseller_id` int(11) NOT NULL,
  `product_id` int(11) NOT NULL,
  `landing_page_id` int(11) DEFAULT NULL,
  `price` int(11) DEFAULT NULL,
  `sale_price` int(11) DEFAULT NULL,
  `wholesale_price` int(11) DEFAULT 0,
  `is_auto_cart` int(11) NOT NULL DEFAULT 0,
  `status` int(11) NOT NULL DEFAULT 1 COMMENT '1 = active, 0 = de-active',
  `created_at` timestamp NULL DEFAULT NULL,
  `updated_at` datetime DEFAULT NULL
) ENGINE=InnoDB DEFAULT CHARSET=utf8mb4 COLLATE=utf8mb4_general_ci;

-- --------------------------------------------------------

--
-- Table structure for table `reseller_sliders`
--

CREATE TABLE `reseller_sliders` (
  `id` int(11) NOT NULL,
  `reseller_id` int(11) NOT NULL,
  `position` int(11) NOT NULL,
  `url` varchar(50) NOT NULL,
  `status` int(11) DEFAULT NULL,
  `image` varchar(255) DEFAULT NULL,
  `created_at` timestamp NULL DEFAULT NULL,
  `updated_at` timestamp NULL DEFAULT NULL
) ENGINE=InnoDB DEFAULT CHARSET=utf8mb4 COLLATE=utf8mb4_general_ci;

-- --------------------------------------------------------

--
-- Table structure for table `roles`
--

CREATE TABLE `roles` (
  `id` bigint(20) UNSIGNED NOT NULL,
  `name` varchar(191) NOT NULL,
  `guard_name` varchar(191) NOT NULL,
  `created_at` timestamp NULL DEFAULT NULL,
  `updated_at` timestamp NULL DEFAULT NULL
) ENGINE=InnoDB DEFAULT CHARSET=utf8mb4 COLLATE=utf8mb4_unicode_ci;

--
-- Dumping data for table `roles`
--

INSERT INTO `roles` (`id`, `name`, `guard_name`, `created_at`, `updated_at`) VALUES
(1, 'Super admin', 'admin', '2020-11-07 16:15:48', '2020-11-07 16:15:48'),
(2, 'Admin', 'admin', '2020-11-07 16:20:56', '2020-11-07 16:20:56'),
(3, 'Product Manager', 'admin', '2020-11-07 16:21:23', '2020-11-07 16:21:23'),
(4, 'Account Manager', 'admin', '2020-11-07 16:21:36', '2020-11-07 16:21:36');

-- --------------------------------------------------------

--
-- Table structure for table `role_has_permissions`
--

CREATE TABLE `role_has_permissions` (
  `permission_id` bigint(20) UNSIGNED NOT NULL,
  `role_id` bigint(20) UNSIGNED NOT NULL
) ENGINE=InnoDB DEFAULT CHARSET=utf8mb4 COLLATE=utf8mb4_unicode_ci;

--
-- Dumping data for table `role_has_permissions`
--

INSERT INTO `role_has_permissions` (`permission_id`, `role_id`) VALUES
(5, 1),
(5, 2),
(7, 1),
(7, 2),
(9, 1),
(9, 2),
(9, 4),
(11, 1),
(11, 2),
(11, 4),
(13, 1),
(13, 2),
(13, 3),
(15, 1),
(15, 2),
(16, 1),
(16, 2),
(16, 4),
(17, 1),
(17, 2),
(17, 4),
(18, 1),
(18, 2),
(19, 1),
(19, 2),
(20, 1),
(20, 2),
(20, 4),
(21, 1),
(21, 2),
(22, 1),
(22, 2),
(26, 1),
(26, 2),
(26, 4),
(27, 1),
(27, 2),
(27, 3),
(33, 1),
(33, 2),
(34, 1),
(34, 2),
(35, 1),
(35, 2),
(35, 3),
(36, 1),
(36, 2),
(43, 1),
(43, 2);

-- --------------------------------------------------------

--
-- Table structure for table `salary_per_months`
--

CREATE TABLE `salary_per_months` (
  `id` bigint(20) UNSIGNED NOT NULL,
  `date` date NOT NULL,
  `amount` double(8,2) NOT NULL,
  `employee_id` int(11) NOT NULL,
  `comment` text DEFAULT NULL,
  `month` text DEFAULT NULL,
  `created_at` timestamp NULL DEFAULT NULL,
  `updated_at` timestamp NULL DEFAULT NULL
) ENGINE=InnoDB DEFAULT CHARSET=utf8mb4 COLLATE=utf8mb4_unicode_ci;

-- --------------------------------------------------------

--
-- Table structure for table `sales`
--

CREATE TABLE `sales` (
  `id` bigint(20) UNSIGNED NOT NULL,
  `customer_id` int(11) DEFAULT NULL,
  `sale_type` int(11) NOT NULL,
  `company_id` int(11) DEFAULT NULL COMMENT 'form_company_table',
  `supplier_id` int(11) DEFAULT NULL,
  `balance_id` int(11) DEFAULT NULL,
  `paid_by` text DEFAULT NULL,
  `status` int(11) NOT NULL DEFAULT 1,
  `name` text DEFAULT NULL,
  `mobile_no` text DEFAULT NULL,
  `address` text DEFAULT NULL,
  `invoice_no` text DEFAULT NULL,
  `total` double(8,2) NOT NULL,
  `paid` double(8,2) NOT NULL,
  `discount` int(11) NOT NULL DEFAULT 0,
  `create_by` int(11) DEFAULT NULL,
  `created_at` timestamp NULL DEFAULT NULL,
  `updated_at` timestamp NULL DEFAULT NULL
) ENGINE=InnoDB DEFAULT CHARSET=utf8mb4 COLLATE=utf8mb4_unicode_ci;

-- --------------------------------------------------------

--
-- Table structure for table `sale_items`
--

CREATE TABLE `sale_items` (
  `id` bigint(20) UNSIGNED NOT NULL,
  `sale_id` int(11) NOT NULL COMMENT 'from_sales',
  `product_id` int(11) NOT NULL COMMENT 'from_produts',
  `variant_id` int(11) DEFAULT NULL,
  `price` int(11) NOT NULL,
  `qty` int(11) NOT NULL,
  `total` int(11) NOT NULL,
  `purchase_price` int(11) NOT NULL DEFAULT 0,
  `status` int(11) NOT NULL DEFAULT 1,
  `created_at` timestamp NULL DEFAULT NULL,
  `updated_at` timestamp NULL DEFAULT NULL
) ENGINE=InnoDB DEFAULT CHARSET=utf8mb4 COLLATE=utf8mb4_unicode_ci;

-- --------------------------------------------------------

--
-- Table structure for table `site_configurations`
--

CREATE TABLE `site_configurations` (
  `id` bigint(20) UNSIGNED NOT NULL,
  `show_city_sub_city` tinyint(4) DEFAULT NULL,
  `show_stock_out` tinyint(4) DEFAULT NULL,
  `card_row` varchar(50) DEFAULT NULL,
  `show_checkout_note` tinyint(4) DEFAULT NULL,
  `show_reseller_panel` int(11) NOT NULL DEFAULT 0,
  `show_reseller_shop` int(11) NOT NULL DEFAULT 0,
  `show_merchant_panel` tinyint(4) NOT NULL DEFAULT 0,
  `is_pre_stock` int(11) NOT NULL DEFAULT 0,
  `stock_manage` int(11) NOT NULL DEFAULT 0 COMMENT '0 = manual stock, 1 = stock by purchase',
  `variant_wise_stock` int(11) NOT NULL DEFAULT 0,
  `image_aspect_ratio` varchar(50) DEFAULT NULL,
  `carousel_card_row` int(11) DEFAULT NULL,
  `template_id` int(11) NOT NULL,
  `steadfast_base_url` varchar(255) DEFAULT NULL,
  `pathao_base_url` varchar(255) DEFAULT NULL,
  `redx_base_url` varchar(255) DEFAULT NULL,
  `domain` varchar(50) DEFAULT NULL,
  `show_fraud_checker` tinyint(4) NOT NULL DEFAULT 0,
  `bkash_active` tinyint(4) NOT NULL DEFAULT 0,
  `amarpay_active` tinyint(4) NOT NULL DEFAULT 0,
  `ssl_active` tinyint(4) NOT NULL DEFAULT 0,
  `customer_rec_in_table` tinyint(4) NOT NULL DEFAULT 0,
  `lang` int(11) NOT NULL COMMENT '1 = English, 2 = Bangla',
  `multivendor_active` int(11) NOT NULL DEFAULT 0,
  `active_develop_by` int(11) NOT NULL DEFAULT 0,
  `disable_order_product` tinyint(4) NOT NULL DEFAULT 0,
  `position_wise_product` tinyint(4) DEFAULT NULL,
  `incomplete_order_system` tinyint(4) NOT NULL DEFAULT 0,
  `active_assign_order_system` tinyint(4) NOT NULL DEFAULT 0,
  `sms_on` tinyint(4) NOT NULL DEFAULT 1,
  `affiliate_active` tinyint(4) NOT NULL DEFAULT 0,
  `browser_side_with` tinyint(4) NOT NULL DEFAULT 0 COMMENT '0 = google tag manager\r\n1= facebook pixel',
  `active_server_side` tinyint(4) NOT NULL DEFAULT 0,
  `fb_pixel_id` varchar(200) DEFAULT NULL,
  `fb_access_token` text DEFAULT NULL,
  `fb_api_version` varchar(50) DEFAULT NULL,
  `test_event_code` text DEFAULT NULL,
  `variant_stock_active` tinyint(4) DEFAULT 0,
  `coupon` int(11) NOT NULL DEFAULT 0,
  `created_at` timestamp NULL DEFAULT NULL,
  `updated_at` timestamp NULL DEFAULT NULL
) ENGINE=InnoDB DEFAULT CHARSET=utf8mb4 COLLATE=utf8mb4_unicode_ci;

--
-- Dumping data for table `site_configurations`
--

INSERT INTO `site_configurations` (`id`, `show_city_sub_city`, `show_stock_out`, `card_row`, `show_checkout_note`, `show_reseller_panel`, `show_reseller_shop`, `show_merchant_panel`, `is_pre_stock`, `stock_manage`, `variant_wise_stock`, `image_aspect_ratio`, `carousel_card_row`, `template_id`, `steadfast_base_url`, `pathao_base_url`, `redx_base_url`, `domain`, `show_fraud_checker`, `bkash_active`, `amarpay_active`, `ssl_active`, `customer_rec_in_table`, `lang`, `multivendor_active`, `active_develop_by`, `disable_order_product`, `position_wise_product`, `incomplete_order_system`, `active_assign_order_system`, `sms_on`, `affiliate_active`, `browser_side_with`, `active_server_side`, `fb_pixel_id`, `fb_access_token`, `fb_api_version`, `test_event_code`, `variant_stock_active`, `coupon`, `created_at`, `updated_at`) VALUES
(1, 0, 0, 'col-xxxl-5', 0, 0, 0, 0, 0, 0, 0, '3/4', 5, 1, 'https://portal.steadfast.com.bd/api/v1', 'https://portal.steadfast.com.bd/api/v1', 'https://portal.steadfast.com.bd/api/v1', NULL, 1, 1, 0, 0, 0, 1, 0, 1, 0, 0, 0, 0, 0, 0, 0, 0, NULL, NULL, 'v23.0', NULL, 0, 0, NULL, '2025-11-09 04:16:03');

-- --------------------------------------------------------

--
-- Table structure for table `skins`
--

CREATE TABLE `skins` (
  `id` int(11) NOT NULL,
  `name` varchar(100) NOT NULL,
  `slug` varchar(100) NOT NULL,
  `image` varchar(255) DEFAULT NULL,
  `status` tinyint(4) NOT NULL DEFAULT 1,
  `created_at` timestamp NULL DEFAULT NULL,
  `updated_at` timestamp NULL DEFAULT NULL
) ENGINE=InnoDB DEFAULT CHARSET=utf8mb4 COLLATE=utf8mb4_general_ci;

-- --------------------------------------------------------

--
-- Table structure for table `sliders`
--

CREATE TABLE `sliders` (
  `id` bigint(20) UNSIGNED NOT NULL,
  `image` text NOT NULL,
  `url` varchar(191) DEFAULT NULL,
  `title` text DEFAULT NULL,
  `slider_caption` varchar(191) DEFAULT NULL,
  `status` int(11) NOT NULL,
  `position` int(11) NOT NULL,
  `created_at` timestamp NULL DEFAULT NULL,
  `updated_at` timestamp NULL DEFAULT NULL
) ENGINE=InnoDB DEFAULT CHARSET=utf8mb4 COLLATE=utf8mb4_unicode_ci;

--
-- Dumping data for table `sliders`
--

INSERT INTO `sliders` (`id`, `image`, `url`, `title`, `slider_caption`, `status`, `position`, `created_at`, `updated_at`) VALUES
(1, 'images/slider/eAt0MXWPOTqWpcmNGa8uUOIxuIwgE2I52PlzR2D5.jpg', '#', NULL, NULL, 1, 2, '2025-11-09 03:39:34', '2025-11-09 03:39:34'),
(2, 'images/slider/WCpR49NhpiBhkvK2ayx0SvqQp9Uo0suZjOy5XJ9g.jpg', '#', NULL, NULL, 1, 1, '2025-11-09 03:39:40', '2025-11-28 23:04:44');

-- --------------------------------------------------------

--
-- Table structure for table `sms_campaign_records`
--

CREATE TABLE `sms_campaign_records` (
  `id` bigint(20) UNSIGNED NOT NULL,
  `subject` text NOT NULL,
  `total` bigint(20) NOT NULL,
  `created_at` timestamp NULL DEFAULT NULL,
  `updated_at` timestamp NULL DEFAULT NULL
) ENGINE=InnoDB DEFAULT CHARSET=utf8mb4 COLLATE=utf8mb4_unicode_ci;

-- --------------------------------------------------------

--
-- Table structure for table `sms_number_records`
--

CREATE TABLE `sms_number_records` (
  `id` bigint(20) UNSIGNED NOT NULL,
  `sms_campaign_id` int(11) NOT NULL,
  `customer_phone` text NOT NULL,
  `created_at` timestamp NULL DEFAULT NULL,
  `updated_at` timestamp NULL DEFAULT NULL
) ENGINE=InnoDB DEFAULT CHARSET=utf8mb4 COLLATE=utf8mb4_unicode_ci;

-- --------------------------------------------------------

--
-- Table structure for table `sms_services`
--

CREATE TABLE `sms_services` (
  `id` int(11) NOT NULL,
  `company_name` varchar(150) DEFAULT NULL,
  `script` longtext DEFAULT NULL,
  `status` int(11) NOT NULL DEFAULT 1,
  `created_at` timestamp NULL DEFAULT NULL,
  `updated_at` timestamp NULL DEFAULT NULL
) ENGINE=InnoDB DEFAULT CHARSET=utf8mb4 COLLATE=utf8mb4_unicode_ci;

-- --------------------------------------------------------

--
-- Table structure for table `sub_categories`
--

CREATE TABLE `sub_categories` (
  `id` bigint(20) UNSIGNED NOT NULL,
  `name` varchar(191) NOT NULL,
  `slug` text NOT NULL,
  `category_id` int(11) NOT NULL,
  `status` int(11) NOT NULL,
  `image` text DEFAULT NULL,
  `discount` int(11) DEFAULT 0,
  `discount_type` varchar(150) DEFAULT NULL,
  `show_homepage` int(11) NOT NULL DEFAULT 1,
  `position` int(11) NOT NULL DEFAULT 0,
  `merchant_commission` float NOT NULL DEFAULT 0,
  `meta_title` text DEFAULT NULL,
  `meta_description` text DEFAULT NULL,
  `meta_key` text DEFAULT NULL,
  `meta_content` text DEFAULT NULL,
  `created_at` timestamp NULL DEFAULT NULL,
  `updated_at` timestamp NULL DEFAULT NULL
) ENGINE=InnoDB DEFAULT CHARSET=utf8mb4 COLLATE=utf8mb4_unicode_ci;

-- --------------------------------------------------------

--
-- Table structure for table `sub_cities`
--

CREATE TABLE `sub_cities` (
  `id` bigint(20) UNSIGNED NOT NULL,
  `city_id` int(11) NOT NULL,
  `name` varchar(191) NOT NULL,
  `status` tinyint(4) NOT NULL DEFAULT 1,
  `pathao_zone_id` int(11) DEFAULT NULL,
  `created_at` timestamp NULL DEFAULT NULL,
  `updated_at` timestamp NULL DEFAULT NULL,
  `delivery_charge` int(11) NOT NULL DEFAULT 0
) ENGINE=InnoDB DEFAULT CHARSET=utf8mb4 COLLATE=utf8mb4_unicode_ci;

--
-- Dumping data for table `sub_cities`
--

INSERT INTO `sub_cities` (`id`, `city_id`, `name`, `status`, `pathao_zone_id`, `created_at`, `updated_at`, `delivery_charge`) VALUES
(1, 14, '60 feet', 1, 298, '2024-05-30 06:36:39', '2024-05-30 06:36:39', 0),
(2, 14, 'Abdullahpur Uttara', 1, 1070, '2024-05-30 06:36:39', '2024-05-30 06:36:39', 0),
(3, 14, 'Abul Hotel', 1, 1066, '2024-05-30 06:36:39', '2024-05-30 06:36:39', 0),
(4, 14, 'Adabor', 1, 52, '2024-05-30 06:36:39', '2024-05-30 06:36:39', 0),
(5, 14, 'Adarsha Nagar - Kutubpur', 1, 1094, '2024-05-30 06:36:39', '2024-05-30 06:36:39', 0),
(6, 14, 'Aftab Nagar', 1, 300, '2024-05-30 06:36:39', '2024-05-30 06:36:39', 0),
(7, 14, 'Agargaon', 1, 17, '2024-05-30 06:36:39', '2024-05-30 06:36:39', 0),
(8, 14, 'Agargaon-Taltola', 1, 1108, '2024-05-30 06:36:39', '2024-05-30 06:36:39', 0),
(9, 14, 'Amin Bazar', 1, 1465, '2024-05-30 06:36:39', '2024-05-30 06:36:39', 0),
(10, 14, 'Arambag', 1, 317, '2024-05-30 06:36:39', '2024-05-30 06:36:39', 0),
(11, 14, 'Ashkona', 1, 965, '2024-05-30 06:36:39', '2024-05-30 06:36:39', 0),
(12, 14, 'Ashulia Bazar', 1, 1538, '2024-05-30 06:36:39', '2024-05-30 06:36:39', 0),
(13, 14, 'Ati Bazar', 1, 1078, '2024-05-30 06:36:39', '2024-05-30 06:36:39', 0),
(14, 14, 'azampur (Uttara)', 1, 1041, '2024-05-30 06:36:39', '2024-05-30 06:36:39', 0),
(15, 14, 'Azimpur (Lalbag)', 1, 55, '2024-05-30 06:36:39', '2024-05-30 06:36:39', 0),
(16, 14, 'Badda', 1, 30, '2024-05-30 06:36:39', '2024-05-30 06:36:39', 0),
(17, 14, 'Baily Road', 1, 312, '2024-05-30 06:36:39', '2024-05-30 06:36:39', 0),
(18, 14, 'Baipail', 1, 1476, '2024-05-30 06:36:39', '2024-05-30 06:36:39', 0),
(19, 14, 'Bakshi Bazar', 1, 274, '2024-05-30 06:36:39', '2024-05-30 06:36:39', 0),
(20, 14, 'Bakurta', 1, 1466, '2024-05-30 06:36:39', '2024-05-30 06:36:39', 0),
(21, 14, 'Balughat', 1, 292, '2024-05-30 06:36:39', '2024-05-30 06:36:39', 0),
(22, 14, 'Banani', 1, 1, '2024-05-30 06:36:39', '2024-05-30 06:36:39', 0),
(23, 14, 'Banani DOHS', 1, 181, '2024-05-30 06:36:39', '2024-05-30 06:36:39', 0),
(24, 14, 'Banasree (Block A-G)', 1, 24, '2024-05-30 06:36:39', '2024-05-30 06:36:39', 0),
(25, 14, 'Banasree (Block H-J)', 1, 1058, '2024-05-30 06:36:39', '2024-05-30 06:36:39', 0),
(26, 14, 'Bangla bazar', 1, 40, '2024-05-30 06:36:39', '2024-05-30 06:36:39', 0),
(27, 14, 'Bangshal', 1, 250, '2024-05-30 06:36:39', '2024-05-30 06:36:39', 0),
(28, 14, 'Bank Colony, Savar', 1, 1531, '2024-05-30 06:36:39', '2024-05-30 06:36:39', 0),
(29, 14, 'Baridhara Diplomatic Zone', 1, 958, '2024-05-30 06:36:39', '2024-05-30 06:36:39', 0),
(30, 14, 'Baridhara DOHS', 1, 959, '2024-05-30 06:36:39', '2024-05-30 06:36:39', 0),
(31, 14, 'Baridhara J Block', 1, 960, '2024-05-30 06:36:39', '2024-05-30 06:36:39', 0),
(32, 14, 'Baroipara', 1, 1477, '2024-05-30 06:36:39', '2024-05-30 06:36:39', 0),
(33, 14, 'Bashabo', 1, 303, '2024-05-30 06:36:39', '2024-05-30 06:36:39', 0),
(34, 14, 'Bashundhara', 1, 6, '2024-05-30 06:36:39', '2024-05-30 06:36:39', 0),
(35, 14, 'Bawnia', 1, 176, '2024-05-30 06:36:39', '2024-05-30 06:36:39', 0),
(36, 14, 'Begunbari', 1, 1138, '2024-05-30 06:36:39', '2024-05-30 06:36:39', 0),
(37, 14, 'Benaroshi Polli', 1, 1132, '2024-05-30 06:36:39', '2024-05-30 06:36:39', 0),
(38, 14, 'Benaroshi polli Blok A', 1, 1169, '2024-05-30 06:36:39', '2024-05-30 06:36:39', 0),
(39, 14, 'Benaroshi polli Blok B,C', 1, 1170, '2024-05-30 06:36:39', '2024-05-30 06:36:39', 0),
(40, 14, 'Benaroshi polli Blok D', 1, 1171, '2024-05-30 06:36:39', '2024-05-30 06:36:39', 0),
(41, 14, 'Beraid', 1, 981, '2024-05-30 06:36:39', '2024-05-30 06:36:39', 0),
(42, 14, 'Bibir Bagicha', 1, 1554, '2024-05-30 06:36:39', '2024-05-30 06:36:39', 0),
(43, 14, 'Block A,B, Mirpur 6', 1, 1167, '2024-05-30 06:36:39', '2024-05-30 06:36:39', 0),
(44, 14, 'Block A, C, Mirpur 11', 1, 1154, '2024-05-30 06:36:39', '2024-05-30 06:36:39', 0),
(45, 14, 'Block B, D, Mirpur 11', 1, 1155, '2024-05-30 06:36:39', '2024-05-30 06:36:39', 0),
(46, 14, 'Block D,E , Mirpur 6', 1, 1166, '2024-05-30 06:36:39', '2024-05-30 06:36:39', 0),
(47, 14, 'Block-E, Mirpur 12', 1, 1165, '2024-05-30 06:36:39', '2024-05-30 06:36:39', 0),
(48, 14, 'Borobag', 1, 1503, '2024-05-30 06:36:39', '2024-05-30 06:36:39', 0),
(49, 14, 'Boro Moghbazar', 1, 964, '2024-05-30 06:36:39', '2024-05-30 06:36:39', 0),
(50, 14, 'Bosila', 1, 1499, '2024-05-30 06:36:39', '2024-05-30 06:36:39', 0),
(51, 14, 'Bulk Merchant', 1, 1168, '2024-05-30 06:36:39', '2024-05-30 06:36:39', 0),
(52, 14, 'Central Road', 1, 972, '2024-05-30 06:36:39', '2024-05-30 06:36:39', 0),
(53, 14, 'Chakraborty', 1, 1478, '2024-05-30 06:36:39', '2024-05-30 06:36:39', 0),
(54, 14, 'Charabag, Ashulia', 1, 1539, '2024-05-30 06:36:39', '2024-05-30 06:36:39', 0),
(55, 14, 'ChawkBazar (Dhaka)', 1, 630, '2024-05-30 06:36:39', '2024-05-30 06:36:39', 0),
(56, 14, 'Dakshinkhan', 1, 15, '2024-05-30 06:36:39', '2024-05-30 06:36:39', 0),
(57, 14, 'Darussalam', 1, 287, '2024-05-30 06:36:39', '2024-05-30 06:36:39', 0),
(58, 14, 'Demra', 1, 245, '2024-05-30 06:36:39', '2024-05-30 06:36:39', 0),
(59, 14, 'Deogao, Savar', 1, 1533, '2024-05-30 06:36:39', '2024-05-30 06:36:39', 0),
(60, 14, 'Dhaka cantonment', 1, 342, '2024-05-30 06:36:39', '2024-05-30 06:36:39', 0),
(61, 14, 'Dhaka Medical', 1, 1056, '2024-05-30 06:36:39', '2024-05-30 06:36:39', 0),
(62, 14, 'Dhaka Uddyan', 1, 1501, '2024-05-30 06:36:39', '2024-05-30 06:36:39', 0),
(63, 14, 'Dhaka University', 1, 200, '2024-05-30 06:36:39', '2024-05-30 06:36:39', 0),
(64, 14, 'Dhamrai , Savar', 1, 1016, '2024-05-30 06:36:39', '2024-05-30 06:36:39', 0),
(65, 14, 'Dhanmondi', 1, 62, '2024-05-30 06:36:39', '2024-05-30 06:36:39', 0),
(66, 14, 'Dholaipar', 1, 1552, '2024-05-30 06:36:39', '2024-05-30 06:36:39', 0),
(67, 14, 'Dholpur', 1, 979, '2024-05-30 06:36:39', '2024-05-30 06:36:39', 0),
(68, 14, 'Dhonia', 1, 264, '2024-05-30 06:36:39', '2024-05-30 06:36:39', 0),
(69, 14, 'Diabari', 1, 1045, '2024-05-30 06:36:39', '2024-05-30 06:36:39', 0),
(70, 14, 'DIT Road', 1, 966, '2024-05-30 06:36:39', '2024-05-30 06:36:39', 0),
(71, 14, 'Dohar', 1, 1075, '2024-05-30 06:36:39', '2024-05-30 06:36:39', 0),
(72, 14, 'ECB', 1, 23, '2024-05-30 06:36:39', '2024-05-30 06:36:39', 0),
(73, 14, 'Elephant Road', 1, 967, '2024-05-30 06:36:39', '2024-05-30 06:36:39', 0),
(74, 14, 'EPZ', 1, 1479, '2024-05-30 06:36:39', '2024-05-30 06:36:39', 0),
(75, 14, 'Equria Thana', 1, 1079, '2024-05-30 06:36:39', '2024-05-30 06:36:39', 0),
(76, 14, 'Eskaton', 1, 311, '2024-05-30 06:36:39', '2024-05-30 06:36:39', 0),
(77, 14, 'Estern Housing', 1, 1149, '2024-05-30 06:36:39', '2024-05-30 06:36:39', 0),
(78, 14, 'Extension Pallabi', 1, 1131, '2024-05-30 06:36:39', '2024-05-30 06:36:39', 0),
(79, 14, 'Faidabad', 1, 13, '2024-05-30 06:36:39', '2024-05-30 06:36:39', 0),
(80, 14, 'Faridabad', 1, 978, '2024-05-30 06:36:39', '2024-05-30 06:36:39', 0),
(81, 14, 'Farmgate', 1, 46, '2024-05-30 06:36:39', '2024-05-30 06:36:39', 0),
(82, 14, 'Fulbariya', 1, 1469, '2024-05-30 06:36:39', '2024-05-30 06:36:39', 0),
(83, 14, 'Gandaria', 1, 42, '2024-05-30 06:36:39', '2024-05-30 06:36:39', 0),
(84, 14, 'Ganda, Savar', 1, 1537, '2024-05-30 06:36:39', '2024-05-30 06:36:39', 0),
(85, 14, 'Giridhara Abashik', 1, 1097, '2024-05-30 06:36:39', '2024-05-30 06:36:39', 0),
(86, 14, 'Gobindopur', 1, 1541, '2024-05-30 06:36:39', '2024-05-30 06:36:39', 0),
(87, 14, 'Gopibagh', 1, 254, '2024-05-30 06:36:39', '2024-05-30 06:36:39', 0),
(88, 14, 'Goran', 1, 308, '2024-05-30 06:36:39', '2024-05-30 06:36:39', 0),
(89, 14, 'Gulbagh', 1, 1062, '2024-05-30 06:36:39', '2024-05-30 06:36:39', 0),
(90, 14, 'Gulisthan', 1, 35, '2024-05-30 06:36:39', '2024-05-30 06:36:39', 0),
(91, 14, 'Gulshan 1', 1, 4, '2024-05-30 06:36:39', '2024-05-30 06:36:39', 0),
(92, 14, 'Gulshan-2', 1, 5, '2024-05-30 06:36:39', '2024-05-30 06:36:39', 0),
(93, 14, 'Hatirpool', 1, 213, '2024-05-30 06:36:39', '2024-05-30 06:36:39', 0),
(94, 14, 'Hazaribagh', 1, 56, '2024-05-30 06:36:39', '2024-05-30 06:36:39', 0),
(95, 14, 'Hemayetpur', 1, 1467, '2024-05-30 06:36:39', '2024-05-30 06:36:39', 0),
(96, 14, 'house building', 1, 1043, '2024-05-30 06:36:39', '2024-05-30 06:36:39', 0),
(97, 14, 'Ibrahimpur', 1, 1035, '2024-05-30 06:36:39', '2024-05-30 06:36:39', 0),
(98, 14, 'Islampur', 1, 257, '2024-05-30 06:36:39', '2024-05-30 06:36:39', 0),
(99, 14, 'Islampur (Dhamrai)', 1, 243, '2024-05-30 06:36:39', '2024-05-30 06:36:39', 0),
(100, 14, 'Jahangirnagar, Savar', 1, 1520, '2024-05-30 06:36:39', '2024-05-30 06:36:39', 0),
(101, 14, 'Jamgora', 1, 1473, '2024-05-30 06:36:39', '2024-05-30 06:36:39', 0),
(102, 14, 'Jhauchor', 1, 1054, '2024-05-30 06:36:39', '2024-05-30 06:36:39', 0),
(103, 14, 'Jigatola', 1, 61, '2024-05-30 06:36:39', '2024-05-30 06:36:39', 0),
(104, 14, 'Joardar Lane', 1, 1063, '2024-05-30 06:36:39', '2024-05-30 06:36:39', 0),
(105, 14, 'Journalist Residential Area', 1, 1150, '2024-05-30 06:36:39', '2024-05-30 06:36:39', 0),
(106, 14, 'Jurain', 1, 977, '2024-05-30 06:36:39', '2024-05-30 06:36:39', 0),
(107, 14, 'Kadamtoli', 1, 980, '2024-05-30 06:36:39', '2024-05-30 06:36:39', 0),
(108, 14, 'Kalabagan', 1, 63, '2024-05-30 06:36:39', '2024-05-30 06:36:39', 0),
(109, 14, 'kalachadpur', 1, 1491, '2024-05-30 06:36:39', '2024-05-30 06:36:39', 0),
(110, 14, 'Kallyanpur', 1, 64, '2024-05-30 06:36:39', '2024-05-30 06:36:39', 0),
(111, 14, 'Kamalapur', 1, 252, '2024-05-30 06:36:39', '2024-05-30 06:36:39', 0),
(112, 14, 'kamranggirchar', 1, 655, '2024-05-30 06:36:39', '2024-05-30 06:36:39', 0),
(113, 14, 'Katashur', 1, 1556, '2024-05-30 06:36:39', '2024-05-30 06:36:39', 0),
(114, 14, 'Katghora, Savar', 1, 1536, '2024-05-30 06:36:39', '2024-05-30 06:36:39', 0),
(115, 14, 'Kathalbagan', 1, 59, '2024-05-30 06:36:39', '2024-05-30 06:36:39', 0),
(116, 14, 'Kawla', 1, 16, '2024-05-30 06:36:39', '2024-05-30 06:36:39', 0),
(117, 14, 'Kawran Bazar', 1, 58, '2024-05-30 06:36:39', '2024-05-30 06:36:39', 0),
(118, 14, 'Kazipara', 1, 286, '2024-05-30 06:36:39', '2024-05-30 06:36:39', 0),
(119, 14, 'Keraniganj', 1, 66, '2024-05-30 06:36:39', '2024-05-30 06:36:39', 0),
(120, 14, 'Keraniganj Model Thana', 1, 1077, '2024-05-30 06:36:39', '2024-05-30 06:36:39', 0),
(121, 14, 'Khilgaon', 1, 29, '2024-05-30 06:36:39', '2024-05-30 06:36:39', 0),
(122, 14, 'Khilkhet', 1, 178, '2024-05-30 06:36:39', '2024-05-30 06:36:39', 0),
(123, 14, 'Kotwali (Dhaka)', 1, 239, '2024-05-30 06:36:39', '2024-05-30 06:36:39', 0),
(124, 14, 'Kuril', 1, 177, '2024-05-30 06:36:39', '2024-05-30 06:36:39', 0),
(125, 14, 'Kutubkhali', 1, 1551, '2024-05-30 06:36:39', '2024-05-30 06:36:39', 0),
(126, 14, 'Lakshmibazar', 1, 260, '2024-05-30 06:36:39', '2024-05-30 06:36:39', 0),
(127, 14, 'Lalbag', 1, 57, '2024-05-30 06:36:39', '2024-05-30 06:36:39', 0),
(128, 14, 'Lalkuthi', 1, 1036, '2024-05-30 06:36:39', '2024-05-30 06:36:39', 0),
(129, 14, 'Lalmatia', 1, 1498, '2024-05-30 06:36:39', '2024-05-30 06:36:39', 0),
(130, 14, 'LaxmiBazar', 1, 1540, '2024-05-30 06:36:39', '2024-05-30 06:36:39', 0),
(131, 14, 'london market', 1, 1102, '2024-05-30 06:36:39', '2024-05-30 06:36:39', 0),
(132, 14, 'lost', 1, 1140, '2024-05-30 06:36:39', '2024-05-30 06:36:39', 0),
(133, 14, 'Love Road, Mirpur-2', 1, 1157, '2024-05-30 06:36:39', '2024-05-30 06:36:39', 0),
(134, 14, 'Malibagh  Baganbari', 1, 1065, '2024-05-30 06:36:39', '2024-05-30 06:36:39', 0),
(135, 14, 'Malibagh College Road', 1, 1060, '2024-05-30 06:36:39', '2024-05-30 06:36:39', 0),
(136, 14, 'Malibagh Lane', 1, 1061, '2024-05-30 06:36:39', '2024-05-30 06:36:39', 0),
(137, 14, 'Malibagh Pabna Colony', 1, 1064, '2024-05-30 06:36:39', '2024-05-30 06:36:39', 0),
(138, 14, 'Manda', 1, 971, '2024-05-30 06:36:39', '2024-05-30 06:36:39', 0),
(139, 14, 'Manikdi', 1, 337, '2024-05-30 06:36:39', '2024-05-30 06:36:39', 0),
(140, 14, 'Manik Nagar', 1, 251, '2024-05-30 06:36:39', '2024-05-30 06:36:39', 0),
(141, 14, 'Masjid Market, Mirpur 2', 1, 1158, '2024-05-30 06:36:39', '2024-05-30 06:36:39', 0),
(142, 14, 'Matikata', 1, 291, '2024-05-30 06:36:39', '2024-05-30 06:36:39', 0),
(143, 14, 'Matuail', 1, 255, '2024-05-30 06:36:39', '2024-05-30 06:36:39', 0),
(144, 14, 'Mazar road', 1, 1134, '2024-05-30 06:36:39', '2024-05-30 06:36:39', 0),
(145, 14, 'Middle Rosulbag', 1, 1099, '2024-05-30 06:36:39', '2024-05-30 06:36:39', 0),
(146, 14, 'Mirhazirbag', 1, 1553, '2024-05-30 06:36:39', '2024-05-30 06:36:39', 0),
(147, 14, 'Mirpur 1', 1, 171, '2024-05-30 06:36:39', '2024-05-30 06:36:39', 0),
(148, 14, 'Mirpur 10', 1, 19, '2024-05-30 06:36:39', '2024-05-30 06:36:39', 0),
(149, 14, 'Mirpur 11', 1, 20, '2024-05-30 06:36:39', '2024-05-30 06:36:39', 0),
(150, 14, 'Mirpur 11 Lalmatia', 1, 1156, '2024-05-30 06:36:39', '2024-05-30 06:36:39', 0),
(151, 14, 'Mirpur 12', 1, 280, '2024-05-30 06:36:39', '2024-05-30 06:36:39', 0),
(152, 14, 'Mirpur 12 Block A,C', 1, 1163, '2024-05-30 06:36:39', '2024-05-30 06:36:39', 0),
(153, 14, 'Mirpur 12 Block-Dhak, B', 1, 1164, '2024-05-30 06:36:39', '2024-05-30 06:36:39', 0),
(154, 14, 'Mirpur 12 Block Ta', 1, 1176, '2024-05-30 06:36:39', '2024-05-30 06:36:39', 0),
(155, 14, 'Mirpur 13', 1, 717, '2024-05-30 06:36:39', '2024-05-30 06:36:39', 0),
(156, 14, 'Mirpur 14', 1, 21, '2024-05-30 06:36:39', '2024-05-30 06:36:39', 0),
(157, 14, 'Mirpur 1 Market Area', 1, 1151, '2024-05-30 06:36:39', '2024-05-30 06:36:39', 0),
(158, 14, 'Mirpur 2', 1, 22, '2024-05-30 06:36:39', '2024-05-30 06:36:39', 0),
(159, 14, 'Mirpur 6', 1, 283, '2024-05-30 06:36:39', '2024-05-30 06:36:39', 0),
(160, 14, 'Mirpur 6 (Block C)', 1, 1172, '2024-05-30 06:36:39', '2024-05-30 06:36:39', 0),
(161, 14, 'Mirpur 7', 1, 475, '2024-05-30 06:36:39', '2024-05-30 06:36:39', 0),
(162, 14, 'Mirpur Cantonment', 1, 1159, '2024-05-30 06:36:39', '2024-05-30 06:36:39', 0),
(163, 14, 'Mirpur Cantonment (Ave new 3 )', 1, 1174, '2024-05-30 06:36:39', '2024-05-30 06:36:39', 0),
(164, 14, 'Mirpur DOHS', 1, 281, '2024-05-30 06:36:39', '2024-05-30 06:36:39', 0),
(165, 14, 'Mirpur DOHS (Ave new 2)', 1, 1173, '2024-05-30 06:36:39', '2024-05-30 06:36:39', 0),
(166, 14, 'Mirpur DOHS (Ave New 9)', 1, 1175, '2024-05-30 06:36:39', '2024-05-30 06:36:39', 0),
(167, 14, 'Mirpur-Rupnagar', 1, 1161, '2024-05-30 06:36:39', '2024-05-30 06:36:39', 0),
(168, 14, 'Modhubag', 1, 315, '2024-05-30 06:36:39', '2024-05-30 06:36:39', 0),
(169, 14, 'Mogbazar', 1, 32, '2024-05-30 06:36:39', '2024-05-30 06:36:39', 0),
(170, 14, 'Mohakhali', 1, 2, '2024-05-30 06:36:39', '2024-05-30 06:36:39', 0),
(171, 14, 'Mohakhali DOHS', 1, 11, '2024-05-30 06:36:39', '2024-05-30 06:36:39', 0),
(172, 14, 'Mohammadpur', 1, 50, '2024-05-30 06:36:39', '2024-05-30 06:36:39', 0),
(173, 14, 'Monipur', 1, 233, '2024-05-30 06:36:39', '2024-05-30 06:36:39', 0),
(174, 14, 'Monumia Market', 1, 1101, '2024-05-30 06:36:39', '2024-05-30 06:36:39', 0),
(175, 14, 'Motijheel', 1, 34, '2024-05-30 06:36:39', '2024-05-30 06:36:39', 0),
(176, 14, 'Mugda', 1, 307, '2024-05-30 06:36:39', '2024-05-30 06:36:39', 0),
(177, 14, 'mukti nagar', 1, 1096, '2024-05-30 06:36:39', '2024-05-30 06:36:39', 0),
(178, 14, 'Nadda', 1, 182, '2024-05-30 06:36:39', '2024-05-30 06:36:39', 0),
(179, 14, 'Nakhalpara', 1, 10, '2024-05-30 06:36:39', '2024-05-30 06:36:39', 0),
(180, 14, 'Nakhal para', 1, 1074, '2024-05-30 06:36:39', '2024-05-30 06:36:39', 0),
(181, 14, 'narayanpur - keshobpur', 1, 1095, '2024-05-30 06:36:39', '2024-05-30 06:36:39', 0),
(182, 14, 'Narinda', 1, 266, '2024-05-30 06:36:39', '2024-05-30 06:36:39', 0),
(183, 14, 'Nawabganj (Dhaka)', 1, 627, '2024-05-30 06:36:39', '2024-05-30 06:36:39', 0),
(184, 14, 'Nawabganj (Dohar)', 1, 1076, '2024-05-30 06:36:39', '2024-05-30 06:36:39', 0),
(185, 14, 'Nawabpur', 1, 259, '2024-05-30 06:36:39', '2024-05-30 06:36:39', 0),
(186, 14, 'Naya Bazar', 1, 41, '2024-05-30 06:36:39', '2024-05-30 06:36:39', 0),
(187, 14, 'Nayanagar', 1, 1139, '2024-05-30 06:36:39', '2024-05-30 06:36:39', 0),
(188, 14, 'Nazim Uddin Road', 1, 205, '2024-05-30 06:36:39', '2024-05-30 06:36:39', 0),
(189, 14, 'Nazira Bazar', 1, 36, '2024-05-30 06:36:39', '2024-05-30 06:36:39', 0),
(190, 14, 'New Elephant Road', 1, 60, '2024-05-30 06:36:39', '2024-05-30 06:36:39', 0),
(191, 14, 'New Market', 1, 201, '2024-05-30 06:36:39', '2024-05-30 06:36:39', 0),
(192, 14, 'new paltan azimpur', 1, 1055, '2024-05-30 06:36:39', '2024-05-30 06:36:39', 0),
(193, 14, 'Niketan', 1, 9, '2024-05-30 06:36:39', '2024-05-30 06:36:39', 0),
(194, 14, 'Nikunja', 1, 8, '2024-05-30 06:36:39', '2024-05-30 06:36:39', 0),
(195, 14, 'Nikunja 2', 1, 961, '2024-05-30 06:36:39', '2024-05-30 06:36:39', 0),
(196, 14, 'Nilkhet', 1, 210, '2024-05-30 06:36:39', '2024-05-30 06:36:39', 0),
(197, 14, 'Nimaikishori', 1, 1092, '2024-05-30 06:36:39', '2024-05-30 06:36:39', 0),
(198, 14, 'Nischintapur', 1, 1470, '2024-05-30 06:36:39', '2024-05-30 06:36:39', 0),
(199, 14, 'Nobinagar', 1, 1482, '2024-05-30 06:36:39', '2024-05-30 06:36:39', 0),
(200, 14, 'Nobodoy', 1, 1500, '2024-05-30 06:36:39', '2024-05-30 06:36:39', 0),
(201, 14, 'Norosinhopur', 1, 1471, '2024-05-30 06:36:39', '2024-05-30 06:36:39', 0),
(202, 14, 'North Badda', 1, 1557, '2024-05-30 06:36:39', '2024-05-30 06:36:39', 0),
(203, 14, 'North Sanarpar', 1, 1113, '2024-05-30 06:36:39', '2024-05-30 06:36:39', 0),
(204, 14, 'Notun Bazar', 1, 179, '2024-05-30 06:36:39', '2024-05-30 06:36:39', 0),
(205, 14, 'Noyarhat', 1, 1484, '2024-05-30 06:36:39', '2024-05-30 06:36:39', 0),
(206, 14, 'Noyatola road', 1, 1067, '2024-05-30 06:36:39', '2024-05-30 06:36:39', 0),
(207, 14, 'On-demand  transfer', 1, 1009, '2024-05-30 06:36:39', '2024-05-30 06:36:39', 0),
(208, 14, 'Paikpara', 1, 18, '2024-05-30 06:36:39', '2024-05-30 06:36:39', 0),
(209, 14, 'Pakiza, Savar', 1, 1534, '2024-05-30 06:36:39', '2024-05-30 06:36:39', 0),
(210, 14, 'Pallabi', 1, 975, '2024-05-30 06:36:39', '2024-05-30 06:36:39', 0),
(211, 14, 'Pallabi Residential area', 1, 1160, '2024-05-30 06:36:39', '2024-05-30 06:36:39', 0),
(212, 14, 'Palli Bidyut', 1, 1481, '2024-05-30 06:36:39', '2024-05-30 06:36:39', 0),
(213, 14, 'Paltan', 1, 33, '2024-05-30 06:36:39', '2024-05-30 06:36:39', 0),
(214, 14, 'Panthapath', 1, 750, '2024-05-30 06:36:39', '2024-05-30 06:36:39', 0),
(215, 14, 'Pirerbagh', 1, 973, '2024-05-30 06:36:39', '2024-05-30 06:36:39', 0),
(216, 14, 'Polashbari', 1, 1480, '2024-05-30 06:36:39', '2024-05-30 06:36:39', 0),
(217, 14, 'Radio Colony, Savar', 1, 1530, '2024-05-30 06:36:39', '2024-05-30 06:36:39', 0),
(218, 14, 'Rajashon, Savar', 1, 1535, '2024-05-30 06:36:39', '2024-05-30 06:36:39', 0),
(219, 14, 'rajlakkhi market', 1, 1042, '2024-05-30 06:36:39', '2024-05-30 06:36:39', 0),
(220, 14, 'Rampura', 1, 28, '2024-05-30 06:36:39', '2024-05-30 06:36:39', 0),
(221, 14, 'Rayerbag', 1, 244, '2024-05-30 06:36:39', '2024-05-30 06:36:39', 0),
(222, 14, 'Rayer Bazar', 1, 1071, '2024-05-30 06:36:39', '2024-05-30 06:36:39', 0),
(223, 14, 'Razarbag Police line', 1, 1137, '2024-05-30 06:36:39', '2024-05-30 06:36:39', 0),
(224, 14, 'Rohitpur', 1, 1543, '2024-05-30 06:36:39', '2024-05-30 06:36:39', 0),
(225, 14, 'Rupnagar', 1, 974, '2024-05-30 06:36:39', '2024-05-30 06:36:39', 0),
(226, 14, 'Sadarghat (Dhaka)', 1, 258, '2024-05-30 06:36:39', '2024-05-30 06:36:39', 0),
(227, 14, 'Sarkar Market', 1, 1472, '2024-05-30 06:36:39', '2024-05-30 06:36:39', 0),
(228, 14, 'Savar', 1, 65, '2024-05-30 06:36:39', '2024-05-30 06:36:39', 0),
(229, 14, 'Savar-Nabinagar', 1, 1046, '2024-05-30 06:36:39', '2024-05-30 06:36:39', 0),
(230, 14, 'Saydabad', 1, 39, '2024-05-30 06:36:39', '2024-05-30 06:36:39', 0),
(231, 14, 'Senpara', 1, 173, '2024-05-30 06:36:39', '2024-05-30 06:36:39', 0),
(232, 14, 'Senpara Parbata', 1, 1502, '2024-05-30 06:36:39', '2024-05-30 06:36:39', 0),
(233, 14, 'Shagufta Block-D', 1, 1162, '2024-05-30 06:36:39', '2024-05-30 06:36:39', 0),
(234, 14, 'Shah Ali Bag', 1, 1135, '2024-05-30 06:36:39', '2024-05-30 06:36:39', 0),
(235, 14, 'Shahbag', 1, 199, '2024-05-30 06:36:39', '2024-05-30 06:36:39', 0),
(236, 14, 'Shahid Faruk Road', 1, 1550, '2024-05-30 06:36:39', '2024-05-30 06:36:39', 0),
(237, 14, 'Shahid Nagar', 1, 957, '2024-05-30 06:36:39', '2024-05-30 06:36:39', 0),
(238, 14, 'Shahjadpur', 1, 180, '2024-05-30 06:36:39', '2024-05-30 06:36:39', 0),
(239, 14, 'Shajahanpur', 1, 318, '2024-05-30 06:36:39', '2024-05-30 06:36:39', 0),
(240, 14, 'shampur', 1, 976, '2024-05-30 06:36:39', '2024-05-30 06:36:39', 0),
(241, 14, 'Shanir Akhra', 1, 38, '2024-05-30 06:36:39', '2024-05-30 06:36:39', 0),
(242, 14, 'shankar', 1, 1072, '2024-05-30 06:36:39', '2024-05-30 06:36:39', 0),
(243, 14, 'Shantinagar', 1, 26, '2024-05-30 06:36:39', '2024-05-30 06:36:39', 0),
(244, 14, 'Shegunbagicha', 1, 302, '2024-05-30 06:36:39', '2024-05-30 06:36:39', 0),
(245, 14, 'Sheikhdi', 1, 1542, '2024-05-30 06:36:39', '2024-05-30 06:36:39', 0),
(246, 14, 'Sheikh Rasel Park', 1, 1152, '2024-05-30 06:36:39', '2024-05-30 06:36:39', 0),
(247, 14, 'Sher-e Bangla Nagar', 1, 1037, '2024-05-30 06:36:39', '2024-05-30 06:36:39', 0),
(248, 14, 'Sher-E-Bangla National Cricket Stadium', 1, 1133, '2024-05-30 06:36:39', '2024-05-30 06:36:39', 0),
(249, 14, 'Shewrapara', 1, 174, '2024-05-30 06:36:39', '2024-05-30 06:36:39', 0),
(250, 14, 'Shiddeshwari', 1, 306, '2024-05-30 06:36:39', '2024-05-30 06:36:39', 0),
(251, 14, 'Shimrail', 1, 1100, '2024-05-30 06:36:39', '2024-05-30 06:36:39', 0),
(252, 14, 'Shimultola Jamgora', 1, 1474, '2024-05-30 06:36:39', '2024-05-30 06:36:39', 0),
(253, 14, 'Shimultola, Savar', 1, 1532, '2024-05-30 06:36:39', '2024-05-30 06:36:39', 0),
(254, 14, 'Shishu Mela', 1, 1128, '2024-05-30 06:36:39', '2024-05-30 06:36:39', 0),
(255, 14, 'Shobujbag', 1, 304, '2024-05-30 06:36:39', '2024-05-30 06:36:39', 0),
(256, 14, 'Shonalibagh', 1, 31, '2024-05-30 06:36:39', '2024-05-30 06:36:39', 0),
(257, 14, 'Shonir Akhra', 1, 1069, '2024-05-30 06:36:39', '2024-05-30 06:36:39', 0),
(258, 14, 'Shukrabad', 1, 1555, '2024-05-30 06:36:39', '2024-05-30 06:36:39', 0),
(259, 14, 'Shyamoli', 1, 198, '2024-05-30 06:36:39', '2024-05-30 06:36:39', 0),
(260, 14, 'Singar Road', 1, 1468, '2024-05-30 06:36:39', '2024-05-30 06:36:39', 0),
(261, 14, 'Solmaid', 1, 1492, '2024-05-30 06:36:39', '2024-05-30 06:36:39', 0),
(262, 14, 'South Badda', 1, 1558, '2024-05-30 06:36:39', '2024-05-30 06:36:39', 0),
(263, 14, 'South Banasree', 1, 963, '2024-05-30 06:36:39', '2024-05-30 06:36:39', 0),
(264, 14, 'South kafrul', 1, 1111, '2024-05-30 06:36:39', '2024-05-30 06:36:39', 0),
(265, 14, 'Sreepur-Baipail', 1, 1487, '2024-05-30 06:36:39', '2024-05-30 06:36:39', 0),
(266, 14, 'Sutrapur', 1, 661, '2024-05-30 06:36:39', '2024-05-30 06:36:39', 0),
(267, 14, 'Technical', 1, 1136, '2024-05-30 06:36:39', '2024-05-30 06:36:39', 0),
(268, 14, 'Tejgaon', 1, 3, '2024-05-30 06:36:39', '2024-05-30 06:36:39', 0),
(269, 14, 'Tejkunipara', 1, 1559, '2024-05-30 06:36:39', '2024-05-30 06:36:39', 0),
(270, 14, 'Tenari Savar', 1, 1485, '2024-05-30 06:36:39', '2024-05-30 06:36:39', 0),
(271, 14, 'Tolarbag', 1, 282, '2024-05-30 06:36:39', '2024-05-30 06:36:39', 0),
(272, 14, 'Turag', 1, 327, '2024-05-30 06:36:39', '2024-05-30 06:36:39', 0),
(273, 14, 'Unick Bus Stand', 1, 1475, '2024-05-30 06:36:39', '2024-05-30 06:36:39', 0),
(274, 14, 'Uttara Sector 1', 1, 12, '2024-05-30 06:36:39', '2024-05-30 06:36:39', 0),
(275, 14, 'Uttara Sector 10', 1, 941, '2024-05-30 06:36:39', '2024-05-30 06:36:39', 0),
(276, 14, 'Uttara Sector 11', 1, 942, '2024-05-30 06:36:39', '2024-05-30 06:36:39', 0),
(277, 14, 'Uttara Sector 12', 1, 943, '2024-05-30 06:36:39', '2024-05-30 06:36:39', 0),
(278, 14, 'Uttara Sector 13', 1, 944, '2024-05-30 06:36:39', '2024-05-30 06:36:39', 0),
(279, 14, 'Uttara Sector 14', 1, 945, '2024-05-30 06:36:39', '2024-05-30 06:36:39', 0),
(280, 14, 'Uttara Sector 15', 1, 1000, '2024-05-30 06:36:39', '2024-05-30 06:36:39', 0),
(281, 14, 'Uttara Sector 16', 1, 1001, '2024-05-30 06:36:39', '2024-05-30 06:36:39', 0),
(282, 14, 'Uttara Sector 17', 1, 1002, '2024-05-30 06:36:39', '2024-05-30 06:36:39', 0),
(283, 14, 'Uttara Sector 18', 1, 1003, '2024-05-30 06:36:39', '2024-05-30 06:36:39', 0),
(284, 14, 'Uttara Sector 3', 1, 935, '2024-05-30 06:36:39', '2024-05-30 06:36:39', 0),
(285, 14, 'Uttara Sector 4', 1, 936, '2024-05-30 06:36:39', '2024-05-30 06:36:39', 0),
(286, 14, 'Uttara Sector 5', 1, 937, '2024-05-30 06:36:39', '2024-05-30 06:36:39', 0),
(287, 14, 'Uttara sector 6', 1, 938, '2024-05-30 06:36:39', '2024-05-30 06:36:39', 0),
(288, 14, 'Uttara Sector 7', 1, 939, '2024-05-30 06:36:39', '2024-05-30 06:36:39', 0),
(289, 14, 'Uttara Sector 8', 1, 946, '2024-05-30 06:36:39', '2024-05-30 06:36:39', 0),
(290, 14, 'Uttara Sector 9', 1, 940, '2024-05-30 06:36:39', '2024-05-30 06:36:39', 0),
(291, 14, 'UttarKhan', 1, 14, '2024-05-30 06:36:39', '2024-05-30 06:36:39', 0),
(292, 14, 'Vadail', 1, 1483, '2024-05-30 06:36:39', '2024-05-30 06:36:39', 0),
(293, 14, 'Wari', 1, 37, '2024-05-30 06:36:39', '2024-05-30 06:36:39', 0),
(294, 14, 'West Agargaon', 1, 1109, '2024-05-30 06:36:39', '2024-05-30 06:36:39', 0),
(295, 14, 'West Kafrul', 1, 1112, '2024-05-30 06:36:39', '2024-05-30 06:36:39', 0),
(296, 14, 'Zirani', 1, 1486, '2024-05-30 06:36:39', '2024-05-30 06:36:39', 0),
(297, 14, 'Zoo Road', 1, 1153, '2024-05-30 06:36:39', '2024-05-30 06:36:39', 0),
(298, 1, 'Bagerhat Sadar', 1, 156, '2024-05-30 06:38:48', '2024-05-30 06:38:48', 0),
(299, 1, 'Chitalmari', 1, 594, '2024-05-30 06:38:48', '2024-05-30 06:38:48', 0),
(300, 1, 'Dacope', 1, 989, '2024-05-30 06:38:48', '2024-05-30 06:38:48', 0),
(301, 1, 'Fakirhat', 1, 595, '2024-05-30 06:38:48', '2024-05-30 06:38:48', 0),
(302, 1, 'Kachua', 1, 596, '2024-05-30 06:38:48', '2024-05-30 06:38:48', 0),
(303, 1, 'Mollahat', 1, 593, '2024-05-30 06:38:48', '2024-05-30 06:38:48', 0),
(304, 1, 'Mongla', 1, 868, '2024-05-30 06:38:48', '2024-05-30 06:38:48', 0),
(305, 1, 'Morelganj', 1, 597, '2024-05-30 06:38:48', '2024-05-30 06:38:48', 0),
(306, 1, 'Rampal', 1, 598, '2024-05-30 06:38:48', '2024-05-30 06:38:48', 0),
(307, 1, 'Rayenda', 1, 599, '2024-05-30 06:38:48', '2024-05-30 06:38:48', 0),
(308, 1, 'Sarankhola', 1, 984, '2024-05-30 06:38:48', '2024-05-30 06:38:48', 0),
(309, 2, 'Alikadam', 1, 714, '2024-05-30 06:38:49', '2024-05-30 06:38:49', 0),
(310, 2, 'Bandarban Sadar', 1, 166, '2024-05-30 06:38:49', '2024-05-30 06:38:49', 0),
(311, 2, 'Kalaghata', 1, 692, '2024-05-30 06:38:49', '2024-05-30 06:38:49', 0),
(312, 2, 'Lama', 1, 696, '2024-05-30 06:38:49', '2024-05-30 06:38:49', 0),
(313, 2, 'Naikhong', 1, 1008, '2024-05-30 06:38:49', '2024-05-30 06:38:49', 0),
(314, 2, 'Roanchhari', 1, 693, '2024-05-30 06:38:49', '2024-05-30 06:38:49', 0),
(315, 2, 'Thanchi', 1, 695, '2024-05-30 06:38:49', '2024-05-30 06:38:49', 0),
(316, 3, 'Amtali', 1, 931, '2024-05-30 06:38:49', '2024-05-30 06:38:49', 0),
(317, 3, 'Bamna', 1, 933, '2024-05-30 06:38:49', '2024-05-30 06:38:49', 0),
(318, 3, 'Barguna Sadar', 1, 135, '2024-05-30 06:38:49', '2024-05-30 06:38:49', 0),
(319, 3, 'Betagi', 1, 932, '2024-05-30 06:38:49', '2024-05-30 06:38:49', 0),
(320, 3, 'Patharghata', 1, 934, '2024-05-30 06:38:49', '2024-05-30 06:38:49', 0),
(321, 3, 'Taltoli', 1, 930, '2024-05-30 06:38:49', '2024-05-30 06:38:49', 0),
(322, 4, 'Agailzhara', 1, 911, '2024-05-30 06:38:49', '2024-05-30 06:38:49', 0),
(323, 4, 'Babuganj', 1, 916, '2024-05-30 06:38:49', '2024-05-30 06:38:49', 0),
(324, 4, 'Bakergonj', 1, 915, '2024-05-30 06:38:49', '2024-05-30 06:38:49', 0),
(325, 4, 'Banaripara', 1, 914, '2024-05-30 06:38:49', '2024-05-30 06:38:49', 0),
(326, 4, 'Barisal Bandor Thana', 1, 1014, '2024-05-30 06:38:49', '2024-05-30 06:38:49', 0),
(327, 4, 'Barisal Sadar', 1, 113, '2024-05-30 06:38:49', '2024-05-30 06:38:49', 0),
(328, 4, 'Gauronodi', 1, 910, '2024-05-30 06:38:49', '2024-05-30 06:38:49', 0),
(329, 4, 'Hizla', 1, 912, '2024-05-30 06:38:49', '2024-05-30 06:38:49', 0),
(330, 4, 'Kotowali', 1, 909, '2024-05-30 06:38:49', '2024-05-30 06:38:49', 0),
(331, 4, 'Mahendiganj', 1, 607, '2024-05-30 06:38:49', '2024-05-30 06:38:49', 0),
(332, 4, 'Muladi', 1, 913, '2024-05-30 06:38:49', '2024-05-30 06:38:49', 0),
(333, 4, 'Wazirpur Powrosova', 1, 917, '2024-05-30 06:38:49', '2024-05-30 06:38:49', 0),
(334, 5, 'Akhaura', 1, 546, '2024-05-30 06:38:50', '2024-05-30 06:38:50', 0),
(335, 5, 'Asugonj', 1, 728, '2024-05-30 06:38:50', '2024-05-30 06:38:50', 0),
(336, 5, 'Banchharampur', 1, 133, '2024-05-30 06:38:50', '2024-05-30 06:38:50', 0),
(337, 5, 'Bijoynagar', 1, 748, '2024-05-30 06:38:50', '2024-05-30 06:38:50', 0),
(338, 5, 'Brahamanbaria Sadar', 1, 547, '2024-05-30 06:38:50', '2024-05-30 06:38:50', 0),
(339, 5, 'Kasba', 1, 548, '2024-05-30 06:38:50', '2024-05-30 06:38:50', 0),
(340, 5, 'Nabinagar', 1, 549, '2024-05-30 06:38:50', '2024-05-30 06:38:50', 0),
(341, 5, 'Nasirnagar', 1, 551, '2024-05-30 06:38:50', '2024-05-30 06:38:50', 0),
(342, 5, 'Sarail', 1, 550, '2024-05-30 06:38:50', '2024-05-30 06:38:50', 0),
(343, 6, 'Bhola Sadar', 1, 157, '2024-05-30 06:38:50', '2024-05-30 06:38:50', 0),
(344, 6, 'Burhanuddin', 1, 900, '2024-05-30 06:38:50', '2024-05-30 06:38:50', 0),
(345, 6, 'Char fashion', 1, 903, '2024-05-30 06:38:50', '2024-05-30 06:38:50', 0),
(346, 6, 'Dokkhin aicha', 1, 904, '2024-05-30 06:38:50', '2024-05-30 06:38:50', 0),
(347, 6, 'Doulatkhan', 1, 899, '2024-05-30 06:38:50', '2024-05-30 06:38:50', 0),
(348, 6, 'Lalmohon', 1, 901, '2024-05-30 06:38:50', '2024-05-30 06:38:50', 0),
(349, 6, 'Tazumuddin', 1, 902, '2024-05-30 06:38:50', '2024-05-30 06:38:50', 0),
(350, 7, 'Adamdighi', 1, 753, '2024-05-30 06:38:51', '2024-05-30 06:38:51', 0),
(351, 7, 'Bogra - Gabtoli', 1, 480, '2024-05-30 06:38:51', '2024-05-30 06:38:51', 0),
(352, 7, 'Bogra Sadar', 1, 104, '2024-05-30 06:38:51', '2024-05-30 06:38:51', 0),
(353, 7, 'Dhunat', 1, 756, '2024-05-30 06:38:51', '2024-05-30 06:38:51', 0),
(354, 7, 'Dupchachia', 1, 719, '2024-05-30 06:38:51', '2024-05-30 06:38:51', 0),
(355, 7, 'Kahalu', 1, 479, '2024-05-30 06:38:51', '2024-05-30 06:38:51', 0),
(356, 7, 'Nandigram', 1, 754, '2024-05-30 06:38:51', '2024-05-30 06:38:51', 0),
(357, 7, 'Sariakandi', 1, 752, '2024-05-30 06:38:51', '2024-05-30 06:38:51', 0),
(358, 7, 'Shahjahanpur', 1, 1488, '2024-05-30 06:38:51', '2024-05-30 06:38:51', 0),
(359, 7, 'Shajahanpur-Bogra', 1, 751, '2024-05-30 06:38:51', '2024-05-30 06:38:51', 0),
(360, 7, 'Shantaher', 1, 757, '2024-05-30 06:38:51', '2024-05-30 06:38:51', 0),
(361, 7, 'Sherpur', 1, 478, '2024-05-30 06:38:51', '2024-05-30 06:38:51', 0),
(362, 7, 'Shibganj', 1, 481, '2024-05-30 06:38:51', '2024-05-30 06:38:51', 0),
(363, 7, 'Sonatola', 1, 755, '2024-05-30 06:38:51', '2024-05-30 06:38:51', 0),
(364, 8, 'Chandpur Sadar', 1, 102, '2024-05-30 06:38:51', '2024-05-30 06:38:51', 0),
(365, 8, 'Faridganj', 1, 563, '2024-05-30 06:38:51', '2024-05-30 06:38:51', 0),
(366, 8, 'Hayemchar', 1, 565, '2024-05-30 06:38:51', '2024-05-30 06:38:51', 0),
(367, 8, 'Haziganj', 1, 564, '2024-05-30 06:38:51', '2024-05-30 06:38:51', 0),
(368, 8, 'Kachua', 1, 566, '2024-05-30 06:38:51', '2024-05-30 06:38:51', 0),
(369, 8, 'Matlab', 1, 667, '2024-05-30 06:38:51', '2024-05-30 06:38:51', 0),
(370, 8, 'Matlab-Uttar', 1, 749, '2024-05-30 06:38:51', '2024-05-30 06:38:51', 0),
(371, 8, 'Shahrasti', 1, 567, '2024-05-30 06:38:51', '2024-05-30 06:38:51', 0),
(372, 9, 'Bholahat', 1, 558, '2024-05-30 06:38:52', '2024-05-30 06:38:52', 0),
(373, 9, 'Chapainawabganj Sadar', 1, 111, '2024-05-30 06:38:52', '2024-05-30 06:38:52', 0),
(374, 9, 'Gomastapur', 1, 508, '2024-05-30 06:38:52', '2024-05-30 06:38:52', 0),
(375, 9, 'Nachole', 1, 559, '2024-05-30 06:38:52', '2024-05-30 06:38:52', 0),
(376, 9, 'Shibganj', 1, 509, '2024-05-30 06:38:52', '2024-05-30 06:38:52', 0),
(377, 10, 'Akbarsha', 1, 78, '2024-05-30 06:38:53', '2024-05-30 06:38:53', 0),
(378, 10, 'Anawara', 1, 434, '2024-05-30 06:38:53', '2024-05-30 06:38:53', 0),
(379, 10, 'Andarkilla', 1, 69, '2024-05-30 06:38:53', '2024-05-30 06:38:53', 0),
(380, 10, 'Anowara', 1, 453, '2024-05-30 06:38:53', '2024-05-30 06:38:53', 0),
(381, 10, 'Bakoliya thana', 1, 83, '2024-05-30 06:38:53', '2024-05-30 06:38:53', 0),
(382, 10, 'Bashkhali', 1, 459, '2024-05-30 06:38:53', '2024-05-30 06:38:53', 0),
(383, 10, 'Bayazid', 1, 80, '2024-05-30 06:38:53', '2024-05-30 06:38:53', 0),
(384, 10, 'Boalkhali', 1, 681, '2024-05-30 06:38:53', '2024-05-30 06:38:53', 0),
(385, 10, 'Bondor', 1, 1027, '2024-05-30 06:38:53', '2024-05-30 06:38:53', 0),
(386, 10, 'Chandanaish', 1, 1015, '2024-05-30 06:38:53', '2024-05-30 06:38:53', 0),
(387, 10, 'Chandgaon', 1, 375, '2024-05-30 06:38:53', '2024-05-30 06:38:53', 0),
(388, 10, 'Chawkbazar (Chattogram)', 1, 79, '2024-05-30 06:38:53', '2024-05-30 06:38:53', 0),
(389, 10, 'CTG - Lohagara', 1, 460, '2024-05-30 06:38:53', '2024-05-30 06:38:53', 0),
(390, 10, 'Dohajari', 1, 1032, '2024-05-30 06:38:53', '2024-05-30 06:38:53', 0),
(391, 10, 'Double mooring', 1, 86, '2024-05-30 06:38:53', '2024-05-30 06:38:53', 0),
(392, 10, 'East Joara', 1, 400, '2024-05-30 06:38:53', '2024-05-30 06:38:53', 0),
(393, 10, 'Enayet bazar', 1, 405, '2024-05-30 06:38:53', '2024-05-30 06:38:53', 0),
(394, 10, 'EPZ', 1, 73, '2024-05-30 06:38:53', '2024-05-30 06:38:53', 0),
(395, 10, 'Fatikchhari', 1, 417, '2024-05-30 06:38:53', '2024-05-30 06:38:53', 0),
(396, 10, 'Halishahar', 1, 75, '2024-05-30 06:38:53', '2024-05-30 06:38:53', 0),
(397, 10, 'Hathazari', 1, 81, '2024-05-30 06:38:53', '2024-05-30 06:38:53', 0),
(398, 10, 'Karnophuli', 1, 993, '2024-05-30 06:38:53', '2024-05-30 06:38:53', 0),
(399, 10, 'Keranihat', 1, 716, '2024-05-30 06:38:53', '2024-05-30 06:38:53', 0),
(400, 10, 'Khulshi', 1, 84, '2024-05-30 06:38:53', '2024-05-30 06:38:53', 0),
(401, 10, 'Kotowali Chittagong', 1, 364, '2024-05-30 06:38:53', '2024-05-30 06:38:53', 0),
(402, 10, 'Kotwali (Chattogram)', 1, 987, '2024-05-30 06:38:53', '2024-05-30 06:38:53', 0),
(403, 10, 'Mirsharai', 1, 87, '2024-05-30 06:38:53', '2024-05-30 06:38:53', 0),
(404, 10, 'Nasirabad', 1, 685, '2024-05-30 06:38:53', '2024-05-30 06:38:53', 0),
(405, 10, 'Nazirhat', 1, 703, '2024-05-30 06:38:53', '2024-05-30 06:38:53', 0),
(406, 10, 'New Market CTG', 1, 72, '2024-05-30 06:38:53', '2024-05-30 06:38:53', 0),
(407, 10, 'Pahartali', 1, 986, '2024-05-30 06:38:53', '2024-05-30 06:38:53', 0),
(408, 10, 'Panchlaish ctg', 1, 333, '2024-05-30 06:38:53', '2024-05-30 06:38:53', 0),
(409, 10, 'Patia', 1, 457, '2024-05-30 06:38:53', '2024-05-30 06:38:53', 0),
(410, 10, 'Rangunia', 1, 378, '2024-05-30 06:38:53', '2024-05-30 06:38:53', 0),
(411, 10, 'Raozan', 1, 68, '2024-05-30 06:38:53', '2024-05-30 06:38:53', 0),
(412, 10, 'Sadarghat (Chattogram)', 1, 365, '2024-05-30 06:38:53', '2024-05-30 06:38:53', 0),
(413, 10, 'Sandwip', 1, 705, '2024-05-30 06:38:53', '2024-05-30 06:38:53', 0),
(414, 10, 'Satkaniya', 1, 371, '2024-05-30 06:38:53', '2024-05-30 06:38:53', 0),
(415, 10, 'Sitakunda', 1, 420, '2024-05-30 06:38:53', '2024-05-30 06:38:53', 0),
(416, 10, 'Vatiary', 1, 1026, '2024-05-30 06:38:53', '2024-05-30 06:38:53', 0),
(417, 10, 'Zorarganj', 1, 730, '2024-05-30 06:38:53', '2024-05-30 06:38:53', 0),
(418, 11, 'Alamdanga', 1, 647, '2024-05-30 06:38:54', '2024-05-30 06:38:54', 0),
(419, 11, 'Chuadanga Sadar', 1, 165, '2024-05-30 06:38:54', '2024-05-30 06:38:54', 0),
(420, 11, 'Damurhuda', 1, 591, '2024-05-30 06:38:54', '2024-05-30 06:38:54', 0),
(421, 11, 'Darshana', 1, 968, '2024-05-30 06:38:54', '2024-05-30 06:38:54', 0),
(422, 11, 'Doulatganj', 1, 592, '2024-05-30 06:38:54', '2024-05-30 06:38:54', 0),
(423, 11, 'Jiban nagar', 1, 646, '2024-05-30 06:38:54', '2024-05-30 06:38:54', 0),
(424, 12, 'Chakaria', 1, 107, '2024-05-30 06:38:55', '2024-05-30 06:38:55', 0),
(425, 12, 'Cox\'s bazar Sadar', 1, 106, '2024-05-30 06:38:55', '2024-05-30 06:38:55', 0),
(426, 12, 'Eidgah', 1, 898, '2024-05-30 06:38:55', '2024-05-30 06:38:55', 0),
(427, 12, 'Kutubdia', 1, 638, '2024-05-30 06:38:55', '2024-05-30 06:38:55', 0),
(428, 12, 'Moheshkhali', 1, 896, '2024-05-30 06:38:55', '2024-05-30 06:38:55', 0),
(429, 12, 'Pakua', 1, 560, '2024-05-30 06:38:55', '2024-05-30 06:38:55', 0),
(430, 12, 'Ramu', 1, 561, '2024-05-30 06:38:55', '2024-05-30 06:38:55', 0),
(431, 12, 'Teknaf', 1, 897, '2024-05-30 06:38:55', '2024-05-30 06:38:55', 0),
(432, 12, 'Ukhia', 1, 562, '2024-05-30 06:38:55', '2024-05-30 06:38:55', 0),
(433, 13, 'Barura', 1, 534, '2024-05-30 06:38:56', '2024-05-30 06:38:56', 0),
(434, 13, 'Batakandi', 1, 738, '2024-05-30 06:38:56', '2024-05-30 06:38:56', 0),
(435, 13, 'B.Para', 1, 91, '2024-05-30 06:38:56', '2024-05-30 06:38:56', 0),
(436, 13, 'Burichang', 1, 92, '2024-05-30 06:38:56', '2024-05-30 06:38:56', 0),
(437, 13, 'Chandina', 1, 98, '2024-05-30 06:38:56', '2024-05-30 06:38:56', 0),
(438, 13, 'Chauddagram', 1, 97, '2024-05-30 06:38:56', '2024-05-30 06:38:56', 0),
(439, 13, 'Chayfullakandi', 1, 1497, '2024-05-30 06:38:56', '2024-05-30 06:38:56', 0),
(440, 13, 'Comilla Companigonj', 1, 732, '2024-05-30 06:38:56', '2024-05-30 06:38:56', 0),
(441, 13, 'Cumilla Cantonment', 1, 741, '2024-05-30 06:38:56', '2024-05-30 06:38:56', 0),
(442, 13, 'Cumilla Sadar', 1, 93, '2024-05-30 06:38:56', '2024-05-30 06:38:56', 0),
(443, 13, 'Cumilla Sadar Dakkhin ', 1, 734, '2024-05-30 06:38:56', '2024-05-30 06:38:56', 0),
(444, 13, 'Daudkandi', 1, 545, '2024-05-30 06:38:56', '2024-05-30 06:38:56', 0),
(445, 13, 'Delivery Cumilla City A', 1, 1528, '2024-05-30 06:38:56', '2024-05-30 06:38:56', 0),
(446, 13, 'Delivery Cumilla City B', 1, 1529, '2024-05-30 06:38:56', '2024-05-30 06:38:56', 0),
(447, 13, 'Devidwar', 1, 99, '2024-05-30 06:38:56', '2024-05-30 06:38:56', 0),
(448, 13, 'Eliotgonj', 1, 736, '2024-05-30 06:38:56', '2024-05-30 06:38:56', 0),
(449, 13, 'Farry Ghat', 1, 1496, '2024-05-30 06:38:56', '2024-05-30 06:38:56', 0),
(450, 13, 'Gouripur', 1, 737, '2024-05-30 06:38:56', '2024-05-30 06:38:56', 0),
(451, 13, 'Homna', 1, 96, '2024-05-30 06:38:56', '2024-05-30 06:38:56', 0),
(452, 13, 'Kotbari', 1, 731, '2024-05-30 06:38:56', '2024-05-30 06:38:56', 0),
(453, 13, 'Laksam', 1, 94, '2024-05-30 06:38:56', '2024-05-30 06:38:56', 0),
(454, 13, 'Lalmai', 1, 735, '2024-05-30 06:38:56', '2024-05-30 06:38:56', 0),
(455, 13, 'Meghna ', 1, 740, '2024-05-30 06:38:56', '2024-05-30 06:38:56', 0),
(456, 13, 'Mia-Bazar', 1, 552, '2024-05-30 06:38:56', '2024-05-30 06:38:56', 0),
(457, 13, 'Monohorgonj', 1, 733, '2024-05-30 06:38:56', '2024-05-30 06:38:56', 0),
(458, 13, 'Muddafarganj', 1, 103, '2024-05-30 06:38:56', '2024-05-30 06:38:56', 0),
(459, 13, 'Muradnagar', 1, 553, '2024-05-30 06:38:56', '2024-05-30 06:38:56', 0),
(460, 13, 'Nangolkot', 1, 95, '2024-05-30 06:38:56', '2024-05-30 06:38:56', 0),
(461, 13, 'Ruposhdi', 1, 1494, '2024-05-30 06:38:56', '2024-05-30 06:38:56', 0),
(462, 13, 'Sonarampur', 1, 1495, '2024-05-30 06:38:56', '2024-05-30 06:38:56', 0),
(463, 13, 'Titash', 1, 739, '2024-05-30 06:38:56', '2024-05-30 06:38:56', 0),
(464, 15, 'Biral', 1, 582, '2024-05-30 06:38:56', '2024-05-30 06:38:56', 0),
(465, 15, 'Birampur', 1, 817, '2024-05-30 06:38:56', '2024-05-30 06:38:56', 0),
(466, 15, 'Birganj', 1, 811, '2024-05-30 06:38:56', '2024-05-30 06:38:56', 0),
(467, 15, 'Bochaganj', 1, 814, '2024-05-30 06:38:56', '2024-05-30 06:38:56', 0),
(468, 15, 'Chirirbandar', 1, 810, '2024-05-30 06:38:56', '2024-05-30 06:38:56', 0),
(469, 15, 'Dinajpur Sadar', 1, 136, '2024-05-30 06:38:56', '2024-05-30 06:38:56', 0),
(470, 15, 'Fulbari', 1, 816, '2024-05-30 06:38:56', '2024-05-30 06:38:56', 0),
(471, 15, 'Ghoraghat', 1, 819, '2024-05-30 06:38:56', '2024-05-30 06:38:56', 0),
(472, 15, 'Hakimpur (Hili)', 1, 820, '2024-05-30 06:38:56', '2024-05-30 06:38:56', 0),
(473, 15, 'Kaharol', 1, 812, '2024-05-30 06:38:56', '2024-05-30 06:38:56', 0),
(474, 15, 'Khanshama', 1, 813, '2024-05-30 06:38:56', '2024-05-30 06:38:56', 0),
(475, 15, 'Nawabganj Dinajpur', 1, 818, '2024-05-30 06:38:56', '2024-05-30 06:38:56', 0),
(476, 15, 'Parbatipur', 1, 815, '2024-05-30 06:38:56', '2024-05-30 06:38:56', 0),
(477, 16, 'Alfadanga', 1, 922, '2024-05-30 06:38:57', '2024-05-30 06:38:57', 0),
(478, 16, 'Bhanga', 1, 923, '2024-05-30 06:38:57', '2024-05-30 06:38:57', 0),
(479, 16, 'Boalmari', 1, 924, '2024-05-30 06:38:57', '2024-05-30 06:38:57', 0),
(480, 16, 'Charbhadrashan', 1, 925, '2024-05-30 06:38:57', '2024-05-30 06:38:57', 0),
(481, 16, 'Faridpur Sadar', 1, 114, '2024-05-30 06:38:57', '2024-05-30 06:38:57', 0),
(482, 16, 'Madukhali', 1, 926, '2024-05-30 06:38:57', '2024-05-30 06:38:57', 0),
(483, 16, 'Nagarkanda', 1, 927, '2024-05-30 06:38:57', '2024-05-30 06:38:57', 0),
(484, 16, 'Sadarpur', 1, 928, '2024-05-30 06:38:57', '2024-05-30 06:38:57', 0),
(485, 16, 'Saltha', 1, 929, '2024-05-30 06:38:57', '2024-05-30 06:38:57', 0),
(486, 17, 'Chhagalnaiya', 1, 568, '2024-05-30 06:38:57', '2024-05-30 06:38:57', 0),
(487, 17, 'Daganbhuiyan', 1, 569, '2024-05-30 06:38:57', '2024-05-30 06:38:57', 0),
(488, 17, 'Feni Sadar', 1, 100, '2024-05-30 06:38:57', '2024-05-30 06:38:57', 0),
(489, 17, 'Ful-Gazi', 1, 746, '2024-05-30 06:38:57', '2024-05-30 06:38:57', 0),
(490, 17, 'Pashuram', 1, 572, '2024-05-30 06:38:57', '2024-05-30 06:38:57', 0),
(491, 17, 'Sonagazi', 1, 573, '2024-05-30 06:38:57', '2024-05-30 06:38:57', 0),
(492, 18, 'Fulchhari', 1, 781, '2024-05-30 06:38:58', '2024-05-30 06:38:58', 0),
(493, 18, 'Gaibandha Sadar', 1, 139, '2024-05-30 06:38:58', '2024-05-30 06:38:58', 0),
(494, 18, 'Gobindaganj', 1, 645, '2024-05-30 06:38:58', '2024-05-30 06:38:58', 0),
(495, 18, 'Palashbari', 1, 644, '2024-05-30 06:38:58', '2024-05-30 06:38:58', 0),
(496, 18, 'Sadulllahpur', 1, 782, '2024-05-30 06:38:58', '2024-05-30 06:38:58', 0),
(497, 18, 'Saghata', 1, 783, '2024-05-30 06:38:58', '2024-05-30 06:38:58', 0),
(498, 18, 'Sundarganj', 1, 784, '2024-05-30 06:38:58', '2024-05-30 06:38:58', 0),
(499, 19, 'Ambagh', 1, 1714, '2024-05-30 06:38:58', '2024-05-30 06:38:58', 0),
(500, 19, 'Amraid', 1, 1184, '2024-05-30 06:38:58', '2024-05-30 06:38:58', 0),
(501, 19, 'Aral', 1, 1182, '2024-05-30 06:38:58', '2024-05-30 06:38:58', 0),
(502, 19, 'Arikhola', 1, 1719, '2024-05-30 06:38:58', '2024-05-30 06:38:58', 0),
(503, 19, 'Bason', 1, 863, '2024-05-30 06:38:58', '2024-05-30 06:38:58', 0),
(504, 19, 'Bhawal Mirzapur', 1, 1178, '2024-05-30 06:38:58', '2024-05-30 06:38:58', 0),
(505, 19, 'Board Bazar', 1, 862, '2024-05-30 06:38:58', '2024-05-30 06:38:58', 0),
(506, 19, 'Bonmala', 1, 1722, '2024-05-30 06:38:58', '2024-05-30 06:38:58', 0),
(507, 19, 'Borobari', 1, 861, '2024-05-30 06:38:58', '2024-05-30 06:38:58', 0),
(508, 19, 'Chalar Bazar', 1, 1183, '2024-05-30 06:38:58', '2024-05-30 06:38:58', 0),
(509, 19, 'Chondra', 1, 1710, '2024-05-30 06:38:58', '2024-05-30 06:38:58', 0),
(510, 19, 'College gate', 1, 859, '2024-05-30 06:38:58', '2024-05-30 06:38:58', 0),
(511, 19, 'Dolan Bazar', 1, 1718, '2024-05-30 06:38:58', '2024-05-30 06:38:58', 0),
(512, 19, 'Gacha', 1, 990, '2024-05-30 06:38:58', '2024-05-30 06:38:58', 0),
(513, 19, 'Gazipura', 1, 860, '2024-05-30 06:38:58', '2024-05-30 06:38:58', 0),
(514, 19, 'Gazipur Chowrasta', 1, 123, '2024-05-30 06:38:58', '2024-05-30 06:38:58', 0),
(515, 19, 'Hotapara', 1, 866, '2024-05-30 06:38:58', '2024-05-30 06:38:58', 0),
(516, 19, 'Jamalpur Kaliganj', 1, 1720, '2024-05-30 06:38:58', '2024-05-30 06:38:58', 0),
(517, 19, 'Jorun', 1, 1713, '2024-05-30 06:38:58', '2024-05-30 06:38:58', 0),
(518, 19, 'Joydebpur', 1, 864, '2024-05-30 06:38:58', '2024-05-30 06:38:58', 0),
(519, 19, 'Kaliakair', 1, 724, '2024-05-30 06:38:58', '2024-05-30 06:38:58', 0),
(520, 19, 'Kaliganj', 1, 715, '2024-05-30 06:38:58', '2024-05-30 06:38:58', 0),
(521, 19, 'Kapashiya', 1, 865, '2024-05-30 06:38:58', '2024-05-30 06:38:58', 0),
(522, 19, 'Kapasia', 1, 1181, '2024-05-30 06:38:58', '2024-05-30 06:38:58', 0),
(523, 19, 'Kashimpur', 1, 1048, '2024-05-30 06:38:58', '2024-05-30 06:38:58', 0),
(524, 19, 'Konabari', 1, 1068, '2024-05-30 06:38:58', '2024-05-30 06:38:58', 0),
(525, 19, 'Majukhan', 1, 1547, '2024-05-30 06:38:58', '2024-05-30 06:38:58', 0),
(526, 19, 'Mawna', 1, 867, '2024-05-30 06:38:58', '2024-05-30 06:38:58', 0),
(527, 19, 'Mirer Bazar', 1, 1549, '2024-05-30 06:38:58', '2024-05-30 06:38:58', 0),
(528, 19, 'Mowchak', 1, 1047, '2024-05-30 06:38:58', '2024-05-30 06:38:58', 0),
(529, 19, 'Pollibiddut', 1, 1711, '2024-05-30 06:38:58', '2024-05-30 06:38:58', 0),
(530, 19, 'Porabari', 1, 1177, '2024-05-30 06:38:58', '2024-05-30 06:38:58', 0),
(531, 19, 'PRAN RFL Gate', 1, 1717, '2024-05-30 06:38:58', '2024-05-30 06:38:58', 0),
(532, 19, 'Pubail', 1, 1546, '2024-05-30 06:38:58', '2024-05-30 06:38:58', 0),
(533, 19, 'Raja Bari Sreepur', 1, 1716, '2024-05-30 06:38:58', '2024-05-30 06:38:58', 0),
(534, 19, 'Rajendrapur Bangla Bazar', 1, 1179, '2024-05-30 06:38:58', '2024-05-30 06:38:58', 0),
(535, 19, 'Rajendrapur Cantonment', 1, 1180, '2024-05-30 06:38:58', '2024-05-30 06:38:58', 0),
(536, 19, 'Raniganj', 1, 1715, '2024-05-30 06:38:58', '2024-05-30 06:38:58', 0),
(537, 19, 'Shafipur', 1, 1712, '2024-05-30 06:38:58', '2024-05-30 06:38:58', 0),
(538, 19, 'Shimultoli', 1, 1544, '2024-05-30 06:38:58', '2024-05-30 06:38:58', 0),
(539, 19, 'Sreepur', 1, 529, '2024-05-30 06:38:58', '2024-05-30 06:38:58', 0),
(540, 19, 'Station Road Tongi', 1, 1721, '2024-05-30 06:38:58', '2024-05-30 06:38:58', 0),
(541, 19, 'Toke', 1, 1185, '2024-05-30 06:38:58', '2024-05-30 06:38:58', 0),
(542, 19, 'Tongi', 1, 517, '2024-05-30 06:38:58', '2024-05-30 06:38:58', 0),
(543, 19, 'Tongi Cherag Ali', 1, 858, '2024-05-30 06:38:58', '2024-05-30 06:38:58', 0),
(544, 19, 'Ulukhola', 1, 1548, '2024-05-30 06:38:58', '2024-05-30 06:38:58', 0),
(545, 20, 'Gopalganj Sadar', 1, 160, '2024-05-30 06:38:58', '2024-05-30 06:38:58', 0),
(546, 20, 'Kashiani', 1, 918, '2024-05-30 06:38:58', '2024-05-30 06:38:58', 0),
(547, 20, 'Kotalipara', 1, 919, '2024-05-30 06:38:58', '2024-05-30 06:38:58', 0),
(548, 20, 'Muksudpur', 1, 920, '2024-05-30 06:38:58', '2024-05-30 06:38:58', 0),
(549, 20, 'Tungipara', 1, 921, '2024-05-30 06:38:58', '2024-05-30 06:38:58', 0),
(550, 21, 'Azmireeganj', 1, 684, '2024-05-30 06:38:59', '2024-05-30 06:38:59', 0),
(551, 21, 'Bahubal', 1, 725, '2024-05-30 06:38:59', '2024-05-30 06:38:59', 0),
(552, 21, 'Baniachong', 1, 842, '2024-05-30 06:38:59', '2024-05-30 06:38:59', 0),
(553, 21, 'Chunarughat', 1, 843, '2024-05-30 06:38:59', '2024-05-30 06:38:59', 0),
(554, 21, 'Habiganj Sadar', 1, 131, '2024-05-30 06:38:59', '2024-05-30 06:38:59', 0),
(555, 21, 'Lakhai', 1, 844, '2024-05-30 06:38:59', '2024-05-30 06:38:59', 0),
(556, 21, 'Madhabpur', 1, 726, '2024-05-30 06:38:59', '2024-05-30 06:38:59', 0),
(557, 21, 'Nabiganj', 1, 727, '2024-05-30 06:38:59', '2024-05-30 06:38:59', 0),
(558, 21, 'Shaistaganj', 1, 1490, '2024-05-30 06:38:59', '2024-05-30 06:38:59', 0),
(559, 22, 'Bakshiganj', 1, 871, '2024-05-30 06:38:59', '2024-05-30 06:38:59', 0),
(560, 22, 'Dewangonj', 1, 519, '2024-05-30 06:38:59', '2024-05-30 06:38:59', 0),
(561, 22, 'Islampur (Jamalpur)', 1, 649, '2024-05-30 06:38:59', '2024-05-30 06:38:59', 0),
(562, 22, 'Jamalpur Sadar', 1, 143, '2024-05-30 06:38:59', '2024-05-30 06:38:59', 0),
(563, 22, 'Madarganj', 1, 532, '2024-05-30 06:38:59', '2024-05-30 06:38:59', 0),
(564, 22, 'Melandaha', 1, 531, '2024-05-30 06:38:59', '2024-05-30 06:38:59', 0),
(565, 22, 'Sarishabari', 1, 533, '2024-05-30 06:38:59', '2024-05-30 06:38:59', 0),
(566, 23, 'Bagharpara', 1, 600, '2024-05-30 06:38:59', '2024-05-30 06:38:59', 0),
(567, 23, 'Benapole', 1, 116, '2024-05-30 06:38:59', '2024-05-30 06:38:59', 0),
(568, 23, 'Chaugachha', 1, 601, '2024-05-30 06:38:59', '2024-05-30 06:38:59', 0),
(569, 23, 'Jessore Sadar', 1, 115, '2024-05-30 06:38:59', '2024-05-30 06:38:59', 0),
(570, 23, 'Jhikargachha', 1, 602, '2024-05-30 06:38:59', '2024-05-30 06:38:59', 0),
(571, 23, 'Keshabpur', 1, 603, '2024-05-30 06:38:59', '2024-05-30 06:38:59', 0),
(572, 23, 'Monirampur', 1, 604, '2024-05-30 06:38:59', '2024-05-30 06:38:59', 0),
(573, 23, 'Obhoynagar', 1, 605, '2024-05-30 06:38:59', '2024-05-30 06:38:59', 0),
(574, 23, 'Sarsa', 1, 606, '2024-05-30 06:38:59', '2024-05-30 06:38:59', 0),
(575, 24, 'Jhalokathi Sadar', 1, 128, '2024-05-30 06:39:00', '2024-05-30 06:39:00', 0),
(576, 24, 'Kathalia', 1, 583, '2024-05-30 06:39:00', '2024-05-30 06:39:00', 0),
(577, 24, 'Nalchhiti', 1, 609, '2024-05-30 06:39:00', '2024-05-30 06:39:00', 0),
(578, 24, 'Rajapur', 1, 608, '2024-05-30 06:39:00', '2024-05-30 06:39:00', 0),
(579, 25, 'Harinakundu', 1, 465, '2024-05-30 06:39:00', '2024-05-30 06:39:00', 0),
(580, 25, 'Jhenaidah sadar', 1, 153, '2024-05-30 06:39:00', '2024-05-30 06:39:00', 0),
(581, 25, 'Kaligonj', 1, 466, '2024-05-30 06:39:00', '2024-05-30 06:39:00', 0),
(582, 25, 'Kotchandpur', 1, 467, '2024-05-30 06:39:00', '2024-05-30 06:39:00', 0),
(583, 25, 'Maheshpur', 1, 468, '2024-05-30 06:39:00', '2024-05-30 06:39:00', 0),
(584, 25, 'Shailakupa', 1, 469, '2024-05-30 06:39:00', '2024-05-30 06:39:00', 0),
(585, 26, 'Akkelpur', 1, 787, '2024-05-30 06:39:00', '2024-05-30 06:39:00', 0),
(586, 26, 'Joypurhat Sadar', 1, 152, '2024-05-30 06:39:00', '2024-05-30 06:39:00', 0),
(587, 26, 'Kalai', 1, 785, '2024-05-30 06:39:00', '2024-05-30 06:39:00', 0),
(588, 26, 'Khetlal', 1, 786, '2024-05-30 06:39:00', '2024-05-30 06:39:00', 0),
(589, 26, 'Panchbibi', 1, 687, '2024-05-30 06:39:00', '2024-05-30 06:39:00', 0),
(590, 27, 'Bagaichari', 1, 1142, '2024-05-30 06:39:01', '2024-05-30 06:39:01', 0),
(591, 27, 'Dighinala', 1, 709, '2024-05-30 06:39:01', '2024-05-30 06:39:01', 0),
(592, 27, 'Guimara', 1, 888, '2024-05-30 06:39:01', '2024-05-30 06:39:01', 0),
(593, 27, 'Khagrachari Sadar', 1, 167, '2024-05-30 06:39:01', '2024-05-30 06:39:01', 0),
(594, 27, 'Lakkhichhari', 1, 890, '2024-05-30 06:39:01', '2024-05-30 06:39:01', 0),
(595, 27, 'Langodu', 1, 1143, '2024-05-30 06:39:01', '2024-05-30 06:39:01', 0),
(596, 27, 'Mahalchhari', 1, 997, '2024-05-30 06:39:01', '2024-05-30 06:39:01', 0),
(597, 27, 'Maischori', 1, 893, '2024-05-30 06:39:01', '2024-05-30 06:39:01', 0),
(598, 27, 'Manikchhari', 1, 891, '2024-05-30 06:39:01', '2024-05-30 06:39:01', 0),
(599, 27, 'Matiranga', 1, 892, '2024-05-30 06:39:01', '2024-05-30 06:39:01', 0),
(600, 27, 'Mohalchori', 1, 894, '2024-05-30 06:39:01', '2024-05-30 06:39:01', 0),
(601, 27, 'Panchhari', 1, 895, '2024-05-30 06:39:01', '2024-05-30 06:39:01', 0),
(602, 27, 'Ramgar', 1, 889, '2024-05-30 06:39:01', '2024-05-30 06:39:01', 0),
(603, 28, 'Batiaghata', 1, 515, '2024-05-30 06:39:01', '2024-05-30 06:39:01', 0),
(604, 28, 'Boyra', 1, 824, '2024-05-30 06:39:01', '2024-05-30 06:39:01', 0),
(605, 28, 'Chandkhali', 1, 1028, '2024-05-30 06:39:01', '2024-05-30 06:39:01', 0),
(606, 28, 'Daulatpur-Khulna ', 1, 827, '2024-05-30 06:39:01', '2024-05-30 06:39:01', 0),
(607, 28, 'Digholia', 1, 514, '2024-05-30 06:39:01', '2024-05-30 06:39:01', 0),
(608, 28, 'Dumuria', 1, 516, '2024-05-30 06:39:01', '2024-05-30 06:39:01', 0),
(609, 28, 'Fultola', 1, 826, '2024-05-30 06:39:01', '2024-05-30 06:39:01', 0),
(610, 28, 'Khalishpur', 1, 825, '2024-05-30 06:39:01', '2024-05-30 06:39:01', 0),
(611, 28, 'Khulna Sadar', 1, 117, '2024-05-30 06:39:01', '2024-05-30 06:39:01', 0),
(612, 28, 'Kopilmuni', 1, 1006, '2024-05-30 06:39:01', '2024-05-30 06:39:01', 0),
(613, 28, 'Koyra', 1, 1005, '2024-05-30 06:39:01', '2024-05-30 06:39:01', 0),
(614, 28, 'Paikgachha Upozila', 1, 970, '2024-05-30 06:39:01', '2024-05-30 06:39:01', 0),
(615, 28, 'Rupsha', 1, 822, '2024-05-30 06:39:01', '2024-05-30 06:39:01', 0),
(616, 28, 'Shiromoni', 1, 1545, '2024-05-30 06:39:01', '2024-05-30 06:39:01', 0),
(617, 28, 'Sonadanga', 1, 823, '2024-05-30 06:39:01', '2024-05-30 06:39:01', 0);
INSERT INTO `sub_cities` (`id`, `city_id`, `name`, `status`, `pathao_zone_id`, `created_at`, `updated_at`, `delivery_charge`) VALUES
(618, 28, 'Tala Upozilla', 1, 969, '2024-05-30 06:39:01', '2024-05-30 06:39:01', 0),
(619, 28, 'Terokhada', 1, 992, '2024-05-30 06:39:01', '2024-05-30 06:39:01', 0),
(620, 29, 'Astagram', 1, 996, '2024-05-30 06:39:02', '2024-05-30 06:39:02', 0),
(621, 29, 'Bajitpur', 1, 881, '2024-05-30 06:39:02', '2024-05-30 06:39:02', 0),
(622, 29, 'Bhairab', 1, 720, '2024-05-30 06:39:02', '2024-05-30 06:39:02', 0),
(623, 29, 'Hossainpur', 1, 882, '2024-05-30 06:39:02', '2024-05-30 06:39:02', 0),
(624, 29, 'Itna', 1, 995, '2024-05-30 06:39:02', '2024-05-30 06:39:02', 0),
(625, 29, 'Karimganj', 1, 883, '2024-05-30 06:39:02', '2024-05-30 06:39:02', 0),
(626, 29, 'Katiadi Upozila', 1, 1144, '2024-05-30 06:39:02', '2024-05-30 06:39:02', 0),
(627, 29, 'Kishoreganj Sadar', 1, 144, '2024-05-30 06:39:02', '2024-05-30 06:39:02', 0),
(628, 29, 'Kuliarchar', 1, 884, '2024-05-30 06:39:02', '2024-05-30 06:39:02', 0),
(629, 29, 'Mithamoin', 1, 994, '2024-05-30 06:39:02', '2024-05-30 06:39:02', 0),
(630, 29, 'Nikli', 1, 887, '2024-05-30 06:39:02', '2024-05-30 06:39:02', 0),
(631, 29, 'Pakundia', 1, 885, '2024-05-30 06:39:02', '2024-05-30 06:39:02', 0),
(632, 29, 'Tarial', 1, 886, '2024-05-30 06:39:02', '2024-05-30 06:39:02', 0),
(633, 30, 'Bhurungamari', 1, 788, '2024-05-30 06:39:02', '2024-05-30 06:39:02', 0),
(634, 30, 'Char Rajibpur', 1, 795, '2024-05-30 06:39:02', '2024-05-30 06:39:02', 0),
(635, 30, 'Chilmari', 1, 792, '2024-05-30 06:39:02', '2024-05-30 06:39:02', 0),
(636, 30, 'Kurigram Sadar', 1, 159, '2024-05-30 06:39:02', '2024-05-30 06:39:02', 0),
(637, 30, 'Nagesshari', 1, 793, '2024-05-30 06:39:02', '2024-05-30 06:39:02', 0),
(638, 30, 'Phulbari', 1, 789, '2024-05-30 06:39:02', '2024-05-30 06:39:02', 0),
(639, 30, 'Rajarhat', 1, 790, '2024-05-30 06:39:02', '2024-05-30 06:39:02', 0),
(640, 30, 'Rawmari', 1, 794, '2024-05-30 06:39:02', '2024-05-30 06:39:02', 0),
(641, 30, 'Ulipur', 1, 791, '2024-05-30 06:39:02', '2024-05-30 06:39:02', 0),
(642, 31, 'Bheramara', 1, 636, '2024-05-30 06:39:02', '2024-05-30 06:39:02', 0),
(643, 31, 'Daulatpur-Kushtia', 1, 829, '2024-05-30 06:39:02', '2024-05-30 06:39:02', 0),
(644, 31, 'Islamic University', 1, 828, '2024-05-30 06:39:02', '2024-05-30 06:39:02', 0),
(645, 31, 'Khoksha', 1, 637, '2024-05-30 06:39:02', '2024-05-30 06:39:02', 0),
(646, 31, 'Kumarkhali', 1, 634, '2024-05-30 06:39:02', '2024-05-30 06:39:02', 0),
(647, 31, 'Kushtia-Mirpur', 1, 635, '2024-05-30 06:39:02', '2024-05-30 06:39:02', 0),
(648, 31, 'Kushtia Sadar', 1, 129, '2024-05-30 06:39:03', '2024-05-30 06:39:03', 0),
(649, 32, 'Chandraganj', 1, 1526, '2024-05-30 06:39:03', '2024-05-30 06:39:03', 0),
(650, 32, 'kamalnagar', 1, 1527, '2024-05-30 06:39:03', '2024-05-30 06:39:03', 0),
(651, 32, 'Komalnagar', 1, 530, '2024-05-30 06:39:03', '2024-05-30 06:39:03', 0),
(652, 32, 'Lakshimpur Sadar', 1, 142, '2024-05-30 06:39:03', '2024-05-30 06:39:03', 0),
(653, 32, 'Raipur', 1, 575, '2024-05-30 06:39:03', '2024-05-30 06:39:03', 0),
(654, 32, 'Ramganj', 1, 574, '2024-05-30 06:39:03', '2024-05-30 06:39:03', 0),
(655, 32, 'Ramgoti', 1, 747, '2024-05-30 06:39:03', '2024-05-30 06:39:03', 0),
(656, 33, 'Aditmari', 1, 802, '2024-05-30 06:39:03', '2024-05-30 06:39:03', 0),
(657, 33, 'Hatibandha', 1, 804, '2024-05-30 06:39:03', '2024-05-30 06:39:03', 0),
(658, 33, 'Kaliganj - Lalmonirhat', 1, 803, '2024-05-30 06:39:03', '2024-05-30 06:39:03', 0),
(659, 33, 'Lalmonirhat Sadar', 1, 161, '2024-05-30 06:39:03', '2024-05-30 06:39:03', 0),
(660, 33, 'Patgram', 1, 805, '2024-05-30 06:39:03', '2024-05-30 06:39:03', 0),
(661, 34, 'Dasar Thana', 1, 870, '2024-05-30 06:39:03', '2024-05-30 06:39:03', 0),
(662, 34, 'Kalkini Thana', 1, 869, '2024-05-30 06:39:03', '2024-05-30 06:39:03', 0),
(663, 34, 'Kodombari', 1, 1521, '2024-05-30 06:39:03', '2024-05-30 06:39:03', 0),
(664, 34, 'Madaripur Sadar', 1, 145, '2024-05-30 06:39:03', '2024-05-30 06:39:03', 0),
(665, 34, 'Rajoir thana', 1, 146, '2024-05-30 06:39:03', '2024-05-30 06:39:03', 0),
(666, 34, 'Shibchar', 1, 718, '2024-05-30 06:39:03', '2024-05-30 06:39:03', 0),
(667, 34, 'Takerhat Sadar', 1, 1522, '2024-05-30 06:39:03', '2024-05-30 06:39:03', 0),
(668, 35, 'Magura Sadar', 1, 164, '2024-05-30 06:39:04', '2024-05-30 06:39:04', 0),
(669, 35, 'Mohammadpur-Magura', 1, 463, '2024-05-30 06:39:04', '2024-05-30 06:39:04', 0),
(670, 35, 'Shalikha', 1, 956, '2024-05-30 06:39:04', '2024-05-30 06:39:04', 0),
(671, 35, 'Sreepur (Magura)', 1, 464, '2024-05-30 06:39:04', '2024-05-30 06:39:04', 0),
(672, 36, 'ANGAR PARA', 1, 1196, '2024-05-30 06:39:04', '2024-05-30 06:39:04', 0),
(673, 36, 'Daulatpur - Manikganj', 1, 856, '2024-05-30 06:39:04', '2024-05-30 06:39:04', 0),
(674, 36, 'DAULATPUR-Manikganj', 1, 1194, '2024-05-30 06:39:04', '2024-05-30 06:39:04', 0),
(675, 36, 'Ghior', 1, 1193, '2024-05-30 06:39:04', '2024-05-30 06:39:04', 0),
(676, 36, 'Ghior Thana', 1, 854, '2024-05-30 06:39:04', '2024-05-30 06:39:04', 0),
(677, 36, 'Harirampur', 1, 853, '2024-05-30 06:39:04', '2024-05-30 06:39:04', 0),
(678, 36, 'Manikganj Sadar', 1, 112, '2024-05-30 06:39:04', '2024-05-30 06:39:04', 0),
(679, 36, 'Saturia', 1, 857, '2024-05-30 06:39:04', '2024-05-30 06:39:04', 0),
(680, 36, 'SHIBALAYA', 1, 1195, '2024-05-30 06:39:04', '2024-05-30 06:39:04', 0),
(681, 36, 'Shivalaya', 1, 855, '2024-05-30 06:39:04', '2024-05-30 06:39:04', 0),
(682, 36, 'Singair', 1, 852, '2024-05-30 06:39:04', '2024-05-30 06:39:04', 0),
(683, 37, 'Gangni', 1, 610, '2024-05-30 06:39:04', '2024-05-30 06:39:04', 0),
(684, 37, 'Meherpur Sadar', 1, 154, '2024-05-30 06:39:04', '2024-05-30 06:39:04', 0),
(685, 37, 'Mujibnagar', 1, 830, '2024-05-30 06:39:04', '2024-05-30 06:39:04', 0),
(686, 38, 'Baralekha', 1, 676, '2024-05-30 06:39:05', '2024-05-30 06:39:05', 0),
(687, 38, 'Juri', 1, 678, '2024-05-30 06:39:05', '2024-05-30 06:39:05', 0),
(688, 38, 'Kamalganj', 1, 679, '2024-05-30 06:39:05', '2024-05-30 06:39:05', 0),
(689, 38, 'Kulaura', 1, 680, '2024-05-30 06:39:05', '2024-05-30 06:39:05', 0),
(690, 38, 'Mouluvibazar Sadar', 1, 108, '2024-05-30 06:39:05', '2024-05-30 06:39:05', 0),
(691, 38, 'Rajnagar', 1, 677, '2024-05-30 06:39:05', '2024-05-30 06:39:05', 0),
(692, 38, 'Sreemangal', 1, 624, '2024-05-30 06:39:05', '2024-05-30 06:39:05', 0),
(693, 39, 'Gazaria', 1, 821, '2024-05-30 06:39:05', '2024-05-30 06:39:05', 0),
(694, 39, 'Lohajong', 1, 710, '2024-05-30 06:39:05', '2024-05-30 06:39:05', 0),
(695, 39, 'Munshiganj Sadar', 1, 124, '2024-05-30 06:39:05', '2024-05-30 06:39:05', 0),
(696, 39, 'Pakhir mor', 1, 1506, '2024-05-30 06:39:05', '2024-05-30 06:39:05', 0),
(697, 39, 'Rosulpur', 1, 1116, '2024-05-30 06:39:05', '2024-05-30 06:39:05', 0),
(698, 39, 'Sirajdikhan', 1, 711, '2024-05-30 06:39:05', '2024-05-30 06:39:05', 0),
(699, 39, 'Sreenagar', 1, 712, '2024-05-30 06:39:05', '2024-05-30 06:39:05', 0),
(700, 39, 'Tongibari', 1, 713, '2024-05-30 06:39:05', '2024-05-30 06:39:05', 0),
(701, 39, 'Vabarchar', 1, 1115, '2024-05-30 06:39:05', '2024-05-30 06:39:05', 0),
(702, 40, 'Bhaluka', 1, 850, '2024-05-30 06:39:06', '2024-05-30 06:39:06', 0),
(703, 40, 'Dhobaura', 1, 847, '2024-05-30 06:39:06', '2024-05-30 06:39:06', 0),
(704, 40, 'Fulbaria', 1, 511, '2024-05-30 06:39:06', '2024-05-30 06:39:06', 0),
(705, 40, 'Gafargaon', 1, 845, '2024-05-30 06:39:06', '2024-05-30 06:39:06', 0),
(706, 40, 'Gauripur', 1, 846, '2024-05-30 06:39:06', '2024-05-30 06:39:06', 0),
(707, 40, 'Haluaghat', 1, 851, '2024-05-30 06:39:06', '2024-05-30 06:39:06', 0),
(708, 40, 'Ishwarganj', 1, 513, '2024-05-30 06:39:06', '2024-05-30 06:39:06', 0),
(709, 40, 'Muktagachha', 1, 512, '2024-05-30 06:39:06', '2024-05-30 06:39:06', 0),
(710, 40, 'Mymensingh Sadar', 1, 127, '2024-05-30 06:39:06', '2024-05-30 06:39:06', 0),
(711, 40, 'Nandail', 1, 848, '2024-05-30 06:39:06', '2024-05-30 06:39:06', 0),
(712, 40, 'Pagla', 1, 1038, '2024-05-30 06:39:06', '2024-05-30 06:39:06', 0),
(713, 40, 'Phulpur', 1, 849, '2024-05-30 06:39:06', '2024-05-30 06:39:06', 0),
(714, 40, 'Shomvugonj', 1, 1489, '2024-05-30 06:39:06', '2024-05-30 06:39:06', 0),
(715, 40, 'Tarakanda', 1, 1049, '2024-05-30 06:39:06', '2024-05-30 06:39:06', 0),
(716, 40, 'Trishal', 1, 510, '2024-05-30 06:39:06', '2024-05-30 06:39:06', 0),
(717, 41, 'Atrai', 1, 584, '2024-05-30 06:39:07', '2024-05-30 06:39:07', 0),
(718, 41, 'Bodolgaci', 1, 766, '2024-05-30 06:39:07', '2024-05-30 06:39:07', 0),
(719, 41, 'Dhamairhat', 1, 765, '2024-05-30 06:39:07', '2024-05-30 06:39:07', 0),
(720, 41, 'Manda (Naogaon)', 1, 759, '2024-05-30 06:39:07', '2024-05-30 06:39:07', 0),
(721, 41, 'Mohadebpur', 1, 761, '2024-05-30 06:39:07', '2024-05-30 06:39:07', 0),
(722, 41, 'Naogaon  Sadar', 1, 150, '2024-05-30 06:39:07', '2024-05-30 06:39:07', 0),
(723, 41, 'Niyamatpur', 1, 760, '2024-05-30 06:39:07', '2024-05-30 06:39:07', 0),
(724, 41, 'Porsha', 1, 764, '2024-05-30 06:39:07', '2024-05-30 06:39:07', 0),
(725, 41, 'Potnitola', 1, 762, '2024-05-30 06:39:07', '2024-05-30 06:39:07', 0),
(726, 41, 'Raninagaor', 1, 758, '2024-05-30 06:39:07', '2024-05-30 06:39:07', 0),
(727, 41, 'Sapaher', 1, 763, '2024-05-30 06:39:07', '2024-05-30 06:39:07', 0),
(728, 42, 'Kalia', 1, 706, '2024-05-30 06:39:07', '2024-05-30 06:39:07', 0),
(729, 42, 'Narail - Lohagara', 1, 707, '2024-05-30 06:39:07', '2024-05-30 06:39:07', 0),
(730, 42, 'Narail Sadar', 1, 158, '2024-05-30 06:39:07', '2024-05-30 06:39:07', 0),
(731, 42, 'Terokhada', 1, 982, '2024-05-30 06:39:07', '2024-05-30 06:39:07', 0),
(732, 43, '2 no gate', 1, 1025, '2024-05-30 06:39:08', '2024-05-30 06:39:08', 0),
(733, 43, 'Adomji', 1, 1513, '2024-05-30 06:39:08', '2024-05-30 06:39:08', 0),
(734, 43, 'amlapara', 1, 1085, '2024-05-30 06:39:08', '2024-05-30 06:39:08', 0),
(735, 43, 'ananda bazar', 1, 1052, '2024-05-30 06:39:08', '2024-05-30 06:39:08', 0),
(736, 43, 'Araihazar', 1, 721, '2024-05-30 06:39:08', '2024-05-30 06:39:08', 0),
(737, 43, 'Araihazar Sador', 1, 1460, '2024-05-30 06:39:08', '2024-05-30 06:39:08', 0),
(738, 43, 'Atlapur', 1, 1569, '2024-05-30 06:39:08', '2024-05-30 06:39:08', 0),
(739, 43, 'baburail', 1, 1088, '2024-05-30 06:39:08', '2024-05-30 06:39:08', 0),
(740, 43, 'Baidder Bazar', 1, 1010, '2024-05-30 06:39:08', '2024-05-30 06:39:08', 0),
(741, 43, 'Bandar', 1, 648, '2024-05-30 06:39:08', '2024-05-30 06:39:08', 0),
(742, 43, 'Bandar Amin/ Rupali', 1, 1508, '2024-05-30 06:39:08', '2024-05-30 06:39:08', 0),
(743, 43, 'Bandar Shabdi', 1, 1507, '2024-05-30 06:39:08', '2024-05-30 06:39:08', 0),
(744, 43, 'Banti-Bazar', 1, 1566, '2024-05-30 06:39:08', '2024-05-30 06:39:08', 0),
(745, 43, 'Bausia', 1, 1114, '2024-05-30 06:39:08', '2024-05-30 06:39:08', 0),
(746, 43, 'Bb road', 1, 1084, '2024-05-30 06:39:08', '2024-05-30 06:39:08', 0),
(747, 43, 'Beldi-Daudpur', 1, 1145, '2024-05-30 06:39:08', '2024-05-30 06:39:08', 0),
(748, 43, 'Bhuighor', 1, 1127, '2024-05-30 06:39:08', '2024-05-30 06:39:08', 0),
(749, 43, 'Bhulta/Gawsia', 1, 723, '2024-05-30 06:39:08', '2024-05-30 06:39:08', 0),
(750, 43, 'Bisic', 1, 1189, '2024-05-30 06:39:08', '2024-05-30 06:39:08', 0),
(751, 43, 'Boktaboli', 1, 1191, '2024-05-30 06:39:08', '2024-05-30 06:39:08', 0),
(752, 43, 'Borabo', 1, 1562, '2024-05-30 06:39:08', '2024-05-30 06:39:08', 0),
(753, 43, 'Chanpara-Nawra', 1, 1568, '2024-05-30 06:39:08', '2024-05-30 06:39:08', 0),
(754, 43, 'Chashra', 1, 1120, '2024-05-30 06:39:08', '2024-05-30 06:39:08', 0),
(755, 43, 'Chowdhuri bari', 1, 1504, '2024-05-30 06:39:08', '2024-05-30 06:39:08', 0),
(756, 43, 'Chowdhuri bari- Siddhirganj', 1, 1516, '2024-05-30 06:39:08', '2024-05-30 06:39:08', 0),
(757, 43, 'Delpara', 1, 1124, '2024-05-30 06:39:08', '2024-05-30 06:39:08', 0),
(758, 43, 'Deobhog', 1, 1505, '2024-05-30 06:39:08', '2024-05-30 06:39:08', 0),
(759, 43, 'Don Chamber', 1, 121, '2024-05-30 06:39:08', '2024-05-30 06:39:08', 0),
(760, 43, 'Ekrampur', 1, 1083, '2024-05-30 06:39:08', '2024-05-30 06:39:08', 0),
(761, 43, 'Epz', 1, 1126, '2024-05-30 06:39:08', '2024-05-30 06:39:08', 0),
(762, 43, 'Fatullah Bazar', 1, 1511, '2024-05-30 06:39:08', '2024-05-30 06:39:08', 0),
(763, 43, 'Fatullah Rail station ', 1, 1517, '2024-05-30 06:39:08', '2024-05-30 06:39:08', 0),
(764, 43, 'Gopaldi', 1, 1464, '2024-05-30 06:39:08', '2024-05-30 06:39:08', 0),
(765, 43, 'Isdair', 1, 1192, '2024-05-30 06:39:08', '2024-05-30 06:39:08', 0),
(766, 43, 'Ispahani Bandar', 1, 1082, '2024-05-30 06:39:08', '2024-05-30 06:39:08', 0),
(767, 43, 'Jahangir Road', 1, 1570, '2024-05-30 06:39:08', '2024-05-30 06:39:08', 0),
(768, 43, 'Jalkuri', 1, 1017, '2024-05-30 06:39:08', '2024-05-30 06:39:08', 0),
(769, 43, 'Kachpur', 1, 1033, '2024-05-30 06:39:08', '2024-05-30 06:39:08', 0),
(770, 43, 'kaikartek', 1, 1051, '2024-05-30 06:39:08', '2024-05-30 06:39:08', 0),
(771, 43, 'Kanchan', 1, 1560, '2024-05-30 06:39:08', '2024-05-30 06:39:08', 0),
(772, 43, 'kanchpur', 1, 1050, '2024-05-30 06:39:08', '2024-05-30 06:39:08', 0),
(773, 43, 'Kashipur', 1, 1089, '2024-05-30 06:39:08', '2024-05-30 06:39:08', 0),
(774, 43, 'Khaira', 1, 1463, '2024-05-30 06:39:08', '2024-05-30 06:39:08', 0),
(775, 43, 'Khanpur', 1, 1123, '2024-05-30 06:39:08', '2024-05-30 06:39:08', 0),
(776, 43, 'Lokkhon khola', 1, 1509, '2024-05-30 06:39:08', '2024-05-30 06:39:08', 0),
(777, 43, 'Madanganj', 1, 1080, '2024-05-30 06:39:08', '2024-05-30 06:39:08', 0),
(778, 43, 'Madanpur', 1, 1004, '2024-05-30 06:39:08', '2024-05-30 06:39:08', 0),
(779, 43, 'Mahmudpur', 1, 1186, '2024-05-30 06:39:08', '2024-05-30 06:39:08', 0),
(780, 43, 'Majdair', 1, 1118, '2024-05-30 06:39:08', '2024-05-30 06:39:08', 0),
(781, 43, 'Masdair', 1, 1020, '2024-05-30 06:39:08', '2024-05-30 06:39:08', 0),
(782, 43, 'Mitali Market', 1, 1188, '2024-05-30 06:39:08', '2024-05-30 06:39:08', 0),
(783, 43, 'Modonpur', 1, 1039, '2024-05-30 06:39:08', '2024-05-30 06:39:08', 0),
(784, 43, 'Mograpara', 1, 1091, '2024-05-30 06:39:08', '2024-05-30 06:39:08', 0),
(785, 43, 'Murapara', 1, 1567, '2024-05-30 06:39:08', '2024-05-30 06:39:08', 0),
(786, 43, 'Nabiganj Bandar', 1, 1081, '2024-05-30 06:39:08', '2024-05-30 06:39:08', 0),
(787, 43, 'Neela Market', 1, 1146, '2024-05-30 06:39:08', '2024-05-30 06:39:08', 0),
(788, 43, 'New town', 1, 1117, '2024-05-30 06:39:08', '2024-05-30 06:39:08', 0),
(789, 43, 'Nila Market', 1, 1148, '2024-05-30 06:39:08', '2024-05-30 06:39:08', 0),
(790, 43, 'Nitaiganj', 1, 1024, '2024-05-30 06:39:08', '2024-05-30 06:39:08', 0),
(791, 43, 'Nowa para - Bhulta', 1, 1564, '2024-05-30 06:39:08', '2024-05-30 06:39:08', 0),
(792, 43, 'Pachgaon - Bhulta', 1, 1565, '2024-05-30 06:39:08', '2024-05-30 06:39:08', 0),
(793, 43, 'Pagla', 1, 334, '2024-05-30 06:39:08', '2024-05-30 06:39:08', 0),
(794, 43, 'paikpara Narayanganj', 1, 1087, '2024-05-30 06:39:08', '2024-05-30 06:39:08', 0),
(795, 43, 'Panchabati', 1, 1119, '2024-05-30 06:39:08', '2024-05-30 06:39:08', 0),
(796, 43, 'Passport office (Siddhirganj)', 1, 1187, '2024-05-30 06:39:08', '2024-05-30 06:39:08', 0),
(797, 43, 'Pathantoli-Hajiganj', 1, 1518, '2024-05-30 06:39:08', '2024-05-30 06:39:08', 0),
(798, 43, 'Ponchoboti', 1, 1021, '2024-05-30 06:39:08', '2024-05-30 06:39:08', 0),
(799, 43, 'Provakordi', 1, 1462, '2024-05-30 06:39:08', '2024-05-30 06:39:08', 0),
(800, 43, 'Purbachal', 1, 1147, '2024-05-30 06:39:08', '2024-05-30 06:39:08', 0),
(801, 43, 'Rupganj', 1, 722, '2024-05-30 06:39:08', '2024-05-30 06:39:08', 0),
(802, 43, 'Rupshi', 1, 1561, '2024-05-30 06:39:08', '2024-05-30 06:39:08', 0),
(803, 43, 'Sayedpur - Narayanganj', 1, 1086, '2024-05-30 06:39:08', '2024-05-30 06:39:08', 0),
(804, 43, 'Shaheb para', 1, 1103, '2024-05-30 06:39:08', '2024-05-30 06:39:08', 0),
(805, 43, 'Shanarpar', 1, 1022, '2024-05-30 06:39:08', '2024-05-30 06:39:08', 0),
(806, 43, 'Shibu Market', 1, 1018, '2024-05-30 06:39:08', '2024-05-30 06:39:08', 0),
(807, 43, 'Shiddriganj', 1, 1125, '2024-05-30 06:39:08', '2024-05-30 06:39:08', 0),
(808, 43, 'Shiddriganj Pool', 1, 1512, '2024-05-30 06:39:08', '2024-05-30 06:39:08', 0),
(809, 43, 'Siddirganj', 1, 493, '2024-05-30 06:39:08', '2024-05-30 06:39:08', 0),
(810, 43, 'Signboard', 1, 1515, '2024-05-30 06:39:08', '2024-05-30 06:39:08', 0),
(811, 43, 'Sonargaon', 1, 654, '2024-05-30 06:39:08', '2024-05-30 06:39:08', 0),
(812, 43, 'South Chashara', 1, 120, '2024-05-30 06:39:08', '2024-05-30 06:39:08', 0),
(813, 43, 'Tarabo', 1, 1563, '2024-05-30 06:39:08', '2024-05-30 06:39:08', 0),
(814, 43, 'Tin Gao', 1, 1510, '2024-05-30 06:39:08', '2024-05-30 06:39:08', 0),
(815, 43, 'Uchitpura', 1, 1461, '2024-05-30 06:39:08', '2024-05-30 06:39:08', 0),
(816, 43, 'Volail', 1, 1190, '2024-05-30 06:39:08', '2024-05-30 06:39:08', 0),
(817, 43, 'Zilla Parishod', 1, 1019, '2024-05-30 06:39:08', '2024-05-30 06:39:08', 0),
(818, 44, 'Belabo', 1, 520, '2024-05-30 06:39:08', '2024-05-30 06:39:08', 0),
(819, 44, 'Chalakchar', 1, 1199, '2024-05-30 06:39:08', '2024-05-30 06:39:08', 0),
(820, 44, 'Hatirdia', 1, 1198, '2024-05-30 06:39:08', '2024-05-30 06:39:08', 0),
(821, 44, 'Madhabdi', 1, 708, '2024-05-30 06:39:08', '2024-05-30 06:39:08', 0),
(822, 44, 'MONOHARDI', 1, 1197, '2024-05-30 06:39:08', '2024-05-30 06:39:08', 0),
(823, 44, 'Monohordi', 1, 521, '2024-05-30 06:39:08', '2024-05-30 06:39:08', 0),
(824, 44, 'Narshingdi Sadar', 1, 151, '2024-05-30 06:39:08', '2024-05-30 06:39:08', 0),
(825, 44, 'Palash', 1, 522, '2024-05-30 06:39:08', '2024-05-30 06:39:08', 0),
(826, 44, 'Raipura North', 1, 1141, '2024-05-30 06:39:08', '2024-05-30 06:39:08', 0),
(827, 44, 'Raipura South', 1, 523, '2024-05-30 06:39:08', '2024-05-30 06:39:08', 0),
(828, 44, 'Shibpur', 1, 524, '2024-05-30 06:39:08', '2024-05-30 06:39:08', 0),
(829, 45, 'Bagatipara', 1, 503, '2024-05-30 06:39:08', '2024-05-30 06:39:08', 0),
(830, 45, 'Baraigram', 1, 500, '2024-05-30 06:39:08', '2024-05-30 06:39:08', 0),
(831, 45, 'Gopalpur UPO', 1, 991, '2024-05-30 06:39:08', '2024-05-30 06:39:08', 0),
(832, 45, 'Gurdaspur', 1, 502, '2024-05-30 06:39:08', '2024-05-30 06:39:08', 0),
(833, 45, 'Lalpur', 1, 1007, '2024-05-30 06:39:08', '2024-05-30 06:39:08', 0),
(834, 45, 'Naldanga - Natore', 1, 579, '2024-05-30 06:39:08', '2024-05-30 06:39:08', 0),
(835, 45, 'Natore Sadar', 1, 110, '2024-05-30 06:39:08', '2024-05-30 06:39:08', 0),
(836, 45, 'Singra', 1, 501, '2024-05-30 06:39:08', '2024-05-30 06:39:08', 0),
(837, 46, 'Atpara', 1, 872, '2024-05-30 06:39:09', '2024-05-30 06:39:09', 0),
(838, 46, 'Barhatta', 1, 878, '2024-05-30 06:39:09', '2024-05-30 06:39:09', 0),
(839, 46, 'Kalmakanda', 1, 873, '2024-05-30 06:39:09', '2024-05-30 06:39:09', 0),
(840, 46, 'Kendua', 1, 874, '2024-05-30 06:39:09', '2024-05-30 06:39:09', 0),
(841, 46, 'Khaliajuri', 1, 875, '2024-05-30 06:39:09', '2024-05-30 06:39:09', 0),
(842, 46, 'Madan', 1, 879, '2024-05-30 06:39:09', '2024-05-30 06:39:09', 0),
(843, 46, 'Mohanganj', 1, 880, '2024-05-30 06:39:09', '2024-05-30 06:39:09', 0),
(844, 46, 'Netrokona Sadar', 1, 147, '2024-05-30 06:39:09', '2024-05-30 06:39:09', 0),
(845, 46, 'Purbadhala', 1, 877, '2024-05-30 06:39:09', '2024-05-30 06:39:09', 0),
(846, 46, 'Susang Durgapur', 1, 876, '2024-05-30 06:39:09', '2024-05-30 06:39:09', 0),
(847, 47, 'Dimla', 1, 640, '2024-05-30 06:39:09', '2024-05-30 06:39:09', 0),
(848, 47, 'Domar', 1, 641, '2024-05-30 06:39:09', '2024-05-30 06:39:09', 0),
(849, 47, 'Jaldhaka', 1, 642, '2024-05-30 06:39:09', '2024-05-30 06:39:09', 0),
(850, 47, 'Kishoriganj', 1, 643, '2024-05-30 06:39:09', '2024-05-30 06:39:09', 0),
(851, 47, 'Nilphamari Sadar', 1, 140, '2024-05-30 06:39:09', '2024-05-30 06:39:09', 0),
(852, 47, 'Saidpur', 1, 141, '2024-05-30 06:39:09', '2024-05-30 06:39:09', 0),
(853, 47, 'Taraganj', 1, 590, '2024-05-30 06:39:09', '2024-05-30 06:39:09', 0),
(854, 48, 'Basurhat', 1, 620, '2024-05-30 06:39:09', '2024-05-30 06:39:09', 0),
(855, 48, 'Begumganj', 1, 621, '2024-05-30 06:39:09', '2024-05-30 06:39:09', 0),
(856, 48, 'Chatkhil', 1, 622, '2024-05-30 06:39:09', '2024-05-30 06:39:09', 0),
(857, 48, 'Chondrogonj Thana', 1, 742, '2024-05-30 06:39:09', '2024-05-30 06:39:09', 0),
(858, 48, 'Companigonj', 1, 744, '2024-05-30 06:39:09', '2024-05-30 06:39:09', 0),
(859, 48, 'Hatia', 1, 983, '2024-05-30 06:39:09', '2024-05-30 06:39:09', 0),
(860, 48, 'Kobirhat', 1, 1106, '2024-05-30 06:39:09', '2024-05-30 06:39:09', 0),
(861, 48, 'Maizdee', 1, 639, '2024-05-30 06:39:09', '2024-05-30 06:39:09', 0),
(862, 48, 'Noakhali Sadar', 1, 101, '2024-05-30 06:39:09', '2024-05-30 06:39:09', 0),
(863, 48, 'Senbag', 1, 623, '2024-05-30 06:39:09', '2024-05-30 06:39:09', 0),
(864, 48, 'Sonaimuri', 1, 704, '2024-05-30 06:39:09', '2024-05-30 06:39:09', 0),
(865, 48, 'Sonapur', 1, 743, '2024-05-30 06:39:09', '2024-05-30 06:39:09', 0),
(866, 48, 'Subornochar', 1, 745, '2024-05-30 06:39:09', '2024-05-30 06:39:09', 0),
(867, 49, 'Aminpur', 1, 1040, '2024-05-30 06:39:09', '2024-05-30 06:39:09', 0),
(868, 49, 'Ataikula', 1, 773, '2024-05-30 06:39:09', '2024-05-30 06:39:09', 0),
(869, 49, 'Atghoria', 1, 505, '2024-05-30 06:39:09', '2024-05-30 06:39:09', 0),
(870, 49, 'Bera', 1, 555, '2024-05-30 06:39:09', '2024-05-30 06:39:09', 0),
(871, 49, 'Bhangura', 1, 556, '2024-05-30 06:39:09', '2024-05-30 06:39:09', 0),
(872, 49, 'Chatmohar', 1, 557, '2024-05-30 06:39:09', '2024-05-30 06:39:09', 0),
(873, 49, 'Faridpur', 1, 1394, '2024-05-30 06:39:09', '2024-05-30 06:39:09', 0),
(874, 49, 'Ishwardi', 1, 504, '2024-05-30 06:39:09', '2024-05-30 06:39:09', 0),
(875, 49, 'Kasinathpur', 1, 772, '2024-05-30 06:39:09', '2024-05-30 06:39:09', 0),
(876, 49, 'Pabna-Faridpur', 1, 770, '2024-05-30 06:39:09', '2024-05-30 06:39:09', 0),
(877, 49, 'Pabna Sadar', 1, 125, '2024-05-30 06:39:09', '2024-05-30 06:39:09', 0),
(878, 49, 'Sathia', 1, 771, '2024-05-30 06:39:09', '2024-05-30 06:39:09', 0),
(879, 49, 'Sujanagar', 1, 506, '2024-05-30 06:39:09', '2024-05-30 06:39:09', 0),
(880, 49, 'Tebunia', 1, 554, '2024-05-30 06:39:09', '2024-05-30 06:39:09', 0),
(881, 50, 'Atwari', 1, 806, '2024-05-30 06:39:10', '2024-05-30 06:39:10', 0),
(882, 50, 'Boda', 1, 809, '2024-05-30 06:39:10', '2024-05-30 06:39:10', 0),
(883, 50, 'Debiganj', 1, 808, '2024-05-30 06:39:10', '2024-05-30 06:39:10', 0),
(884, 50, 'Panchagarh Sadar', 1, 138, '2024-05-30 06:39:10', '2024-05-30 06:39:10', 0),
(885, 50, 'Tetulia', 1, 807, '2024-05-30 06:39:10', '2024-05-30 06:39:10', 0),
(886, 51, 'Bauphal', 1, 470, '2024-05-30 06:39:10', '2024-05-30 06:39:10', 0),
(887, 51, 'Dashmina', 1, 999, '2024-05-30 06:39:10', '2024-05-30 06:39:10', 0),
(888, 51, 'Dumkee', 1, 471, '2024-05-30 06:39:10', '2024-05-30 06:39:10', 0),
(889, 51, 'Gala chipa', 1, 472, '2024-05-30 06:39:10', '2024-05-30 06:39:10', 0),
(890, 51, 'Kala para', 1, 473, '2024-05-30 06:39:10', '2024-05-30 06:39:10', 0),
(891, 51, 'Khepupara', 1, 988, '2024-05-30 06:39:10', '2024-05-30 06:39:10', 0),
(892, 51, 'Mohipur', 1, 1034, '2024-05-30 06:39:10', '2024-05-30 06:39:10', 0),
(893, 51, 'Patuakhali Sadar', 1, 130, '2024-05-30 06:39:10', '2024-05-30 06:39:10', 0),
(894, 51, 'Subidkhali', 1, 998, '2024-05-30 06:39:10', '2024-05-30 06:39:10', 0),
(895, 52, 'Bhandaria', 1, 906, '2024-05-30 06:39:10', '2024-05-30 06:39:10', 0),
(896, 52, 'kaukhali', 1, 570, '2024-05-30 06:39:10', '2024-05-30 06:39:10', 0),
(897, 52, 'Mathbaria', 1, 907, '2024-05-30 06:39:10', '2024-05-30 06:39:10', 0),
(898, 52, 'Nazirpur', 1, 571, '2024-05-30 06:39:10', '2024-05-30 06:39:10', 0),
(899, 52, 'Pirojpur-Indurkani', 1, 1395, '2024-05-30 06:39:10', '2024-05-30 06:39:10', 0),
(900, 52, 'Pirojpur Sadar', 1, 132, '2024-05-30 06:39:10', '2024-05-30 06:39:10', 0),
(901, 52, 'Swarupkathi', 1, 905, '2024-05-30 06:39:10', '2024-05-30 06:39:10', 0),
(902, 53, 'Baliakandi', 1, 947, '2024-05-30 06:39:11', '2024-05-30 06:39:11', 0),
(903, 53, 'Goalanda', 1, 948, '2024-05-30 06:39:11', '2024-05-30 06:39:11', 0),
(904, 53, 'Kalukhali', 1, 950, '2024-05-30 06:39:11', '2024-05-30 06:39:11', 0),
(905, 53, 'Pangsha', 1, 949, '2024-05-30 06:39:11', '2024-05-30 06:39:11', 0),
(906, 53, 'Rajbari Sadar', 1, 162, '2024-05-30 06:39:11', '2024-05-30 06:39:11', 0),
(907, 54, 'Bagha', 1, 577, '2024-05-30 06:39:12', '2024-05-30 06:39:12', 0),
(908, 54, 'Bagmara', 1, 497, '2024-05-30 06:39:12', '2024-05-30 06:39:12', 0),
(909, 54, 'Banseshwar', 1, 1011, '2024-05-30 06:39:12', '2024-05-30 06:39:12', 0),
(910, 54, 'Charghat', 1, 499, '2024-05-30 06:39:12', '2024-05-30 06:39:12', 0),
(911, 54, 'Durgapur', 1, 498, '2024-05-30 06:39:12', '2024-05-30 06:39:12', 0),
(912, 54, 'Godagari', 1, 578, '2024-05-30 06:39:12', '2024-05-30 06:39:12', 0),
(913, 54, 'Katakhali', 1, 767, '2024-05-30 06:39:12', '2024-05-30 06:39:12', 0),
(914, 54, 'Mohonpur', 1, 495, '2024-05-30 06:39:12', '2024-05-30 06:39:12', 0),
(915, 54, 'Motihar', 1, 768, '2024-05-30 06:39:12', '2024-05-30 06:39:12', 0),
(916, 54, 'Paba', 1, 494, '2024-05-30 06:39:12', '2024-05-30 06:39:12', 0),
(917, 54, 'Puthia', 1, 576, '2024-05-30 06:39:12', '2024-05-30 06:39:12', 0),
(918, 54, 'Rajpara', 1, 769, '2024-05-30 06:39:12', '2024-05-30 06:39:12', 0),
(919, 54, 'Rajshahi Sadar (Boalia)', 1, 90, '2024-05-30 06:39:12', '2024-05-30 06:39:12', 0),
(920, 54, 'Shah Mokdum', 1, 580, '2024-05-30 06:39:12', '2024-05-30 06:39:12', 0),
(921, 54, 'Sharda', 1, 1012, '2024-05-30 06:39:12', '2024-05-30 06:39:12', 0),
(922, 54, 'Taherpur', 1, 1013, '2024-05-30 06:39:12', '2024-05-30 06:39:12', 0),
(923, 54, 'Tanor', 1, 496, '2024-05-30 06:39:12', '2024-05-30 06:39:12', 0),
(924, 55, 'Kaptai', 1, 672, '2024-05-30 06:39:12', '2024-05-30 06:39:12', 0),
(925, 55, 'Kawkhali Thana', 1, 669, '2024-05-30 06:39:12', '2024-05-30 06:39:12', 0),
(926, 55, 'Kotwali Thana', 1, 163, '2024-05-30 06:39:12', '2024-05-30 06:39:12', 0),
(927, 55, 'Nanichhar', 1, 673, '2024-05-30 06:39:12', '2024-05-30 06:39:12', 0),
(928, 55, 'Rajasthali', 1, 674, '2024-05-30 06:39:12', '2024-05-30 06:39:12', 0),
(929, 56, 'Badarganj', 1, 585, '2024-05-30 06:39:12', '2024-05-30 06:39:12', 0),
(930, 56, 'Gangachara', 1, 586, '2024-05-30 06:39:12', '2024-05-30 06:39:12', 0),
(931, 56, 'Haragach Thana', 1, 796, '2024-05-30 06:39:12', '2024-05-30 06:39:12', 0),
(932, 56, 'Kaunia', 1, 587, '2024-05-30 06:39:12', '2024-05-30 06:39:12', 0),
(933, 56, 'Mahiganj Thana', 1, 801, '2024-05-30 06:39:12', '2024-05-30 06:39:12', 0),
(934, 56, 'Mithapukur', 1, 588, '2024-05-30 06:39:12', '2024-05-30 06:39:12', 0),
(935, 56, 'Pirgachha', 1, 589, '2024-05-30 06:39:12', '2024-05-30 06:39:12', 0),
(936, 56, 'Pirganj Thana', 1, 797, '2024-05-30 06:39:12', '2024-05-30 06:39:12', 0),
(937, 56, 'Porshurampur Thana', 1, 799, '2024-05-30 06:39:12', '2024-05-30 06:39:12', 0),
(938, 56, 'Rangpur Cantonment', 1, 798, '2024-05-30 06:39:12', '2024-05-30 06:39:12', 0),
(939, 56, 'Rangpur Sadar(Kotowali Thana)', 1, 126, '2024-05-30 06:39:12', '2024-05-30 06:39:12', 0),
(940, 56, 'Tajhat Thana', 1, 800, '2024-05-30 06:39:12', '2024-05-30 06:39:12', 0),
(941, 57, 'Ashashuni Thana', 1, 658, '2024-05-30 06:39:13', '2024-05-30 06:39:13', 0),
(942, 57, 'Debhata Thana', 1, 652, '2024-05-30 06:39:13', '2024-05-30 06:39:13', 0),
(943, 57, 'Kalaroa', 1, 650, '2024-05-30 06:39:13', '2024-05-30 06:39:13', 0),
(944, 57, 'Kaliganj', 1, 653, '2024-05-30 06:39:13', '2024-05-30 06:39:13', 0),
(945, 57, 'Satkhira Sadar', 1, 155, '2024-05-30 06:39:13', '2024-05-30 06:39:13', 0),
(946, 57, 'Shymnagar', 1, 659, '2024-05-30 06:39:13', '2024-05-30 06:39:13', 0),
(947, 57, 'Tala Thana', 1, 651, '2024-05-30 06:39:13', '2024-05-30 06:39:13', 0),
(948, 58, 'Bhedorganj', 1, 662, '2024-05-30 06:39:13', '2024-05-30 06:39:13', 0),
(949, 58, 'Damudhya', 1, 663, '2024-05-30 06:39:13', '2024-05-30 06:39:13', 0),
(950, 58, 'Gosairhat', 1, 664, '2024-05-30 06:39:13', '2024-05-30 06:39:13', 0),
(951, 58, 'Jajira', 1, 665, '2024-05-30 06:39:13', '2024-05-30 06:39:13', 0),
(952, 58, 'Naria', 1, 666, '2024-05-30 06:39:13', '2024-05-30 06:39:13', 0),
(953, 58, 'Shakhipur', 1, 1073, '2024-05-30 06:39:13', '2024-05-30 06:39:13', 0),
(954, 58, 'Shariatpur Sadar (Palong)', 1, 168, '2024-05-30 06:39:13', '2024-05-30 06:39:13', 0),
(955, 59, 'Jhinaigati', 1, 526, '2024-05-30 06:39:13', '2024-05-30 06:39:13', 0),
(956, 59, 'Nakla', 1, 527, '2024-05-30 06:39:13', '2024-05-30 06:39:13', 0),
(957, 59, 'Nalitabari', 1, 528, '2024-05-30 06:39:13', '2024-05-30 06:39:13', 0),
(958, 59, 'Sherpur Sadar', 1, 134, '2024-05-30 06:39:13', '2024-05-30 06:39:13', 0),
(959, 59, 'Sreebardi', 1, 625, '2024-05-30 06:39:13', '2024-05-30 06:39:13', 0),
(960, 60, 'Belkuchi', 1, 581, '2024-05-30 06:39:14', '2024-05-30 06:39:14', 0),
(961, 60, 'Chowhali', 1, 1029, '2024-05-30 06:39:14', '2024-05-30 06:39:14', 0),
(962, 60, 'Kamarkhanda', 1, 774, '2024-05-30 06:39:14', '2024-05-30 06:39:14', 0),
(963, 60, 'Kazipur', 1, 780, '2024-05-30 06:39:14', '2024-05-30 06:39:14', 0),
(964, 60, 'Rayganj', 1, 779, '2024-05-30 06:39:14', '2024-05-30 06:39:14', 0),
(965, 60, 'Salonga', 1, 777, '2024-05-30 06:39:14', '2024-05-30 06:39:14', 0),
(966, 60, 'Shahjadpur - Shahjadpur', 1, 775, '2024-05-30 06:39:14', '2024-05-30 06:39:14', 0),
(967, 60, 'Sirajganj Sadar', 1, 105, '2024-05-30 06:39:14', '2024-05-30 06:39:14', 0),
(968, 60, 'Tarash', 1, 778, '2024-05-30 06:39:14', '2024-05-30 06:39:14', 0),
(969, 60, 'Ullapara', 1, 776, '2024-05-30 06:39:14', '2024-05-30 06:39:14', 0),
(970, 61, 'Bishwamvarpur', 1, 834, '2024-05-30 06:39:14', '2024-05-30 06:39:14', 0),
(971, 61, 'Chhatak', 1, 149, '2024-05-30 06:39:14', '2024-05-30 06:39:14', 0),
(972, 61, 'Derai', 1, 836, '2024-05-30 06:39:14', '2024-05-30 06:39:14', 0),
(973, 61, 'Dharmapasha', 1, 835, '2024-05-30 06:39:14', '2024-05-30 06:39:14', 0),
(974, 61, 'Dowarabazar', 1, 837, '2024-05-30 06:39:14', '2024-05-30 06:39:14', 0),
(975, 61, 'Jagnnathpur', 1, 619, '2024-05-30 06:39:14', '2024-05-30 06:39:14', 0),
(976, 61, 'Jamalganj', 1, 838, '2024-05-30 06:39:14', '2024-05-30 06:39:14', 0),
(977, 61, 'Salla', 1, 840, '2024-05-30 06:39:14', '2024-05-30 06:39:14', 0),
(978, 61, 'Shantiganj', 1, 839, '2024-05-30 06:39:14', '2024-05-30 06:39:14', 0),
(979, 61, 'Sunamganj Sadar', 1, 148, '2024-05-30 06:39:14', '2024-05-30 06:39:14', 0),
(980, 61, 'Tahirpur', 1, 841, '2024-05-30 06:39:14', '2024-05-30 06:39:14', 0),
(981, 62, 'Balaganj', 1, 611, '2024-05-30 06:39:14', '2024-05-30 06:39:14', 0),
(982, 62, 'Beanibazar', 1, 461, '2024-05-30 06:39:14', '2024-05-30 06:39:14', 0),
(983, 62, 'Bishwanath', 1, 612, '2024-05-30 06:39:14', '2024-05-30 06:39:14', 0),
(984, 62, 'Companyganj', 1, 618, '2024-05-30 06:39:14', '2024-05-30 06:39:14', 0),
(985, 62, 'Dakshin Surma', 1, 831, '2024-05-30 06:39:14', '2024-05-30 06:39:14', 0),
(986, 62, 'Fenchuganj', 1, 613, '2024-05-30 06:39:14', '2024-05-30 06:39:14', 0),
(987, 62, 'Golapganj', 1, 615, '2024-05-30 06:39:14', '2024-05-30 06:39:14', 0),
(988, 62, 'Gowainghat', 1, 614, '2024-05-30 06:39:14', '2024-05-30 06:39:14', 0),
(989, 62, 'Jaintapur', 1, 616, '2024-05-30 06:39:14', '2024-05-30 06:39:14', 0),
(990, 62, 'Kanaighat', 1, 617, '2024-05-30 06:39:14', '2024-05-30 06:39:14', 0),
(991, 62, 'Osmani Nagar', 1, 832, '2024-05-30 06:39:14', '2024-05-30 06:39:14', 0),
(992, 62, 'Sylhet Sadar', 1, 89, '2024-05-30 06:39:14', '2024-05-30 06:39:14', 0),
(993, 62, 'Ward No-01', 1, 1519, '2024-05-30 06:39:14', '2024-05-30 06:39:14', 0),
(994, 62, 'Zakiganj', 1, 833, '2024-05-30 06:39:14', '2024-05-30 06:39:14', 0),
(995, 63, 'Bashail', 1, 535, '2024-05-30 06:39:15', '2024-05-30 06:39:15', 0),
(996, 63, 'Bhuapur', 1, 536, '2024-05-30 06:39:15', '2024-05-30 06:39:15', 0),
(997, 63, 'Delduar', 1, 537, '2024-05-30 06:39:15', '2024-05-30 06:39:15', 0),
(998, 63, 'Dhanbari', 1, 675, '2024-05-30 06:39:15', '2024-05-30 06:39:15', 0),
(999, 63, 'Ghatail', 1, 538, '2024-05-30 06:39:15', '2024-05-30 06:39:15', 0),
(1000, 63, 'Gopalpur', 1, 539, '2024-05-30 06:39:15', '2024-05-30 06:39:15', 0),
(1001, 63, 'Kalihati', 1, 540, '2024-05-30 06:39:15', '2024-05-30 06:39:15', 0),
(1002, 63, 'Madhupur', 1, 541, '2024-05-30 06:39:15', '2024-05-30 06:39:15', 0),
(1003, 63, 'Mirzapur', 1, 542, '2024-05-30 06:39:15', '2024-05-30 06:39:15', 0),
(1004, 63, 'Nagarpur', 1, 543, '2024-05-30 06:39:15', '2024-05-30 06:39:15', 0),
(1005, 63, 'Sakhipur', 0, 544, '2024-05-30 06:39:15', '2024-10-28 07:49:13', 0),
(1006, 63, 'Tangail Sadar', 1, 109, '2024-05-30 06:39:15', '2024-05-30 06:39:15', 0),
(1007, 64, 'Baliadangi', 1, 951, '2024-05-30 06:39:15', '2024-05-30 06:39:15', 0),
(1008, 64, 'Haripur', 0, 952, '2024-05-30 06:39:15', '2024-10-19 05:09:54', 0),
(1009, 64, 'Pirganj', 1, 953, '2024-05-30 06:39:15', '2024-05-30 06:39:15', 0),
(1010, 64, 'Ranisankail', 1, 954, '2024-05-30 06:39:15', '2024-05-30 06:39:15', 0),
(1011, 64, 'Ruhiya', 1, 955, '2024-05-30 06:39:15', '2024-10-19 05:11:48', 0),
(1012, 64, 'Thakurgaon Sadar', 1, 137, '2024-05-30 06:39:15', '2024-10-19 05:09:45', 0);

-- --------------------------------------------------------

--
-- Table structure for table `sub_sub_categories`
--

CREATE TABLE `sub_sub_categories` (
  `id` bigint(20) UNSIGNED NOT NULL,
  `name` varchar(191) NOT NULL,
  `slug` text NOT NULL,
  `category_id` int(11) NOT NULL,
  `subcategory_id` int(11) NOT NULL,
  `image` text DEFAULT NULL,
  `status` int(11) NOT NULL,
  `show_homepage` int(11) NOT NULL DEFAULT 1,
  `meta_title` text DEFAULT NULL,
  `meta_description` text DEFAULT NULL,
  `meta_key` text DEFAULT NULL,
  `meta_content` text DEFAULT NULL,
  `created_at` timestamp NULL DEFAULT NULL,
  `updated_at` timestamp NULL DEFAULT NULL,
  `discount` int(11) DEFAULT 0,
  `discount_type` text DEFAULT NULL
) ENGINE=InnoDB DEFAULT CHARSET=utf8mb4 COLLATE=utf8mb4_unicode_ci;

-- --------------------------------------------------------

--
-- Table structure for table `suppliers`
--

CREATE TABLE `suppliers` (
  `id` bigint(20) UNSIGNED NOT NULL,
  `name` varchar(191) DEFAULT NULL,
  `company_name` varchar(191) NOT NULL,
  `phone` varchar(191) NOT NULL,
  `address` varchar(191) NOT NULL,
  `status` int(11) NOT NULL DEFAULT 1,
  `type` int(11) NOT NULL DEFAULT 1,
  `created_at` timestamp NULL DEFAULT NULL,
  `updated_at` timestamp NULL DEFAULT NULL
) ENGINE=InnoDB DEFAULT CHARSET=utf8mb4 COLLATE=utf8mb4_unicode_ci;

-- --------------------------------------------------------

--
-- Table structure for table `supplier_payments`
--

CREATE TABLE `supplier_payments` (
  `id` bigint(20) UNSIGNED NOT NULL,
  `supplier_id` int(11) NOT NULL,
  `purchase_id` int(11) DEFAULT NULL,
  `amount` int(11) NOT NULL,
  `date` date NOT NULL,
  `paid_by` text DEFAULT NULL,
  `comment` text DEFAULT NULL,
  `created_at` timestamp NULL DEFAULT NULL,
  `updated_at` timestamp NULL DEFAULT NULL
) ENGINE=InnoDB DEFAULT CHARSET=utf8mb4 COLLATE=utf8mb4_unicode_ci;

-- --------------------------------------------------------

--
-- Table structure for table `templates`
--

CREATE TABLE `templates` (
  `id` int(11) NOT NULL,
  `name` varchar(50) NOT NULL DEFAULT '',
  `preview_image` varchar(190) DEFAULT NULL,
  `created_at` timestamp NULL DEFAULT NULL,
  `updated_at` timestamp NULL DEFAULT NULL
) ENGINE=InnoDB DEFAULT CHARSET=utf8mb4 COLLATE=utf8mb4_unicode_ci;

--
-- Dumping data for table `templates`
--

INSERT INTO `templates` (`id`, `name`, `preview_image`, `created_at`, `updated_at`) VALUES
(1, 'template1', 'images/template_image/FYfd6ZHuAWZsmDi6oXat0QLdCoLxPqjZcPt4Tg2P.jpg', NULL, '2024-11-27 12:05:22'),
(2, 'template2', 'images/template_image/xSs6Rzf60nM0WpCoAVqf34PjhVME2DwTNnOWzVJX.png', NULL, '2024-11-27 12:07:07'),
(3, 'template3', NULL, NULL, NULL),
(4, 'template4', NULL, NULL, NULL),
(5, 'template5', 'images/template_image/FYfd6ZHuAWZsmDi6oXat0QLdCoLxPqjZcPt4Tg2P.jpg', NULL, '2024-11-27 12:05:22'),
(6, 'template6', 'images/template_image/xSs6Rzf60nM0WpCoAVqf34PjhVME2DwTNnOWzVJX.png', NULL, '2024-11-27 12:07:07'),
(7, 'template7', NULL, NULL, NULL),
(8, 'template8', NULL, NULL, NULL),
(9, 'template9', NULL, NULL, NULL);

-- --------------------------------------------------------

--
-- Table structure for table `users`
--

CREATE TABLE `users` (
  `id` int(11) NOT NULL,
  `name` varchar(250) DEFAULT NULL,
  `mobile_no` varchar(50) NOT NULL DEFAULT '0',
  `email` varchar(50) DEFAULT NULL,
  `password` varchar(250) NOT NULL DEFAULT '0',
  `address` text DEFAULT NULL,
  `city_id` int(11) DEFAULT NULL,
  `sub_city_id` int(11) DEFAULT NULL,
  `image` varchar(255) DEFAULT NULL,
  `status` tinyint(4) NOT NULL DEFAULT 0,
  `token` text DEFAULT NULL,
  `created_at` timestamp NOT NULL DEFAULT current_timestamp(),
  `updated_at` timestamp NOT NULL DEFAULT current_timestamp()
) ENGINE=InnoDB DEFAULT CHARSET=utf8mb3 COLLATE=utf8mb3_unicode_ci;

-- --------------------------------------------------------

--
-- Table structure for table `variants`
--

CREATE TABLE `variants` (
  `id` bigint(20) UNSIGNED NOT NULL,
  `name` varchar(191) NOT NULL,
  `attribute_id` int(11) NOT NULL,
  `status` int(11) NOT NULL DEFAULT 1,
  `created_at` timestamp NULL DEFAULT NULL,
  `updated_at` timestamp NULL DEFAULT NULL
) ENGINE=InnoDB DEFAULT CHARSET=utf8mb4 COLLATE=utf8mb4_unicode_ci;

--
-- Dumping data for table `variants`
--

INSERT INTO `variants` (`id`, `name`, `attribute_id`, `status`, `created_at`, `updated_at`) VALUES
(1, 'M', 1, 1, '2022-01-03 22:11:13', '2023-02-09 04:27:54'),
(2, 'L', 1, 1, '2022-01-03 22:12:11', '2023-02-09 04:27:54'),
(3, 'XL', 1, 1, '2022-01-03 22:12:24', '2023-02-09 04:27:54'),
(4, 'XXL', 1, 1, '2022-01-03 22:12:37', '2023-02-09 04:27:54'),
(5, 'S', 1, 1, '2022-01-03 22:12:52', '2023-02-09 04:27:54'),
(6, 'BLACK', 2, 1, '2022-01-03 22:18:43', '2023-02-09 04:27:54'),
(7, '28', 1, 1, '2022-01-05 21:15:40', '2022-01-05 21:15:40'),
(9, '32', 1, 1, '2022-01-05 21:15:55', '2022-01-05 21:15:55'),
(10, '31', 1, 1, '2022-01-05 21:16:06', '2022-01-05 21:16:06'),
(11, '34', 1, 1, '2022-01-05 21:16:14', '2022-01-05 21:16:14'),
(12, '36', 1, 1, '2022-01-05 21:16:23', '2022-01-05 21:16:23'),
(14, '38', 1, 1, '2022-09-03 13:23:21', '2022-09-03 13:23:21'),
(20, 'RED', 2, 1, '2023-01-30 07:28:47', '2023-02-09 04:27:54'),
(21, 'GREEN', 2, 1, '2023-01-30 07:29:00', '2023-02-09 04:27:54'),
(24, 'GOLD', 2, 1, '2023-02-06 12:54:55', '2023-02-09 04:27:54'),
(25, 'WHITE', 2, 1, '2023-02-06 12:55:03', '2023-02-09 04:27:54'),
(26, 'MAROON', 2, 1, '2023-04-12 06:02:36', '2023-04-12 06:02:36'),
(27, 'BLUE', 2, 1, '2023-04-12 06:02:43', '2023-04-12 06:02:43'),
(28, 'PAST', 2, 1, '2023-08-14 19:09:22', '2023-08-14 19:09:22'),
(29, 'SKY', 2, 1, '2023-08-14 19:25:15', '2023-08-14 19:25:15'),
(30, 'ASH', 2, 1, '2023-08-14 19:52:36', '2023-08-14 19:52:36'),
(31, 'PRINT', 2, 1, '2023-08-15 05:36:17', '2023-08-15 05:36:17'),
(32, 'MULTI', 2, 1, '2023-09-20 09:46:19', '2023-09-20 09:46:19'),
(33, 'OLIVE', 2, 1, '2023-10-11 09:20:12', '2023-10-11 09:20:12'),
(34, 'MAT BLACK', 2, 1, '2024-05-05 06:24:53', '2024-05-05 06:24:53'),
(35, '7 KG', 4, 1, '2024-05-05 12:59:02', '2024-07-09 06:29:56'),
(36, '3 KG', 4, 1, '2024-05-05 12:59:12', '2024-07-09 06:29:22'),
(37, '5 KG', 4, 1, '2024-05-05 12:59:22', '2024-07-09 06:29:13'),
(38, '40', 1, 1, '2024-10-06 11:32:32', '2024-10-06 11:32:32'),
(39, '20', 1, 1, '2024-10-06 11:32:55', '2024-10-06 11:32:55'),
(41, 'DSSDF', 1, 1, '2024-10-07 13:34:35', '2024-10-28 06:27:24'),
(44, '200GM', 4, 1, '2024-10-28 08:53:14', '2024-10-28 08:53:14'),
(45, '300GM', 4, 1, '2024-10-28 08:53:30', '2024-10-28 08:53:30');

--
-- Indexes for dumped tables
--

--
-- Indexes for table `aamarpay_configurations`
--
ALTER TABLE `aamarpay_configurations`
  ADD PRIMARY KEY (`id`);

--
-- Indexes for table `about_and_contacts`
--
ALTER TABLE `about_and_contacts`
  ADD PRIMARY KEY (`id`);

--
-- Indexes for table `account_purposes`
--
ALTER TABLE `account_purposes`
  ADD PRIMARY KEY (`id`);

--
-- Indexes for table `admins`
--
ALTER TABLE `admins`
  ADD PRIMARY KEY (`id`);

--
-- Indexes for table `attributes`
--
ALTER TABLE `attributes`
  ADD PRIMARY KEY (`id`),
  ADD UNIQUE KEY `attributes_name_unique` (`name`);

--
-- Indexes for table `authors`
--
ALTER TABLE `authors`
  ADD PRIMARY KEY (`id`);

--
-- Indexes for table `background_and_colors`
--
ALTER TABLE `background_and_colors`
  ADD PRIMARY KEY (`id`);

--
-- Indexes for table `balances`
--
ALTER TABLE `balances`
  ADD PRIMARY KEY (`id`);

--
-- Indexes for table `balance_transfers`
--
ALTER TABLE `balance_transfers`
  ADD PRIMARY KEY (`id`);

--
-- Indexes for table `banks`
--
ALTER TABLE `banks`
  ADD PRIMARY KEY (`id`);

--
-- Indexes for table `banners`
--
ALTER TABLE `banners`
  ADD PRIMARY KEY (`id`);

--
-- Indexes for table `bill_paid_statements`
--
ALTER TABLE `bill_paid_statements`
  ADD PRIMARY KEY (`id`);

--
-- Indexes for table `bill_per_months`
--
ALTER TABLE `bill_per_months`
  ADD PRIMARY KEY (`id`);

--
-- Indexes for table `bill_statements`
--
ALTER TABLE `bill_statements`
  ADD PRIMARY KEY (`id`);

--
-- Indexes for table `bkash_configurations`
--
ALTER TABLE `bkash_configurations`
  ADD PRIMARY KEY (`id`);

--
-- Indexes for table `bkash_tokens`
--
ALTER TABLE `bkash_tokens`
  ADD PRIMARY KEY (`id`);

--
-- Indexes for table `book_attachments_imgs`
--
ALTER TABLE `book_attachments_imgs`
  ADD PRIMARY KEY (`id`);

--
-- Indexes for table `book_images`
--
ALTER TABLE `book_images`
  ADD PRIMARY KEY (`id`);

--
-- Indexes for table `brands`
--
ALTER TABLE `brands`
  ADD PRIMARY KEY (`id`);

--
-- Indexes for table `campaigns`
--
ALTER TABLE `campaigns`
  ADD PRIMARY KEY (`id`);

--
-- Indexes for table `campaign_products`
--
ALTER TABLE `campaign_products`
  ADD PRIMARY KEY (`id`);

--
-- Indexes for table `campaign_sliders`
--
ALTER TABLE `campaign_sliders`
  ADD PRIMARY KEY (`id`);

--
-- Indexes for table `carts`
--
ALTER TABLE `carts`
  ADD PRIMARY KEY (`id`);

--
-- Indexes for table `categories`
--
ALTER TABLE `categories`
  ADD PRIMARY KEY (`id`);

--
-- Indexes for table `cities`
--
ALTER TABLE `cities`
  ADD PRIMARY KEY (`id`);

--
-- Indexes for table `combo_products`
--
ALTER TABLE `combo_products`
  ADD PRIMARY KEY (`id`);

--
-- Indexes for table `comments`
--
ALTER TABLE `comments`
  ADD PRIMARY KEY (`id`);

--
-- Indexes for table `companies`
--
ALTER TABLE `companies`
  ADD PRIMARY KEY (`id`);

--
-- Indexes for table `company_assets`
--
ALTER TABLE `company_assets`
  ADD PRIMARY KEY (`id`);

--
-- Indexes for table `company_sale_paids`
--
ALTER TABLE `company_sale_paids`
  ADD PRIMARY KEY (`id`);

--
-- Indexes for table `contacts`
--
ALTER TABLE `contacts`
  ADD PRIMARY KEY (`id`);

--
-- Indexes for table `countries`
--
ALTER TABLE `countries`
  ADD PRIMARY KEY (`id`);

--
-- Indexes for table `coupons`
--
ALTER TABLE `coupons`
  ADD PRIMARY KEY (`id`),
  ADD UNIQUE KEY `cupons_code_unique` (`code`);

--
-- Indexes for table `couriers`
--
ALTER TABLE `couriers`
  ADD PRIMARY KEY (`id`);

--
-- Indexes for table `courier_apis`
--
ALTER TABLE `courier_apis`
  ADD PRIMARY KEY (`id`);

--
-- Indexes for table `credits`
--
ALTER TABLE `credits`
  ADD PRIMARY KEY (`id`);

--
-- Indexes for table `credit_dues`
--
ALTER TABLE `credit_dues`
  ADD PRIMARY KEY (`id`);

--
-- Indexes for table `customers`
--
ALTER TABLE `customers`
  ADD PRIMARY KEY (`id`);

--
-- Indexes for table `customer_cashbooks`
--
ALTER TABLE `customer_cashbooks`
  ADD PRIMARY KEY (`id`);

--
-- Indexes for table `customer_due_paids`
--
ALTER TABLE `customer_due_paids`
  ADD PRIMARY KEY (`id`);

--
-- Indexes for table `customer_payment_transactions`
--
ALTER TABLE `customer_payment_transactions`
  ADD PRIMARY KEY (`id`);

--
-- Indexes for table `customer_reviews`
--
ALTER TABLE `customer_reviews`
  ADD PRIMARY KEY (`id`);

--
-- Indexes for table `damages`
--
ALTER TABLE `damages`
  ADD PRIMARY KEY (`id`);

--
-- Indexes for table `damage_items`
--
ALTER TABLE `damage_items`
  ADD PRIMARY KEY (`id`);

--
-- Indexes for table `debits`
--
ALTER TABLE `debits`
  ADD PRIMARY KEY (`id`);

--
-- Indexes for table `delivery_charges`
--
ALTER TABLE `delivery_charges`
  ADD PRIMARY KEY (`id`);

--
-- Indexes for table `descriptions`
--
ALTER TABLE `descriptions`
  ADD PRIMARY KEY (`id`);

--
-- Indexes for table `directors`
--
ALTER TABLE `directors`
  ADD PRIMARY KEY (`id`);

--
-- Indexes for table `director_payments`
--
ALTER TABLE `director_payments`
  ADD PRIMARY KEY (`id`);

--
-- Indexes for table `director_refunds`
--
ALTER TABLE `director_refunds`
  ADD PRIMARY KEY (`id`);

--
-- Indexes for table `employees`
--
ALTER TABLE `employees`
  ADD PRIMARY KEY (`id`);

--
-- Indexes for table `employee_salaries`
--
ALTER TABLE `employee_salaries`
  ADD PRIMARY KEY (`id`);

--
-- Indexes for table `fond_transfers`
--
ALTER TABLE `fond_transfers`
  ADD PRIMARY KEY (`id`);

--
-- Indexes for table `footer_settings`
--
ALTER TABLE `footer_settings`
  ADD PRIMARY KEY (`id`);

--
-- Indexes for table `general_settings`
--
ALTER TABLE `general_settings`
  ADD PRIMARY KEY (`id`);

--
-- Indexes for table `investments`
--
ALTER TABLE `investments`
  ADD PRIMARY KEY (`id`);

--
-- Indexes for table `investment_returns`
--
ALTER TABLE `investment_returns`
  ADD PRIMARY KEY (`id`);

--
-- Indexes for table `investors`
--
ALTER TABLE `investors`
  ADD PRIMARY KEY (`id`);

--
-- Indexes for table `investor_profit_paids`
--
ALTER TABLE `investor_profit_paids`
  ADD PRIMARY KEY (`id`);

--
-- Indexes for table `jobs`
--
ALTER TABLE `jobs`
  ADD PRIMARY KEY (`id`),
  ADD KEY `jobs_queue_index` (`queue`);

--
-- Indexes for table `job_applies`
--
ALTER TABLE `job_applies`
  ADD PRIMARY KEY (`id`);

--
-- Indexes for table `job_batches`
--
ALTER TABLE `job_batches`
  ADD PRIMARY KEY (`id`);

--
-- Indexes for table `landing_pages`
--
ALTER TABLE `landing_pages`
  ADD PRIMARY KEY (`id`);

--
-- Indexes for table `landing_page_reviews`
--
ALTER TABLE `landing_page_reviews`
  ADD PRIMARY KEY (`id`);

--
-- Indexes for table `loaners`
--
ALTER TABLE `loaners`
  ADD PRIMARY KEY (`id`);

--
-- Indexes for table `loans`
--
ALTER TABLE `loans`
  ADD PRIMARY KEY (`id`);

--
-- Indexes for table `loan_paids`
--
ALTER TABLE `loan_paids`
  ADD PRIMARY KEY (`id`);

--
-- Indexes for table `merchants`
--
ALTER TABLE `merchants`
  ADD PRIMARY KEY (`id`),
  ADD UNIQUE KEY `company_name` (`company_name`);

--
-- Indexes for table `merchant_cashbooks`
--
ALTER TABLE `merchant_cashbooks`
  ADD PRIMARY KEY (`id`),
  ADD UNIQUE KEY `cashbooks_invoice_no_unique` (`invoice_no`),
  ADD KEY `cashbooks_supplier_id_foreign` (`merchant_id`),
  ADD KEY `cashbooks_order_id_foreign` (`order_id`),
  ADD KEY `cashbooks_payment_method_id_foreign` (`payment_method_id`);

--
-- Indexes for table `merchant_payment_transactions`
--
ALTER TABLE `merchant_payment_transactions`
  ADD PRIMARY KEY (`id`);

--
-- Indexes for table `model_has_roles`
--
ALTER TABLE `model_has_roles`
  ADD PRIMARY KEY (`role_id`,`model_id`,`model_type`),
  ADD KEY `model_has_roles_model_id_model_type_index` (`model_id`,`model_type`);

--
-- Indexes for table `orders`
--
ALTER TABLE `orders`
  ADD PRIMARY KEY (`id`);

--
-- Indexes for table `orders_payment`
--
ALTER TABLE `orders_payment`
  ADD PRIMARY KEY (`id`);

--
-- Indexes for table `order_barcodes`
--
ALTER TABLE `order_barcodes`
  ADD PRIMARY KEY (`id`);

--
-- Indexes for table `order_comments`
--
ALTER TABLE `order_comments`
  ADD PRIMARY KEY (`id`);

--
-- Indexes for table `order_items`
--
ALTER TABLE `order_items`
  ADD PRIMARY KEY (`id`);

--
-- Indexes for table `order_item_variants`
--
ALTER TABLE `order_item_variants`
  ADD PRIMARY KEY (`id`);

--
-- Indexes for table `order_notes`
--
ALTER TABLE `order_notes`
  ADD PRIMARY KEY (`id`);

--
-- Indexes for table `order_shipment_and_return_policies`
--
ALTER TABLE `order_shipment_and_return_policies`
  ADD PRIMARY KEY (`id`);

--
-- Indexes for table `order_sources`
--
ALTER TABLE `order_sources`
  ADD PRIMARY KEY (`id`);

--
-- Indexes for table `otp_verifications`
--
ALTER TABLE `otp_verifications`
  ADD PRIMARY KEY (`id`);

--
-- Indexes for table `pages`
--
ALTER TABLE `pages`
  ADD PRIMARY KEY (`id`);

--
-- Indexes for table `password_resets`
--
ALTER TABLE `password_resets`
  ADD PRIMARY KEY (`id`);

--
-- Indexes for table `permissions`
--
ALTER TABLE `permissions`
  ADD PRIMARY KEY (`id`);

--
-- Indexes for table `products`
--
ALTER TABLE `products`
  ADD PRIMARY KEY (`id`);

--
-- Indexes for table `product_barcodes`
--
ALTER TABLE `product_barcodes`
  ADD PRIMARY KEY (`id`);

--
-- Indexes for table `product_categories`
--
ALTER TABLE `product_categories`
  ADD PRIMARY KEY (`id`);

--
-- Indexes for table `product_images`
--
ALTER TABLE `product_images`
  ADD PRIMARY KEY (`id`);

--
-- Indexes for table `product_reviews`
--
ALTER TABLE `product_reviews`
  ADD PRIMARY KEY (`id`);

--
-- Indexes for table `product_skins`
--
ALTER TABLE `product_skins`
  ADD PRIMARY KEY (`id`);

--
-- Indexes for table `product_sub_categories`
--
ALTER TABLE `product_sub_categories`
  ADD PRIMARY KEY (`id`);

--
-- Indexes for table `product_sub_sub_categories`
--
ALTER TABLE `product_sub_sub_categories`
  ADD PRIMARY KEY (`id`);

--
-- Indexes for table `product_variants`
--
ALTER TABLE `product_variants`
  ADD PRIMARY KEY (`id`);

--
-- Indexes for table `product_visits`
--
ALTER TABLE `product_visits`
  ADD PRIMARY KEY (`id`),
  ADD KEY `idx_product_visits_product_id_updated_at` (`product_id`,`updated_at`);

--
-- Indexes for table `publishers`
--
ALTER TABLE `publishers`
  ADD PRIMARY KEY (`id`);

--
-- Indexes for table `purchases`
--
ALTER TABLE `purchases`
  ADD PRIMARY KEY (`id`);

--
-- Indexes for table `purchase_items`
--
ALTER TABLE `purchase_items`
  ADD PRIMARY KEY (`id`);

--
-- Indexes for table `redx_delivery_areas`
--
ALTER TABLE `redx_delivery_areas`
  ADD PRIMARY KEY (`id`);

--
-- Indexes for table `resellers`
--
ALTER TABLE `resellers`
  ADD PRIMARY KEY (`id`);

--
-- Indexes for table `reseller_balance`
--
ALTER TABLE `reseller_balance`
  ADD PRIMARY KEY (`id`);

--
-- Indexes for table `reseller_cashbooks`
--
ALTER TABLE `reseller_cashbooks`
  ADD PRIMARY KEY (`id`),
  ADD UNIQUE KEY `cashbooks_invoice_no_unique` (`invoice_no`),
  ADD KEY `cashbooks_supplier_id_foreign` (`reseller_id`),
  ADD KEY `cashbooks_order_id_foreign` (`order_id`),
  ADD KEY `cashbooks_payment_method_id_foreign` (`payment_method_id`);

--
-- Indexes for table `reseller_cashbook_payment_transaction_details`
--
ALTER TABLE `reseller_cashbook_payment_transaction_details`
  ADD PRIMARY KEY (`id`);

--
-- Indexes for table `reseller_categories`
--
ALTER TABLE `reseller_categories`
  ADD PRIMARY KEY (`id`);

--
-- Indexes for table `reseller_comments`
--
ALTER TABLE `reseller_comments`
  ADD PRIMARY KEY (`id`);

--
-- Indexes for table `reseller_order_details`
--
ALTER TABLE `reseller_order_details`
  ADD PRIMARY KEY (`id`);

--
-- Indexes for table `reseller_payments`
--
ALTER TABLE `reseller_payments`
  ADD PRIMARY KEY (`id`);

--
-- Indexes for table `reseller_payment_methods`
--
ALTER TABLE `reseller_payment_methods`
  ADD PRIMARY KEY (`id`);

--
-- Indexes for table `reseller_payment_transactions`
--
ALTER TABLE `reseller_payment_transactions`
  ADD PRIMARY KEY (`id`);

--
-- Indexes for table `reseller_payment_transaction_details`
--
ALTER TABLE `reseller_payment_transaction_details`
  ADD PRIMARY KEY (`id`);

--
-- Indexes for table `reseller_product_prices`
--
ALTER TABLE `reseller_product_prices`
  ADD PRIMARY KEY (`id`);

--
-- Indexes for table `reseller_sliders`
--
ALTER TABLE `reseller_sliders`
  ADD PRIMARY KEY (`id`);

--
-- Indexes for table `roles`
--
ALTER TABLE `roles`
  ADD PRIMARY KEY (`id`);

--
-- Indexes for table `role_has_permissions`
--
ALTER TABLE `role_has_permissions`
  ADD PRIMARY KEY (`permission_id`,`role_id`),
  ADD KEY `role_has_permissions_role_id_foreign` (`role_id`);

--
-- Indexes for table `salary_per_months`
--
ALTER TABLE `salary_per_months`
  ADD PRIMARY KEY (`id`);

--
-- Indexes for table `sales`
--
ALTER TABLE `sales`
  ADD PRIMARY KEY (`id`);

--
-- Indexes for table `sale_items`
--
ALTER TABLE `sale_items`
  ADD PRIMARY KEY (`id`);

--
-- Indexes for table `site_configurations`
--
ALTER TABLE `site_configurations`
  ADD PRIMARY KEY (`id`);

--
-- Indexes for table `skins`
--
ALTER TABLE `skins`
  ADD PRIMARY KEY (`id`);

--
-- Indexes for table `sliders`
--
ALTER TABLE `sliders`
  ADD PRIMARY KEY (`id`);

--
-- Indexes for table `sms_campaign_records`
--
ALTER TABLE `sms_campaign_records`
  ADD PRIMARY KEY (`id`);

--
-- Indexes for table `sms_number_records`
--
ALTER TABLE `sms_number_records`
  ADD PRIMARY KEY (`id`);

--
-- Indexes for table `sms_services`
--
ALTER TABLE `sms_services`
  ADD PRIMARY KEY (`id`);

--
-- Indexes for table `sub_categories`
--
ALTER TABLE `sub_categories`
  ADD PRIMARY KEY (`id`);

--
-- Indexes for table `sub_cities`
--
ALTER TABLE `sub_cities`
  ADD PRIMARY KEY (`id`);

--
-- Indexes for table `sub_sub_categories`
--
ALTER TABLE `sub_sub_categories`
  ADD PRIMARY KEY (`id`);

--
-- Indexes for table `suppliers`
--
ALTER TABLE `suppliers`
  ADD PRIMARY KEY (`id`);

--
-- Indexes for table `supplier_payments`
--
ALTER TABLE `supplier_payments`
  ADD PRIMARY KEY (`id`);

--
-- Indexes for table `templates`
--
ALTER TABLE `templates`
  ADD PRIMARY KEY (`id`);

--
-- Indexes for table `users`
--
ALTER TABLE `users`
  ADD PRIMARY KEY (`id`);

--
-- Indexes for table `variants`
--
ALTER TABLE `variants`
  ADD PRIMARY KEY (`id`);

--
-- AUTO_INCREMENT for dumped tables
--

--
-- AUTO_INCREMENT for table `aamarpay_configurations`
--
ALTER TABLE `aamarpay_configurations`
  MODIFY `id` bigint(20) UNSIGNED NOT NULL AUTO_INCREMENT;

--
-- AUTO_INCREMENT for table `about_and_contacts`
--
ALTER TABLE `about_and_contacts`
  MODIFY `id` bigint(20) UNSIGNED NOT NULL AUTO_INCREMENT;

--
-- AUTO_INCREMENT for table `account_purposes`
--
ALTER TABLE `account_purposes`
  MODIFY `id` bigint(20) UNSIGNED NOT NULL AUTO_INCREMENT, AUTO_INCREMENT=32;

--
-- AUTO_INCREMENT for table `admins`
--
ALTER TABLE `admins`
  MODIFY `id` int(11) NOT NULL AUTO_INCREMENT, AUTO_INCREMENT=91;

--
-- AUTO_INCREMENT for table `attributes`
--
ALTER TABLE `attributes`
  MODIFY `id` bigint(20) UNSIGNED NOT NULL AUTO_INCREMENT, AUTO_INCREMENT=9;

--
-- AUTO_INCREMENT for table `authors`
--
ALTER TABLE `authors`
  MODIFY `id` bigint(20) UNSIGNED NOT NULL AUTO_INCREMENT, AUTO_INCREMENT=9;

--
-- AUTO_INCREMENT for table `background_and_colors`
--
ALTER TABLE `background_and_colors`
  MODIFY `id` bigint(20) UNSIGNED NOT NULL AUTO_INCREMENT, AUTO_INCREMENT=31;

--
-- AUTO_INCREMENT for table `balances`
--
ALTER TABLE `balances`
  MODIFY `id` bigint(20) UNSIGNED NOT NULL AUTO_INCREMENT, AUTO_INCREMENT=13;

--
-- AUTO_INCREMENT for table `balance_transfers`
--
ALTER TABLE `balance_transfers`
  MODIFY `id` bigint(20) UNSIGNED NOT NULL AUTO_INCREMENT;

--
-- AUTO_INCREMENT for table `banks`
--
ALTER TABLE `banks`
  MODIFY `id` int(11) NOT NULL AUTO_INCREMENT, AUTO_INCREMENT=44;

--
-- AUTO_INCREMENT for table `banners`
--
ALTER TABLE `banners`
  MODIFY `id` bigint(20) UNSIGNED NOT NULL AUTO_INCREMENT, AUTO_INCREMENT=3;

--
-- AUTO_INCREMENT for table `bill_paid_statements`
--
ALTER TABLE `bill_paid_statements`
  MODIFY `id` bigint(20) UNSIGNED NOT NULL AUTO_INCREMENT;

--
-- AUTO_INCREMENT for table `bill_per_months`
--
ALTER TABLE `bill_per_months`
  MODIFY `id` bigint(20) UNSIGNED NOT NULL AUTO_INCREMENT;

--
-- AUTO_INCREMENT for table `bill_statements`
--
ALTER TABLE `bill_statements`
  MODIFY `id` bigint(20) UNSIGNED NOT NULL AUTO_INCREMENT, AUTO_INCREMENT=20;

--
-- AUTO_INCREMENT for table `bkash_configurations`
--
ALTER TABLE `bkash_configurations`
  MODIFY `id` bigint(20) UNSIGNED NOT NULL AUTO_INCREMENT, AUTO_INCREMENT=2;

--
-- AUTO_INCREMENT for table `bkash_tokens`
--
ALTER TABLE `bkash_tokens`
  MODIFY `id` int(11) NOT NULL AUTO_INCREMENT, AUTO_INCREMENT=71;

--
-- AUTO_INCREMENT for table `book_attachments_imgs`
--
ALTER TABLE `book_attachments_imgs`
  MODIFY `id` bigint(20) UNSIGNED NOT NULL AUTO_INCREMENT;

--
-- AUTO_INCREMENT for table `book_images`
--
ALTER TABLE `book_images`
  MODIFY `id` bigint(20) UNSIGNED NOT NULL AUTO_INCREMENT, AUTO_INCREMENT=13;

--
-- AUTO_INCREMENT for table `brands`
--
ALTER TABLE `brands`
  MODIFY `id` int(11) NOT NULL AUTO_INCREMENT, AUTO_INCREMENT=2;

--
-- AUTO_INCREMENT for table `campaigns`
--
ALTER TABLE `campaigns`
  MODIFY `id` bigint(20) UNSIGNED NOT NULL AUTO_INCREMENT;

--
-- AUTO_INCREMENT for table `campaign_products`
--
ALTER TABLE `campaign_products`
  MODIFY `id` bigint(20) UNSIGNED NOT NULL AUTO_INCREMENT;

--
-- AUTO_INCREMENT for table `campaign_sliders`
--
ALTER TABLE `campaign_sliders`
  MODIFY `id` bigint(20) UNSIGNED NOT NULL AUTO_INCREMENT;

--
-- AUTO_INCREMENT for table `carts`
--
ALTER TABLE `carts`
  MODIFY `id` bigint(20) NOT NULL AUTO_INCREMENT, AUTO_INCREMENT=11;

--
-- AUTO_INCREMENT for table `categories`
--
ALTER TABLE `categories`
  MODIFY `id` bigint(20) UNSIGNED NOT NULL AUTO_INCREMENT, AUTO_INCREMENT=4;

--
-- AUTO_INCREMENT for table `cities`
--
ALTER TABLE `cities`
  MODIFY `id` bigint(20) UNSIGNED NOT NULL AUTO_INCREMENT, AUTO_INCREMENT=65;

--
-- AUTO_INCREMENT for table `combo_products`
--
ALTER TABLE `combo_products`
  MODIFY `id` bigint(20) UNSIGNED NOT NULL AUTO_INCREMENT;

--
-- AUTO_INCREMENT for table `comments`
--
ALTER TABLE `comments`
  MODIFY `id` bigint(20) UNSIGNED NOT NULL AUTO_INCREMENT, AUTO_INCREMENT=24;

--
-- AUTO_INCREMENT for table `companies`
--
ALTER TABLE `companies`
  MODIFY `id` bigint(20) UNSIGNED NOT NULL AUTO_INCREMENT;

--
-- AUTO_INCREMENT for table `company_assets`
--
ALTER TABLE `company_assets`
  MODIFY `id` bigint(20) UNSIGNED NOT NULL AUTO_INCREMENT;

--
-- AUTO_INCREMENT for table `company_sale_paids`
--
ALTER TABLE `company_sale_paids`
  MODIFY `id` int(11) NOT NULL AUTO_INCREMENT;

--
-- AUTO_INCREMENT for table `contacts`
--
ALTER TABLE `contacts`
  MODIFY `id` bigint(20) UNSIGNED NOT NULL AUTO_INCREMENT, AUTO_INCREMENT=17;

--
-- AUTO_INCREMENT for table `countries`
--
ALTER TABLE `countries`
  MODIFY `id` int(11) NOT NULL AUTO_INCREMENT;

--
-- AUTO_INCREMENT for table `coupons`
--
ALTER TABLE `coupons`
  MODIFY `id` bigint(20) UNSIGNED NOT NULL AUTO_INCREMENT;

--
-- AUTO_INCREMENT for table `couriers`
--
ALTER TABLE `couriers`
  MODIFY `id` bigint(20) UNSIGNED NOT NULL AUTO_INCREMENT, AUTO_INCREMENT=15;

--
-- AUTO_INCREMENT for table `courier_apis`
--
ALTER TABLE `courier_apis`
  MODIFY `id` bigint(20) UNSIGNED NOT NULL AUTO_INCREMENT, AUTO_INCREMENT=2;

--
-- AUTO_INCREMENT for table `credits`
--
ALTER TABLE `credits`
  MODIFY `id` bigint(20) UNSIGNED NOT NULL AUTO_INCREMENT, AUTO_INCREMENT=6;

--
-- AUTO_INCREMENT for table `credit_dues`
--
ALTER TABLE `credit_dues`
  MODIFY `id` bigint(20) UNSIGNED NOT NULL AUTO_INCREMENT;

--
-- AUTO_INCREMENT for table `customers`
--
ALTER TABLE `customers`
  MODIFY `id` int(11) NOT NULL AUTO_INCREMENT, AUTO_INCREMENT=10;

--
-- AUTO_INCREMENT for table `customer_cashbooks`
--
ALTER TABLE `customer_cashbooks`
  MODIFY `id` int(11) NOT NULL AUTO_INCREMENT, AUTO_INCREMENT=35;

--
-- AUTO_INCREMENT for table `customer_due_paids`
--
ALTER TABLE `customer_due_paids`
  MODIFY `id` bigint(20) UNSIGNED NOT NULL AUTO_INCREMENT;

--
-- AUTO_INCREMENT for table `customer_payment_transactions`
--
ALTER TABLE `customer_payment_transactions`
  MODIFY `id` int(11) NOT NULL AUTO_INCREMENT, AUTO_INCREMENT=12;

--
-- AUTO_INCREMENT for table `customer_reviews`
--
ALTER TABLE `customer_reviews`
  MODIFY `id` bigint(20) UNSIGNED NOT NULL AUTO_INCREMENT;

--
-- AUTO_INCREMENT for table `damages`
--
ALTER TABLE `damages`
  MODIFY `id` bigint(20) UNSIGNED NOT NULL AUTO_INCREMENT;

--
-- AUTO_INCREMENT for table `damage_items`
--
ALTER TABLE `damage_items`
  MODIFY `id` bigint(20) UNSIGNED NOT NULL AUTO_INCREMENT;

--
-- AUTO_INCREMENT for table `debits`
--
ALTER TABLE `debits`
  MODIFY `id` bigint(20) UNSIGNED NOT NULL AUTO_INCREMENT;

--
-- AUTO_INCREMENT for table `delivery_charges`
--
ALTER TABLE `delivery_charges`
  MODIFY `id` bigint(20) UNSIGNED NOT NULL AUTO_INCREMENT, AUTO_INCREMENT=11;

--
-- AUTO_INCREMENT for table `descriptions`
--
ALTER TABLE `descriptions`
  MODIFY `id` int(11) NOT NULL AUTO_INCREMENT;

--
-- AUTO_INCREMENT for table `directors`
--
ALTER TABLE `directors`
  MODIFY `id` bigint(20) UNSIGNED NOT NULL AUTO_INCREMENT;

--
-- AUTO_INCREMENT for table `director_payments`
--
ALTER TABLE `director_payments`
  MODIFY `id` bigint(20) UNSIGNED NOT NULL AUTO_INCREMENT;

--
-- AUTO_INCREMENT for table `director_refunds`
--
ALTER TABLE `director_refunds`
  MODIFY `id` bigint(20) UNSIGNED NOT NULL AUTO_INCREMENT;

--
-- AUTO_INCREMENT for table `employees`
--
ALTER TABLE `employees`
  MODIFY `id` bigint(20) NOT NULL AUTO_INCREMENT;

--
-- AUTO_INCREMENT for table `employee_salaries`
--
ALTER TABLE `employee_salaries`
  MODIFY `id` bigint(20) UNSIGNED NOT NULL AUTO_INCREMENT;

--
-- AUTO_INCREMENT for table `fond_transfers`
--
ALTER TABLE `fond_transfers`
  MODIFY `id` bigint(20) UNSIGNED NOT NULL AUTO_INCREMENT;

--
-- AUTO_INCREMENT for table `footer_settings`
--
ALTER TABLE `footer_settings`
  MODIFY `id` bigint(20) UNSIGNED NOT NULL AUTO_INCREMENT, AUTO_INCREMENT=2;

--
-- AUTO_INCREMENT for table `general_settings`
--
ALTER TABLE `general_settings`
  MODIFY `id` bigint(20) UNSIGNED NOT NULL AUTO_INCREMENT, AUTO_INCREMENT=31;

--
-- AUTO_INCREMENT for table `investments`
--
ALTER TABLE `investments`
  MODIFY `id` bigint(20) UNSIGNED NOT NULL AUTO_INCREMENT;

--
-- AUTO_INCREMENT for table `investment_returns`
--
ALTER TABLE `investment_returns`
  MODIFY `id` bigint(20) UNSIGNED NOT NULL AUTO_INCREMENT;

--
-- AUTO_INCREMENT for table `investors`
--
ALTER TABLE `investors`
  MODIFY `id` bigint(20) UNSIGNED NOT NULL AUTO_INCREMENT;

--
-- AUTO_INCREMENT for table `investor_profit_paids`
--
ALTER TABLE `investor_profit_paids`
  MODIFY `id` bigint(20) UNSIGNED NOT NULL AUTO_INCREMENT;

--
-- AUTO_INCREMENT for table `jobs`
--
ALTER TABLE `jobs`
  MODIFY `id` bigint(20) UNSIGNED NOT NULL AUTO_INCREMENT;

--
-- AUTO_INCREMENT for table `job_applies`
--
ALTER TABLE `job_applies`
  MODIFY `id` bigint(20) UNSIGNED NOT NULL AUTO_INCREMENT;

--
-- AUTO_INCREMENT for table `landing_pages`
--
ALTER TABLE `landing_pages`
  MODIFY `id` int(11) NOT NULL AUTO_INCREMENT;

--
-- AUTO_INCREMENT for table `landing_page_reviews`
--
ALTER TABLE `landing_page_reviews`
  MODIFY `id` bigint(20) UNSIGNED NOT NULL AUTO_INCREMENT, AUTO_INCREMENT=2;

--
-- AUTO_INCREMENT for table `loaners`
--
ALTER TABLE `loaners`
  MODIFY `id` bigint(20) UNSIGNED NOT NULL AUTO_INCREMENT;

--
-- AUTO_INCREMENT for table `loans`
--
ALTER TABLE `loans`
  MODIFY `id` bigint(20) UNSIGNED NOT NULL AUTO_INCREMENT;

--
-- AUTO_INCREMENT for table `loan_paids`
--
ALTER TABLE `loan_paids`
  MODIFY `id` bigint(20) UNSIGNED NOT NULL AUTO_INCREMENT;

--
-- AUTO_INCREMENT for table `merchants`
--
ALTER TABLE `merchants`
  MODIFY `id` int(11) NOT NULL AUTO_INCREMENT, AUTO_INCREMENT=3;

--
-- AUTO_INCREMENT for table `merchant_cashbooks`
--
ALTER TABLE `merchant_cashbooks`
  MODIFY `id` bigint(20) UNSIGNED NOT NULL AUTO_INCREMENT, AUTO_INCREMENT=9;

--
-- AUTO_INCREMENT for table `merchant_payment_transactions`
--
ALTER TABLE `merchant_payment_transactions`
  MODIFY `id` bigint(20) UNSIGNED NOT NULL AUTO_INCREMENT, AUTO_INCREMENT=3;

--
-- AUTO_INCREMENT for table `orders`
--
ALTER TABLE `orders`
  MODIFY `id` bigint(20) UNSIGNED NOT NULL AUTO_INCREMENT, AUTO_INCREMENT=28;

--
-- AUTO_INCREMENT for table `orders_payment`
--
ALTER TABLE `orders_payment`
  MODIFY `id` int(11) NOT NULL AUTO_INCREMENT;

--
-- AUTO_INCREMENT for table `order_barcodes`
--
ALTER TABLE `order_barcodes`
  MODIFY `id` bigint(20) UNSIGNED NOT NULL AUTO_INCREMENT;

--
-- AUTO_INCREMENT for table `order_comments`
--
ALTER TABLE `order_comments`
  MODIFY `id` int(11) NOT NULL AUTO_INCREMENT;

--
-- AUTO_INCREMENT for table `order_items`
--
ALTER TABLE `order_items`
  MODIFY `id` bigint(20) UNSIGNED NOT NULL AUTO_INCREMENT, AUTO_INCREMENT=37;

--
-- AUTO_INCREMENT for table `order_item_variants`
--
ALTER TABLE `order_item_variants`
  MODIFY `id` bigint(20) UNSIGNED NOT NULL AUTO_INCREMENT, AUTO_INCREMENT=2;

--
-- AUTO_INCREMENT for table `order_notes`
--
ALTER TABLE `order_notes`
  MODIFY `id` bigint(20) UNSIGNED NOT NULL AUTO_INCREMENT;

--
-- AUTO_INCREMENT for table `order_shipment_and_return_policies`
--
ALTER TABLE `order_shipment_and_return_policies`
  MODIFY `id` bigint(20) UNSIGNED NOT NULL AUTO_INCREMENT;

--
-- AUTO_INCREMENT for table `order_sources`
--
ALTER TABLE `order_sources`
  MODIFY `id` int(11) NOT NULL AUTO_INCREMENT, AUTO_INCREMENT=5;

--
-- AUTO_INCREMENT for table `otp_verifications`
--
ALTER TABLE `otp_verifications`
  MODIFY `id` bigint(20) UNSIGNED NOT NULL AUTO_INCREMENT, AUTO_INCREMENT=3;

--
-- AUTO_INCREMENT for table `pages`
--
ALTER TABLE `pages`
  MODIFY `id` bigint(20) UNSIGNED NOT NULL AUTO_INCREMENT, AUTO_INCREMENT=14;

--
-- AUTO_INCREMENT for table `password_resets`
--
ALTER TABLE `password_resets`
  MODIFY `id` int(11) NOT NULL AUTO_INCREMENT;

--
-- AUTO_INCREMENT for table `permissions`
--
ALTER TABLE `permissions`
  MODIFY `id` bigint(20) UNSIGNED NOT NULL AUTO_INCREMENT, AUTO_INCREMENT=47;

--
-- AUTO_INCREMENT for table `products`
--
ALTER TABLE `products`
  MODIFY `id` bigint(20) UNSIGNED NOT NULL AUTO_INCREMENT, AUTO_INCREMENT=7;

--
-- AUTO_INCREMENT for table `product_barcodes`
--
ALTER TABLE `product_barcodes`
  MODIFY `id` bigint(20) UNSIGNED NOT NULL AUTO_INCREMENT;

--
-- AUTO_INCREMENT for table `product_categories`
--
ALTER TABLE `product_categories`
  MODIFY `id` int(11) NOT NULL AUTO_INCREMENT;

--
-- AUTO_INCREMENT for table `product_images`
--
ALTER TABLE `product_images`
  MODIFY `id` bigint(20) UNSIGNED NOT NULL AUTO_INCREMENT, AUTO_INCREMENT=12;

--
-- AUTO_INCREMENT for table `product_reviews`
--
ALTER TABLE `product_reviews`
  MODIFY `id` bigint(20) UNSIGNED NOT NULL AUTO_INCREMENT;

--
-- AUTO_INCREMENT for table `product_skins`
--
ALTER TABLE `product_skins`
  MODIFY `id` bigint(20) UNSIGNED NOT NULL AUTO_INCREMENT;

--
-- AUTO_INCREMENT for table `product_sub_categories`
--
ALTER TABLE `product_sub_categories`
  MODIFY `id` int(11) NOT NULL AUTO_INCREMENT;

--
-- AUTO_INCREMENT for table `product_sub_sub_categories`
--
ALTER TABLE `product_sub_sub_categories`
  MODIFY `id` int(11) NOT NULL AUTO_INCREMENT;

--
-- AUTO_INCREMENT for table `product_variants`
--
ALTER TABLE `product_variants`
  MODIFY `id` bigint(20) UNSIGNED NOT NULL AUTO_INCREMENT, AUTO_INCREMENT=5;

--
-- AUTO_INCREMENT for table `product_visits`
--
ALTER TABLE `product_visits`
  MODIFY `id` bigint(20) UNSIGNED NOT NULL AUTO_INCREMENT, AUTO_INCREMENT=235;

--
-- AUTO_INCREMENT for table `publishers`
--
ALTER TABLE `publishers`
  MODIFY `id` bigint(20) UNSIGNED NOT NULL AUTO_INCREMENT, AUTO_INCREMENT=4;

--
-- AUTO_INCREMENT for table `purchases`
--
ALTER TABLE `purchases`
  MODIFY `id` bigint(20) UNSIGNED NOT NULL AUTO_INCREMENT;

--
-- AUTO_INCREMENT for table `purchase_items`
--
ALTER TABLE `purchase_items`
  MODIFY `id` bigint(20) UNSIGNED NOT NULL AUTO_INCREMENT;

--
-- AUTO_INCREMENT for table `redx_delivery_areas`
--
ALTER TABLE `redx_delivery_areas`
  MODIFY `id` bigint(20) UNSIGNED NOT NULL AUTO_INCREMENT, AUTO_INCREMENT=5529;

--
-- AUTO_INCREMENT for table `resellers`
--
ALTER TABLE `resellers`
  MODIFY `id` bigint(20) NOT NULL AUTO_INCREMENT, AUTO_INCREMENT=2;

--
-- AUTO_INCREMENT for table `reseller_balance`
--
ALTER TABLE `reseller_balance`
  MODIFY `id` int(11) NOT NULL AUTO_INCREMENT;

--
-- AUTO_INCREMENT for table `reseller_cashbooks`
--
ALTER TABLE `reseller_cashbooks`
  MODIFY `id` bigint(20) UNSIGNED NOT NULL AUTO_INCREMENT;

--
-- AUTO_INCREMENT for table `reseller_cashbook_payment_transaction_details`
--
ALTER TABLE `reseller_cashbook_payment_transaction_details`
  MODIFY `id` int(11) NOT NULL AUTO_INCREMENT;

--
-- AUTO_INCREMENT for table `reseller_categories`
--
ALTER TABLE `reseller_categories`
  MODIFY `id` int(11) NOT NULL AUTO_INCREMENT;

--
-- AUTO_INCREMENT for table `reseller_comments`
--
ALTER TABLE `reseller_comments`
  MODIFY `id` int(11) NOT NULL AUTO_INCREMENT, AUTO_INCREMENT=3;

--
-- AUTO_INCREMENT for table `reseller_order_details`
--
ALTER TABLE `reseller_order_details`
  MODIFY `id` bigint(20) UNSIGNED NOT NULL AUTO_INCREMENT;

--
-- AUTO_INCREMENT for table `reseller_payments`
--
ALTER TABLE `reseller_payments`
  MODIFY `id` bigint(20) UNSIGNED NOT NULL AUTO_INCREMENT;

--
-- AUTO_INCREMENT for table `reseller_payment_methods`
--
ALTER TABLE `reseller_payment_methods`
  MODIFY `id` int(11) NOT NULL AUTO_INCREMENT;

--
-- AUTO_INCREMENT for table `reseller_payment_transactions`
--
ALTER TABLE `reseller_payment_transactions`
  MODIFY `id` bigint(20) UNSIGNED NOT NULL AUTO_INCREMENT;

--
-- AUTO_INCREMENT for table `reseller_payment_transaction_details`
--
ALTER TABLE `reseller_payment_transaction_details`
  MODIFY `id` int(11) NOT NULL AUTO_INCREMENT, AUTO_INCREMENT=35301;

--
-- AUTO_INCREMENT for table `reseller_product_prices`
--
ALTER TABLE `reseller_product_prices`
  MODIFY `id` int(11) NOT NULL AUTO_INCREMENT;

--
-- AUTO_INCREMENT for table `reseller_sliders`
--
ALTER TABLE `reseller_sliders`
  MODIFY `id` int(11) NOT NULL AUTO_INCREMENT;

--
-- AUTO_INCREMENT for table `roles`
--
ALTER TABLE `roles`
  MODIFY `id` bigint(20) UNSIGNED NOT NULL AUTO_INCREMENT, AUTO_INCREMENT=8;

--
-- AUTO_INCREMENT for table `salary_per_months`
--
ALTER TABLE `salary_per_months`
  MODIFY `id` bigint(20) UNSIGNED NOT NULL AUTO_INCREMENT;

--
-- AUTO_INCREMENT for table `sales`
--
ALTER TABLE `sales`
  MODIFY `id` bigint(20) UNSIGNED NOT NULL AUTO_INCREMENT;

--
-- AUTO_INCREMENT for table `sale_items`
--
ALTER TABLE `sale_items`
  MODIFY `id` bigint(20) UNSIGNED NOT NULL AUTO_INCREMENT;

--
-- AUTO_INCREMENT for table `site_configurations`
--
ALTER TABLE `site_configurations`
  MODIFY `id` bigint(20) UNSIGNED NOT NULL AUTO_INCREMENT, AUTO_INCREMENT=2;

--
-- AUTO_INCREMENT for table `skins`
--
ALTER TABLE `skins`
  MODIFY `id` int(11) NOT NULL AUTO_INCREMENT;

--
-- AUTO_INCREMENT for table `sliders`
--
ALTER TABLE `sliders`
  MODIFY `id` bigint(20) UNSIGNED NOT NULL AUTO_INCREMENT, AUTO_INCREMENT=3;

--
-- AUTO_INCREMENT for table `sms_campaign_records`
--
ALTER TABLE `sms_campaign_records`
  MODIFY `id` bigint(20) UNSIGNED NOT NULL AUTO_INCREMENT;

--
-- AUTO_INCREMENT for table `sms_number_records`
--
ALTER TABLE `sms_number_records`
  MODIFY `id` bigint(20) UNSIGNED NOT NULL AUTO_INCREMENT;

--
-- AUTO_INCREMENT for table `sms_services`
--
ALTER TABLE `sms_services`
  MODIFY `id` int(11) NOT NULL AUTO_INCREMENT;

--
-- AUTO_INCREMENT for table `sub_categories`
--
ALTER TABLE `sub_categories`
  MODIFY `id` bigint(20) UNSIGNED NOT NULL AUTO_INCREMENT;

--
-- AUTO_INCREMENT for table `sub_cities`
--
ALTER TABLE `sub_cities`
  MODIFY `id` bigint(20) UNSIGNED NOT NULL AUTO_INCREMENT, AUTO_INCREMENT=1013;

--
-- AUTO_INCREMENT for table `sub_sub_categories`
--
ALTER TABLE `sub_sub_categories`
  MODIFY `id` bigint(20) UNSIGNED NOT NULL AUTO_INCREMENT;

--
-- AUTO_INCREMENT for table `suppliers`
--
ALTER TABLE `suppliers`
  MODIFY `id` bigint(20) UNSIGNED NOT NULL AUTO_INCREMENT;

--
-- AUTO_INCREMENT for table `supplier_payments`
--
ALTER TABLE `supplier_payments`
  MODIFY `id` bigint(20) UNSIGNED NOT NULL AUTO_INCREMENT;

--
-- AUTO_INCREMENT for table `templates`
--
ALTER TABLE `templates`
  MODIFY `id` int(11) NOT NULL AUTO_INCREMENT, AUTO_INCREMENT=10;

--
-- AUTO_INCREMENT for table `users`
--
ALTER TABLE `users`
  MODIFY `id` int(11) NOT NULL AUTO_INCREMENT;

--
-- AUTO_INCREMENT for table `variants`
--
ALTER TABLE `variants`
  MODIFY `id` bigint(20) UNSIGNED NOT NULL AUTO_INCREMENT, AUTO_INCREMENT=47;

--
-- Constraints for dumped tables
--

--
-- Constraints for table `model_has_roles`
--
ALTER TABLE `model_has_roles`
  ADD CONSTRAINT `model_has_roles_role_id_foreign` FOREIGN KEY (`role_id`) REFERENCES `roles` (`id`) ON DELETE CASCADE;

--
-- Constraints for table `role_has_permissions`
--
ALTER TABLE `role_has_permissions`
  ADD CONSTRAINT `role_has_permissions_permission_id_foreign` FOREIGN KEY (`permission_id`) REFERENCES `permissions` (`id`) ON DELETE CASCADE,
  ADD CONSTRAINT `role_has_permissions_role_id_foreign` FOREIGN KEY (`role_id`) REFERENCES `roles` (`id`) ON DELETE CASCADE;
COMMIT;

